{"text_format":"1","workbook":"xlsx","n_sheets":79,"sheets":["Database Sheet","Data for Graphs","Panel and Silicon Graph","Long-term History Chart","Panel Graph","Price of Polysilicon Panels","Polysilicon History","Long-term History","Polysilicon Cost Curve","Cell vs Module vs Array","Panel only","VBA Code","pvinsights 05 02 15","pvinsights 29 05 15","pvinsights 15 06 15","pvinsights 25 09 15","pvinsights 13 11 15","pvinsights 09 04 16","pvinsights 31 07 16","pvinsights 01 08 16","pvinsights 02 10 16","pvinsights 08 01 17","pvinsights 26 02 17","pvinsights 06 04 17","pvinsights 01 06 17","pvinsights 26 08 17","pvinsights 16 09 17","pvinsights 30 10 17","pvinsights 20 11 17","pvinsights 01 02 18","pvinsights 14 02 18","pvinsights 09 04 18","pvinsights 05 06 18","pvinsights 09 07 18","pvinsights 31 08 18","pvinsights 21 09 18","pvinsights 31 10 18","pvinsights 02 12 18","pvinsights 02 01 19","pvinsights 29 01 19","pvinsights 05 03 19","pvinsights 07 05 19","pvinsights 19 05 19","pvinsights 27 06 19","pvinsights 12 08 19","pvinsights 07 09 19","pvinsights 24 11 19","pvinsights 13 12 19","pvinsights 22 12 19","pvinsights 08 02 20","pvinsights 25 04 20","pvinsights 25 05 20","pvinsights 26 06 20","pvinsights 28 07 20","pvinsights 16 08 20","pvinsights 19 09 20","pvinsights 06 10 20","pvinsights 30 11 20","pvinsights 11 01 21","pvinsights 22 01 21","pvinsights 21 02 21","pvinsights 21 03 21","pvinsights 04 05 21","pvinsights 28 06 21","pvinsights 12 07 21","pvinsights 18 07 21","pvinsights 09 08 21","pvinsights 24 09 21","pvinsights 05 11 21","pvinsights 12 12 21","pvinsights 18 01 22","pvinsights 23 02 22","pvinsights 13 03 22","pvinsights 13 04 22","pvinsights 08 05 22","pvinsights 06 06 22","pvinsights 26 06 22","pvinsights 24 08 22","pvinsights 17 09 22"],"not_rendered":{"charts":11,"images":9,"macros":1,"external_links":0,"defined_names":7,"comments":0,"pivot_tables":0},"unopened":[{"sheet":"Panel and Silicon Graph","index":2,"reason":"not_a_worksheet"},{"sheet":"Long-term History Chart","index":3,"reason":"not_a_worksheet"},{"sheet":"Panel Graph","index":4,"reason":"not_a_worksheet"},{"sheet":"Price of Polysilicon Panels","index":5,"reason":"not_a_worksheet"},{"sheet":"Long-term History","index":7,"reason":"not_a_worksheet"}],"bounds":{"document_bytes":16777216,"sheet_cells":100000,"rows_first":2000,"rows_last":500,"rows_between":2000,"halvings":0,"cell_chars":16384,"cell_head_chars":4096},"cells_cut":0,"cells_raw":0,"read":"whole","date_system":"1900"}

{"sheet":"Database Sheet","index":0,"n_rows":30,"n_cols":75,"rows_kept":30,"cut":false,"hidden":false,"merged":[]}
[null,null,null,"Note: You may need to change the column name for the Average and the Poly",null,null,null,null,null,null,null,{"$f":"COLUMN()","v":12},{"$f":"COLUMN()","v":13},{"$f":"COLUMN()","v":14},{"$f":"COLUMN()","v":15},{"$f":"COLUMN()","v":16},{"$f":"COLUMN()","v":17},{"$f":"COLUMN()","v":18},{"$f":"COLUMN()","v":19},{"$f":"COLUMN()","v":20},{"$f":"COLUMN()","v":21},{"$f":"COLUMN()","v":22},{"$f":"COLUMN()","v":23},{"$f":"COLUMN()","v":24},{"$f":"COLUMN()","v":25},{"$f":"COLUMN()","v":26},{"$f":"COLUMN()","v":27},{"$f":"COLUMN()","v":28},{"$f":"COLUMN()","v":29},{"$f":"COLUMN()","v":30},{"$f":"COLUMN()","v":31},{"$f":"COLUMN()","v":32},{"$f":"COLUMN()","v":33},{"$f":"COLUMN()","v":34},{"$f":"COLUMN()","v":35},{"$f":"COLUMN()","v":36},{"$f":"COLUMN()","v":37},{"$f":"COLUMN()","v":38},{"$f":"COLUMN()","v":39},{"$f":"COLUMN()","v":40},{"$f":"COLUMN()","v":41},{"$f":"COLUMN()","v":42},{"$f":"COLUMN()","v":43},{"$f":"COLUMN()","v":44},{"$f":"COLUMN()","v":45},{"$f":"COLUMN()","v":46},{"$f":"COLUMN()","v":47},{"$f":"COLUMN()","v":48},{"$f":"COLUMN()","v":49},{"$f":"COLUMN()","v":50},{"$f":"COLUMN()","v":51},{"$f":"COLUMN()","v":52},{"$f":"COLUMN()","v":53},{"$f":"COLUMN()","v":54},{"$f":"COLUMN()","v":55},{"$f":"COLUMN()","v":56},{"$f":"COLUMN()","v":57},{"$f":"COLUMN()","v":58},{"$f":"COLUMN()","v":59},{"$f":"COLUMN()","v":60},{"$f":"COLUMN()","v":61},{"$f":"COLUMN()","v":62},{"$f":"COLUMN()","v":63},{"$f":"COLUMN()","v":64},{"$f":"COLUMN()","v":65},{"$f":"COLUMN()","v":66},{"$f":"COLUMN()","v":67},{"$f":"COLUMN()","v":68},{"$f":"COLUMN()","v":69},{"$f":"COLUMN()","v":70},{"$f":"COLUMN()","v":71},{"$f":"COLUMN()","v":72},{"$f":"COLUMN()","v":73},{"$f":"COLUMN()","v":74},{"$f":"COLUMN()","v":75}]
[null,null,null,"Also, be careful with the names",null,null,null,null,null,null,"Uses Function sheet_name1"]
[null,null,"http://pvinsights.com/",null,null,null,null,null,null,null,null,null,null,null,null,null,null,null,null,null,null,null,null,null,null,null,null,null,null,null,null,null,null,null,null,null,null,null,null,null,null,null,null,null,null,null,null,null,null,null,null,null,null,null,null,null,null,null,null,null,null,null,null,null,null,null,null,null,null,null,null,{"$f":"BT7=sheets_function1","v":false},{"$f":"BU7=sheets_function1","v":false},{"$f":"BV7=sheets_function1","v":true},{"$f":"BW7=sheets_function1","v":false}]
[null,null,{"$f":"sheet_name1('pvinsights 05 02 15'!A33:E33)","v":"pvinsights 05 02 15"}]
[null,null,null,null,null,null,null,null,null,null,"Name to Lookup in Sheet",{"$f":"'pvinsights 05 02 15'!I39","v":"Average "},{"$f":"L5","v":"Average "},{"$f":"M5","v":"Average "},"Average ","Average ","Average ","Average ","Average ","Average ","Average ","Average ","Average ","Average ","Average ","Average ","Average ","Average ","Average ","Average ","Average ","Average ","Average ","Average ","Average ","Average ","Average ","Average ","Average ","Average ","Average ","Average ","Average ","Average ","Average ","Average ","Average ","Average ","Average ","Average ","Average ","Average ","Average ","Average ","Average ","Average ","Average ","Average","Average ","Average ","Average ","Average ","Average ","Average ","Average ","Average ","Average ","Average ","Average ","Average ","Average ","Average ","Average ","Average ","Average "]
[null,null,null,null,null,null,null,null,null,null,null,{"$f":"MID(L9,16,2)&\" \"&RIGHT(L7,2)","v":"02 15"},{"$f":"MID(M9,16,2)&\" \"&RIGHT(M7,2)","v":"05 15"},"06 15","05 15","11 15","07 16","10 16","01 17",{"$f":"MID(T9,16,2)&\" \"&RIGHT(T7,2)","v":"02 17"},"04 17",{"$f":"MID(V9,16,2)&\" \"&RIGHT(V7,2)","v":"06 17"},"08 17",{"$f":"MID(X9,16,2)&\" \"&RIGHT(X7,2)","v":"09 17"},"10 17",{"$f":"MID(Z9,16,2)&\" \"&RIGHT(Z7,2)","v":"11 17"},{"$f":"MID(AA9,16,2)&\" \"&RIGHT(AA7,2)","v":"02 18"},"04 18","06 18","07 18","08 18","09 18","10 18",{"$f":"MID(AH9,16,2)&\" \"&RIGHT(AH7,2)","v":"12 18"},"01 19",{"$f":"MID(AJ9,16,2)&\" \"&RIGHT(AJ7,2)","v":"01 19"},"03 19",{"$f":"MID(AL9,16,2)&\" \"&RIGHT(AL7,2)","v":"05 19"},"05 19",{"$f":"MID(AN9,16,2)&\" \"&RIGHT(AN7,2)","v":"06 19"},"08 19",{"$f":"MID(AP9,16,2)&\" \"&RIGHT(AP7,2)","v":"09 19"},"11 19",{"$f":"MID(AR9,16,2)&\" \"&RIGHT(AR7,2)","v":"12 19"},"12 19",{"$f":"MID(AT9,16,2)&\" \"&RIGHT(AT7,2)","v":"02 20"},"04 20",{"$f":"MID(AV9,16,2)&\" \"&RIGHT(AV7,2)","v":"05 20"},"06 20",{"$f":"MID(AX9,16,2)&\" \"&RIGHT(AX7,2)","v":"07 20"},"08 20",{"$f":"MID(AZ9,16,2)&\" \"&RIGHT(AZ7,2)","v":"09 20"},{"$f":"MID(BA9,16,2)&\" \"&RIGHT(BA7,2)","v":"10 20"},"11 20",{"$f":"MID(BC9,16,2)&\" \"&RIGHT(BC7,2)","v":"01 21"},"01 21",{"$f":"MID(BE9,16,2)&\" \"&RIGHT(BE7,2)","v":"02 21"},"03 21",{"$f":"MID(BG9,16,2)&\" \"&RIGHT(BG7,2)","v":"05 21"},"06 21",{"$f":"MID(BI9,16,2)&\" \"&RIGHT(BI7,2)","v":"07 21"},{"$f":"MID(BJ9,16,2)&\" \"&RIGHT(BJ7,2)","v":"07 21"},"08 21",{"$f":"MID(BL9,16,2)&\" \"&RIGHT(BL7,2)","v":"09 21"},"11 21",{"$f":"MID(BN9,16,2)&\" \"&RIGHT(BN7,2)","v":"12 21"},"01 22",{"$f":"MID(BP9,16,2)&\" \"&RIGHT(BP7,2)","v":"02 22"},"03 22",{"$f":"MID(BR9,16,2)&\" \"&RIGHT(BR7,2)","v":"04 22"},"05 22",{"$f":"MID(BT9,16,2)&\" \"&RIGHT(BT7,2)","v":"06 22"},"06 22",{"$f":"MID(BV9,16,2)&\" \"&RIGHT(BV7,2)","v":"08 22"},"09 22"]
[null,null,"Number Sheets function",{"$f":"num_sheets()","v":79},null,null,"File Row",{"$f":"ROW()","v":7},null,null,"Fixed Sheet Name","pvinsights 05 02 15","pvinsights 29 05 15","pvinsights 15 06 15","pvinsights 29 05 15","pvinsights 13 11 15","pvinsights 31 07 16","pvinsights 02 10 16","pvinsights 08 01 17","pvinsights 26 02 17","pvinsights 06 04 17","pvinsights 01 06 17","pvinsights 26 08 17","pvinsights 16 09 17","pvinsights 30 10 17","pvinsights 20 11 17","pvinsights 01 02 18","pvinsights 09 04 18","pvinsights 05 06 18","pvinsights 09 07 18","pvinsights 31 08 18","pvinsights 21 09 18","pvinsights 31 10 18","pvinsights 02 12 18","pvinsights 02 01 19","pvinsights 29 01 19","pvinsights 05 03 19","pvinsights 07 05 19","pvinsights 19 05 19","pvinsights 27 06 19","pvinsights 12 08 19","pvinsights 07 09 19","pvinsights 24 11 19","pvinsights 13 12 19","pvinsights 22 12 19","pvinsights 08 02 20","pvinsights 25 04 20","pvinsights 25 05 20","pvinsights 26 06 20","pvinsights 28 07 20","pvinsights 16 08 20","pvinsights 19 09 20","pvinsights 06 10 20","pvinsights 30 11 20","pvinsights 11 01 21","pvinsights 22 01 21","pvinsights 21 02 21","pvinsights 21 03 21","pvinsights 04 05 21","pvinsights 28 06 21","pvinsights 12 07 21","pvinsights 18 07 21","pvinsights 09 08 21","pvinsights 24 09 21","pvinsights 05 11 21","pvinsights 12 12 21","pvinsights 18 01 22","pvinsights 23 02 22","pvinsights 13 03 22","pvinsights 13 04 22","pvinsights 08 05 22","pvinsights 06 06 22","pvinsights 26 06 22","pvinsights 24 08 22","pvinsights 17 09 22"]
[null,null,"Last Sheet Name function",{"$f":"sheet_name_num(D7-1)","v":"pvinsights 24 08 22"},"Col",{"$f":"MATCH(D8,7:7,0)","v":74},null,null,null,null,"Column of Average in Detail Sheet","I","I","I","I","I","I","I","I","I","I","I","I","I","I","I","I","I","I","I","I","I","I","I","I","I","I","I","I","I","I","I","I","I","I","I","I","I","I","I","I","I","I","I","I","I","G","G","G","G","G","G","G","G","G","G","G","G","G","G","G","G","G","G","G"]
[null,null,"Current Last Sheet",{"$f":"sheet_name_num(D7)","v":"pvinsights 17 09 22"},null,null,null,null,null,null,"Indirect Key for Polysilicon",{"$f":"\"'\"&L$7&\"'!\"&L8&\":\"&L8","v":"'pvinsights 05 02 15'!I:I"},{"$f":"\"'\"&M7&\"'!\"&M8&\":\"&M8","v":"'pvinsights 29 05 15'!I:I"},"'pvinsights 15 06 15'!I:I",{"$f":"\"'\"&O7&\"'!\"&O8&\":\"&O8","v":"'pvinsights 29 05 15'!I:I"},"'pvinsights 13 11 15'!I:I","'pvinsights 31 07 16'!I:I","'pvinsights 02 10 16'!I:I","'pvinsights 08 01 17'!I:I","'pvinsights 26 02 17'!I:I",{"$f":"\"'\"&U7&\"'!\"&U8&\":\"&U8","v":"'pvinsights 06 04 17'!I:I"},"'pvinsights 01 06 17'!I:I","'pvinsights 26 08 17'!I:I","'pvinsights 16 09 17'!I:I","'pvinsights 30 10 17'!I:I","'pvinsights 20 11 17'!I:I","'pvinsights 01 02 18'!I:I",{"$f":"\"'\"&AB7&\"'!\"&AB8&\":\"&AB8","v":"'pvinsights 09 04 18'!I:I"},"'pvinsights 05 06 18'!I:I","'pvinsights 09 07 18'!I:I","'pvinsights 31 08 18'!I:I","'pvinsights 21 09 18'!I:I","'pvinsights 31 10 18'!I:I","'pvinsights 02 12 18'!I:I",{"$f":"\"'\"&AI7&\"'!\"&AI8&\":\"&AI8","v":"'pvinsights 02 01 19'!I:I"},"'pvinsights 29 01 19'!I:I",{"$f":"\"'\"&AK7&\"'!\"&AK8&\":\"&AK8","v":"'pvinsights 05 03 19'!I:I"},"'pvinsights 07 05 19'!I:I",{"$f":"\"'\"&AM7&\"'!\"&AM8&\":\"&AM8","v":"'pvinsights 19 05 19'!I:I"},"'pvinsights 27 06 19'!I:I",{"$f":"\"'\"&AO7&\"'!\"&AO8&\":\"&AO8","v":"'pvinsights 12 08 19'!I:I"},"'pvinsights 07 09 19'!I:I",{"$f":"\"'\"&AQ7&\"'!\"&AQ8&\":\"&AQ8","v":"'pvinsights 24 11 19'!I:I"},{"$f":"\"'\"&AR7&\"'!\"&AR8&\":\"&AR8","v":"'pvinsights 13 12 19'!I:I"},"'pvinsights 22 12 19'!I:I",{"$f":"\"'\"&AT7&\"'!\"&AT8&\":\"&AT8","v":"'pvinsights 08 02 20'!I:I"},"'pvinsights 25 04 20'!I:I",{"$f":"\"'\"&AV7&\"'!\"&AV8&\":\"&AV8","v":"'pvinsights 25 05 20'!I:I"},"'pvinsights 26 06 20'!I:I",{"$f":"\"'\"&AX7&\"'!\"&AX8&\":\"&AX8","v":"'pvinsights 28 07 20'!I:I"},"'pvinsights 16 08 20'!I:I",{"$f":"\"'\"&AZ7&\"'!\"&AZ8&\":\"&AZ8","v":"'pvinsights 19 09 20'!I:I"},{"$f":"\"'\"&BA7&\"'!\"&BA8&\":\"&BA8","v":"'pvinsights 06 10 20'!I:I"},"'pvinsights 30 11 20'!I:I",{"$f":"\"'\"&BC7&\"'!\"&BC8&\":\"&BC8","v":"'pvinsights 11 01 21'!I:I"},"'pvinsights 22 01 21'!I:I",{"$f":"\"'\"&BE7&\"'!\"&BE8&\":\"&BE8","v":"'pvinsights 21 02 21'!G:G"},"'pvinsights 21 03 21'!G:G",{"$f":"\"'\"&BG7&\"'!\"&BG8&\":\"&BG8","v":"'pvinsights 04 05 21'!G:G"},"'pvinsights 28 06 21'!G:G",{"$f":"\"'\"&BI7&\"'!\"&BI8&\":\"&BI8","v":"'pvinsights 12 07 21'!G:G"},{"$f":"\"'\"&BJ7&\"'!\"&BJ8&\":\"&BJ8","v":"'pvinsights 18 07 21'!G:G"},"'pvinsights 09 08 21'!G:G",{"$f":"\"'\"&BL7&\"'!\"&BL8&\":\"&BL8","v":"'pvinsights 24 09 21'!G:G"},"'pvinsights 05 11 21'!G:G",{"$f":"\"'\"&BN7&\"'!\"&BN8&\":\"&BN8","v":"'pvinsights 12 12 21'!G:G"},"'pvinsights 18 01 22'!G:G",{"$f":"\"'\"&BP7&\"'!\"&BP8&\":\"&BP8","v":"'pvinsights 23 02 22'!G:G"},"'pvinsights 13 03 22'!G:G",{"$f":"\"'\"&BR7&\"'!\"&BR8&\":\"&BR8","v":"'pvinsights 13 04 22'!G:G"},"'pvinsights 08 05 22'!G:G",{"$f":"\"'\"&BT7&\"'!\"&BT8&\":\"&BT8","v":"'pvinsights 06 06 22'!G:G"},"'pvinsights 26 06 22'!G:G",{"$f":"\"'\"&BV7&\"'!\"&BV8&\":\"&BV8","v":"'pvinsights 24 08 22'!G:G"},"'pvinsights 17 09 22'!G:G"]
[null,null,null,null,"Row",null,"High","Low","Average",null,null,null,null,null,null,null,null,null,null,null,null,null,null,null,null,null,null,null,null,null,null,null,null,null,null,null,null,null,null,null,null,null,null,null,null,null,null,null,null,null,null,null,null,null,null,null,null,"Match of Average","Match of Average","Match of Average","Match of Average","Match of Average","Match of Average","Match of Average","Match of Average","Match of Average","Match of Average","Match of Average","Match of Average","Match of Average","Match of Average","Match of Average","Match of Average","Match of Average","Match of Average"]
[null,null,"Poly Silicon Solar Module ",{"$f":"R7","v":"pvinsights 02 10 16"},{"$f":"match_partial(C11,\"F\",10,D11,50)","v":41},null,{"$f":"INDEX(INDIRECT(\"'\"&$D11&\"'!G:G\"),'Database Sheet'!$E$11)","v":0.53},{"$f":"INDEX(INDIRECT(\"'\"&$D11&\"'!H:H\"),'Database Sheet'!$E$11)","v":0.34},{"$f":"INDEX(INDIRECT(\"'\"&$D11&\"'!I:I\"),'Database Sheet'!$E$11)","v":0.40200000000000002},null,"PV Grade Silicon Price",{"$f":"INDEX(INDIRECT(L9),MATCH(L5,INDIRECT(L9),0)+1)","v":19.079999999999998},{"$f":"INDEX(INDIRECT(M9),MATCH(M5,INDIRECT(M9),0)+1)","v":15.79},15.58,15.79,14.1,15.9,{"$f":"INDEX(INDIRECT(R9),MATCH(R5,INDIRECT(R9),0)+1)","v":12.65},15.37,{"$f":"INDEX(INDIRECT(T9),MATCH(T5,INDIRECT(T9),0)+1)","v":16.22},{"$f":"INDEX(INDIRECT(U9),MATCH(U5,INDIRECT(U9),0)+1)","v":14.21},13.85,15.55,16.71,16.68,16.66,{"$f":"INDEX(INDIRECT(AA9),MATCH(AA5,INDIRECT(AA9),0)+1)","v":17.440000000000001},15.41,{"$f":"INDEX(INDIRECT(AC9),MATCH(AC5,INDIRECT(AC9),0)+1)","v":14.65},11.16,{"$f":"INDEX(INDIRECT(AE9),MATCH(AE5,INDIRECT(AE9),0)+1)","v":11.26},10.68,{"$f":"INDEX(INDIRECT(AG9),MATCH(AG5,INDIRECT(AG9),0)+1)","v":9.75},9.5299999999999994,{"$f":"INDEX(INDIRECT(AI9),MATCH(AI5,INDIRECT(AI9),0)+1)","v":9.26},8.9,{"$f":"INDEX(INDIRECT(AK9),MATCH(AK5,INDIRECT(AK9),0)+1)","v":9.0399999999999991},8.42,{"$f":"INDEX(INDIRECT(AM9),MATCH(AM5,INDIRECT(AM9),0)+1)","v":8.34},8.14,{"$f":"INDEX(INDIRECT(AO9),MATCH(AO5,INDIRECT(AO9),0)+1)","v":7.92},7.66,{"$f":"INDEX(INDIRECT(AQ9),MATCH(AQ5,INDIRECT(AQ9),0)+1)","v":7.5},{"$f":"INDEX(INDIRECT(AR9),MATCH(AR5,INDIRECT(AR9),0)+1)","v":7.41},7.28,{"$f":"INDEX(INDIRECT(AT9),MATCH(AT5,INDIRECT(AT9),0)+1)","v":7.1},6.43,{"$f":"INDEX(INDIRECT(AV9),MATCH(AV5,INDIRECT(AV9),0)+1)","v":6.28},6.19,{"$f":"INDEX(INDIRECT(AX9),MATCH(AX5,INDIRECT(AX9),0)+1)","v":8.2100000000000009},10.68,{"$f":"INDEX(INDIRECT(AZ9),MATCH(AZ5,INDIRECT(AZ9),0)+1)","v":10.84},{"$f":"INDEX(INDIRECT(BA9),MATCH(BA5,INDIRECT(BA9),0)+1)","v":10.64},9.9499999999999993,{"$f":"INDEX(INDIRECT(BC9),MATCH(BC5,INDIRECT(BC9),0)+1)","v":10.79},11.09,{"$f":"INDEX(INDIRECT(BE9),MATCH(BE5,INDIRECT(BE9),0)+1)","v":12.06},15.63,20.02,27.63,27.35,{"$f":"INDEX(INDIRECT(BJ9),MATCH(BJ5,INDIRECT(BJ9),0)+1)","v":27.11},26.95,{"$f":"INDEX(INDIRECT(BL9),MATCH(BL5,INDIRECT(BL9),0)+1)","v":28.79},35.81,{"$f":"INDEX(INDIRECT(BN9),MATCH(BN5,INDIRECT(BN9),0)+1)","v":31.65},30.56,{"$f":"INDEX(INDIRECT(BP9),MATCH(BP5,INDIRECT(BP9),0)+1)","v":33.049999999999997},33.07,{"$f":"INDEX(INDIRECT(BR9),MATCH(BR5,INDIRECT(BR9),0)+1)","v":32.869999999999997},32.119999999999997,{"$f":"INDEX(INDIRECT(BT9),MATCH(BT5,INDIRECT(BT9),0)+1)","v":32.28},33.15,{"$f":"INDEX(INDIRECT(BV9),MATCH(BV5,INDIRECT(BV9),0)+1)","v":38.130000000000003},37.07]
[null,null,"ThinFilm Solar Module ",{"$f":"D11","v":"pvinsights 02 10 16"},{"$f":"match_partial(C12,\"F\",10,D12,50)","v":42},null,{"$f":"INDEX(INDIRECT(\"'\"&$D12&\"'!G:G\"),'Database Sheet'!$E$12)","v":0.54},{"$f":"INDEX(INDIRECT(\"'\"&$D12&\"'!H:H\"),'Database Sheet'!$E$12)","v":0.34},{"$f":"INDEX(INDIRECT(\"'\"&$D12&\"'!I:I\"),'Database Sheet'!$E$12)","v":0.42}]
[null,null,null,null,null,null,null,null,null,null,"Match Key for Silicon","Poly Silicon Solar Module ","Poly Silicon Solar Module ","Poly Silicon Solar Module ","Poly Silicon Solar Module ","Poly Silicon Solar Module ","Poly Silicon Solar Module ","Poly Silicon Solar Module ","Poly Silicon Solar Module ","Poly Silicon Solar Module ","Poly Silicon Solar Module ","Poly Silicon Solar Module ","Poly Silicon Solar Module ","Poly Silicon Solar Module ","Poly Silicon Solar Module ","Poly Silicon Solar Module ","Poly Silicon Solar Module ","Poly Silicon Solar Module ","Poly Silicon Solar Module ","Poly Silicon Solar Module ","Poly Module in China ","Poly Module in China ","Poly Module in China ","Poly Module in China ","Poly Module in China ","Poly Module in China ","Poly Module in China ","Poly Module in China ","Poly Module in China ","Poly Module in China ","Poly Module in China ","Poly Module in China ","Poly Module in China ","Poly Module in China ","Poly Module in China ","Poly Module in China ","Poly Module in China ","Poly Module in China ","Poly Module in China ","Poly Module in China ","Poly Module in China ","Poly Module in China ","Poly Module in China ","Poly Module in China ","Poly Module in China ","Poly Module in China ","Poly Module in China ","Poly Module in China","Poly Module in China ","Poly Module in China ","Poly Module in China ","Poly Module in China ","Poly Module in China ","Poly Module in China ","Poly Module in China ","Poly Module in China ","Poly Module in China ","Poly Module in China ","Poly Module in China ","Poly Module in China ","Poly Module in China ","Poly Module in China ","Poly Module in China ","Poly Module in China ","Poly Module in China "]
[null,null,null,null,null,null,null,null,null,null,"Column","F","F","F","F","F","F","F","F","F","F","F","F","F","F","F","F","F","F","F","F","F","F","F","F","F","F","F","F","F","F","F","F","F","F","F","F","F","F","F","F","F","F","F","F","F","D","D","D","D","D","D","D","D","D","D","D","D","D","D","D","D","D","D","D"]
[null,null,null,null,null,null,null,null,null,null,"Indirect Key",{"$f":"\"'\"&L$7&\"'!\"&L14&\":\"&L14","v":"'pvinsights 05 02 15'!F:F"},{"$f":"\"'\"&M$7&\"'!\"&M14&\":\"&M14","v":"'pvinsights 29 05 15'!F:F"},"'pvinsights 15 06 15'!F:F","'pvinsights 29 05 15'!F:F","'pvinsights 13 11 15'!F:F","'pvinsights 31 07 16'!F:F",{"$f":"\"'\"&R$7&\"'!\"&R14&\":\"&R14","v":"'pvinsights 02 10 16'!F:F"},"'pvinsights 08 01 17'!F:F",{"$f":"\"'\"&T$7&\"'!\"&T14&\":\"&T14","v":"'pvinsights 26 02 17'!F:F"},{"$f":"\"'\"&U$7&\"'!\"&U14&\":\"&U14","v":"'pvinsights 06 04 17'!F:F"},"'pvinsights 01 06 17'!F:F","'pvinsights 26 08 17'!F:F","'pvinsights 16 09 17'!F:F","'pvinsights 30 10 17'!F:F","'pvinsights 20 11 17'!F:F","'pvinsights 01 02 18'!F:F",{"$f":"\"'\"&AB$7&\"'!\"&AB14&\":\"&AB14","v":"'pvinsights 09 04 18'!F:F"},"'pvinsights 05 06 18'!F:F",{"$f":"\"'\"&AD$7&\"'!\"&AD14&\":\"&AD14","v":"'pvinsights 09 07 18'!F:F"},{"$f":"\"'\"&AE$7&\"'!\"&AE14&\":\"&AE14","v":"'pvinsights 31 08 18'!F:F"},"'pvinsights 21 09 18'!F:F",{"$f":"\"'\"&AG$7&\"'!\"&AG14&\":\"&AG14","v":"'pvinsights 31 10 18'!F:F"},"'pvinsights 02 12 18'!F:F",{"$f":"\"'\"&AI$7&\"'!\"&AI14&\":\"&AI14","v":"'pvinsights 02 01 19'!F:F"},"'pvinsights 29 01 19'!F:F",{"$f":"\"'\"&AK$7&\"'!\"&AK14&\":\"&AK14","v":"'pvinsights 05 03 19'!F:F"},"'pvinsights 07 05 19'!F:F",{"$f":"\"'\"&AM$7&\"'!\"&AM14&\":\"&AM14","v":"'pvinsights 19 05 19'!F:F"},"'pvinsights 27 06 19'!F:F",{"$f":"\"'\"&AO$7&\"'!\"&AO14&\":\"&AO14","v":"'pvinsights 12 08 19'!F:F"},"'pvinsights 07 09 19'!F:F",{"$f":"\"'\"&AQ$7&\"'!\"&AQ14&\":\"&AQ14","v":"'pvinsights 24 11 19'!F:F"},{"$f":"\"'\"&AR$7&\"'!\"&AR14&\":\"&AR14","v":"'pvinsights 13 12 19'!F:F"},"'pvinsights 22 12 19'!F:F",{"$f":"\"'\"&AT$7&\"'!\"&AT14&\":\"&AT14","v":"'pvinsights 08 02 20'!F:F"},"'pvinsights 25 04 20'!F:F",{"$f":"\"'\"&AV$7&\"'!\"&AV14&\":\"&AV14","v":"'pvinsights 25 05 20'!F:F"},"'pvinsights 26 06 20'!F:F",{"$f":"\"'\"&AX$7&\"'!\"&AX14&\":\"&AX14","v":"'pvinsights 28 07 20'!F:F"},"'pvinsights 16 08 20'!F:F",{"$f":"\"'\"&AZ$7&\"'!\"&AZ14&\":\"&AZ14","v":"'pvinsights 19 09 20'!F:F"},{"$f":"\"'\"&BA$7&\"'!\"&BA14&\":\"&BA14","v":"'pvinsights 06 10 20'!F:F"},"'pvinsights 30 11 20'!F:F",{"$f":"\"'\"&BC$7&\"'!\"&BC14&\":\"&BC14","v":"'pvinsights 11 01 21'!F:F"},"'pvinsights 22 01 21'!F:F",{"$f":"\"'\"&BE$7&\"'!\"&BE14&\":\"&BE14","v":"'pvinsights 21 02 21'!D:D"},"'pvinsights 21 03 21'!D:D",{"$f":"\"'\"&BG$7&\"'!\"&BG14&\":\"&BG14","v":"'pvinsights 04 05 21'!D:D"},"'pvinsights 28 06 21'!D:D",{"$f":"\"'\"&BI$7&\"'!\"&BI14&\":\"&BI14","v":"'pvinsights 12 07 21'!D:D"},{"$f":"\"'\"&BJ$7&\"'!\"&BJ14&\":\"&BJ14","v":"'pvinsights 18 07 21'!D:D"},"'pvinsights 09 08 21'!D:D",{"$f":"\"'\"&BL$7&\"'!\"&BL14&\":\"&BL14","v":"'pvinsights 24 09 21'!D:D"},"'pvinsights 05 11 21'!D:D",{"$f":"\"'\"&BN$7&\"'!\"&BN14&\":\"&BN14","v":"'pvinsights 12 12 21'!D:D"},"'pvinsights 18 01 22'!D:D",{"$f":"\"'\"&BP$7&\"'!\"&BP14&\":\"&BP14","v":"'pvinsights 23 02 22'!D:D"},"'pvinsights 13 03 22'!D:D",{"$f":"\"'\"&BR$7&\"'!\"&BR14&\":\"&BR14","v":"'pvinsights 13 04 22'!D:D"},"'pvinsights 08 05 22'!D:D",{"$f":"\"'\"&BT$7&\"'!\"&BT14&\":\"&BT14","v":"'pvinsights 06 06 22'!D:D"},"'pvinsights 26 06 22'!D:D",{"$f":"\"'\"&BV$7&\"'!\"&BV14&\":\"&BV14","v":"'pvinsights 24 08 22'!D:D"},"'pvinsights 17 09 22'!D:D"]
[null,null,"Polysilicon Column","USD/kg",null,null,{"$f":"MATCH(D11,7:7,0)","v":18},{"$f":"G16","v":18},null,null,"Row",{"$f":"MATCH(L13,INDIRECT(L15),0)","v":40},{"$f":"MATCH(M13,INDIRECT(M15),0)","v":40},40,40,40,41,{"$f":"MATCH(R13,INDIRECT(R15),0)","v":41},41,{"$f":"MATCH(T13,INDIRECT(T15),0)","v":42},{"$f":"MATCH(U13,INDIRECT(U15),0)","v":42},42,47,47,47,47,48,{"$f":"MATCH(AB13,INDIRECT(AB15),0)","v":48},44,{"$f":"MATCH(AD13,INDIRECT(AD15),0)","v":44},{"$f":"MATCH(AE13,INDIRECT(AE15),0)","v":45},43,43,43,43,43,{"$f":"MATCH(AK13,INDIRECT(AK15),0)","v":43},41,{"$f":"MATCH(AM13,INDIRECT(AM15),0)","v":41},40,{"$f":"MATCH(AO13,INDIRECT(AO15),0)","v":40},40,{"$f":"MATCH(AQ13,INDIRECT(AQ15),0)","v":40},{"$f":"MATCH(AR13,INDIRECT(AR15),0)","v":40},40,{"$f":"MATCH(AT13,INDIRECT(AT15),0)","v":42},43,{"$f":"MATCH(AV13,INDIRECT(AV15),0)","v":43},43,{"$f":"MATCH(AX13,INDIRECT(AX15),0)","v":43},43,{"$f":"MATCH(AZ13,INDIRECT(AZ15),0)","v":43},{"$f":"MATCH(BA13,INDIRECT(BA15),0)","v":43},43,{"$f":"MATCH(BC13,INDIRECT(BC15),0)","v":46},46,{"$f":"MATCH(BE13,INDIRECT(BE15),0)","v":46},46,{"$f":"MATCH(BG13,INDIRECT(BG15),0)","v":46},46,{"$f":"MATCH(BI13,INDIRECT(BI15),0)","v":46},{"$f":"MATCH(BJ13,INDIRECT(BJ15),0)","v":46},46,{"$f":"MATCH(BL13,INDIRECT(BL15),0)","v":45},45,{"$f":"MATCH(BN13,INDIRECT(BN15),0)","v":43},43,{"$f":"MATCH(BP13,INDIRECT(BP15),0)","v":43},43,{"$f":"MATCH(BR13,INDIRECT(BR15),0)","v":43},43,{"$f":"MATCH(BT13,INDIRECT(BT15),0)","v":43},43,{"$f":"MATCH(BV13,INDIRECT(BV15),0)","v":45},45]
[null,null,"Conversion","kg/lb",2.6792090000000002,{"$f":"1/E17","v":0.37324449119124337},"USD/kg","USD/lb",null,null,"Price Col","I","I","I","I","I","I","I","I","I","I","I","I","I","I","I","I","I","I","I","I","I","I","I","I","I","I","I","I","I","I","I","I","I","I","I","I","I","I","I","I","I","I","I","I","I","G","G","G","G","G","G","G","G","G","G","G","G","G","G","G","G","G","G","G"]
[null,null,"Price in USD/lb",null,null,null,{"$f":"INDEX(11:11,G16)","v":12.65},{"$f":"G18/E17","v":4.7215428135692283},null,null,"Indirect Key for Index",{"$f":"\"'\"&L$7&\"'!\"&L17&\":\"&L17","v":"'pvinsights 05 02 15'!I:I"},{"$f":"\"'\"&M$7&\"'!\"&M17&\":\"&M17","v":"'pvinsights 29 05 15'!I:I"},"'pvinsights 15 06 15'!I:I","'pvinsights 29 05 15'!I:I","'pvinsights 13 11 15'!I:I","'pvinsights 31 07 16'!I:I",{"$f":"\"'\"&R$7&\"'!\"&R17&\":\"&R17","v":"'pvinsights 02 10 16'!I:I"},"'pvinsights 08 01 17'!I:I",{"$f":"\"'\"&T$7&\"'!\"&T17&\":\"&T17","v":"'pvinsights 26 02 17'!I:I"},"'pvinsights 06 04 17'!I:I",{"$f":"\"'\"&V$7&\"'!\"&V17&\":\"&V17","v":"'pvinsights 01 06 17'!I:I"},"'pvinsights 26 08 17'!I:I",{"$f":"\"'\"&X$7&\"'!\"&X17&\":\"&X17","v":"'pvinsights 16 09 17'!I:I"},"'pvinsights 30 10 17'!I:I",{"$f":"\"'\"&Z$7&\"'!\"&Z17&\":\"&Z17","v":"'pvinsights 20 11 17'!I:I"},"'pvinsights 01 02 18'!I:I",{"$f":"\"'\"&AB$7&\"'!\"&AB17&\":\"&AB17","v":"'pvinsights 09 04 18'!I:I"},"'pvinsights 05 06 18'!I:I",{"$f":"\"'\"&AD$7&\"'!\"&AD17&\":\"&AD17","v":"'pvinsights 09 07 18'!I:I"},{"$f":"\"'\"&AE$7&\"'!\"&AE17&\":\"&AE17","v":"'pvinsights 31 08 18'!I:I"},"'pvinsights 21 09 18'!I:I",{"$f":"\"'\"&AG$7&\"'!\"&AG17&\":\"&AG17","v":"'pvinsights 31 10 18'!I:I"},"'pvinsights 02 12 18'!I:I",{"$f":"\"'\"&AI$7&\"'!\"&AI17&\":\"&AI17","v":"'pvinsights 02 01 19'!I:I"},"'pvinsights 29 01 19'!I:I",{"$f":"\"'\"&AK$7&\"'!\"&AK17&\":\"&AK17","v":"'pvinsights 05 03 19'!I:I"},"'pvinsights 07 05 19'!I:I",{"$f":"\"'\"&AM$7&\"'!\"&AM17&\":\"&AM17","v":"'pvinsights 19 05 19'!I:I"},"'pvinsights 27 06 19'!I:I",{"$f":"\"'\"&AO$7&\"'!\"&AO17&\":\"&AO17","v":"'pvinsights 12 08 19'!I:I"},"'pvinsights 07 09 19'!I:I",{"$f":"\"'\"&AQ$7&\"'!\"&AQ17&\":\"&AQ17","v":"'pvinsights 24 11 19'!I:I"},{"$f":"\"'\"&AR$7&\"'!\"&AR17&\":\"&AR17","v":"'pvinsights 13 12 19'!I:I"},"'pvinsights 22 12 19'!I:I",{"$f":"\"'\"&AT$7&\"'!\"&AT17&\":\"&AT17","v":"'pvinsights 08 02 20'!I:I"},"'pvinsights 25 04 20'!I:I",{"$f":"\"'\"&AV$7&\"'!\"&AV17&\":\"&AV17","v":"'pvinsights 25 05 20'!I:I"},"'pvinsights 26 06 20'!I:I",{"$f":"\"'\"&AX$7&\"'!\"&AX17&\":\"&AX17","v":"'pvinsights 28 07 20'!I:I"},"'pvinsights 16 08 20'!I:I",{"$f":"\"'\"&AZ$7&\"'!\"&AZ17&\":\"&AZ17","v":"'pvinsights 19 09 20'!I:I"},{"$f":"\"'\"&BA$7&\"'!\"&BA17&\":\"&BA17","v":"'pvinsights 06 10 20'!I:I"},"'pvinsights 30 11 20'!I:I",{"$f":"\"'\"&BC$7&\"'!\"&BC17&\":\"&BC17","v":"'pvinsights 11 01 21'!I:I"},"'pvinsights 22 01 21'!I:I",{"$f":"\"'\"&BE$7&\"'!\"&BE17&\":\"&BE17","v":"'pvinsights 21 02 21'!G:G"},"'pvinsights 21 03 21'!G:G",{"$f":"\"'\"&BG$7&\"'!\"&BG17&\":\"&BG17","v":"'pvinsights 04 05 21'!G:G"},"'pvinsights 28 06 21'!G:G",{"$f":"\"'\"&BI$7&\"'!\"&BI17&\":\"&BI17","v":"'pvinsights 12 07 21'!G:G"},{"$f":"\"'\"&BJ$7&\"'!\"&BJ17&\":\"&BJ17","v":"'pvinsights 18 07 21'!G:G"},"'pvinsights 09 08 21'!G:G",{"$f":"\"'\"&BL$7&\"'!\"&BL17&\":\"&BL17","v":"'pvinsights 24 09 21'!G:G"},"'pvinsights 05 11 21'!G:G",{"$f":"\"'\"&BN$7&\"'!\"&BN17&\":\"&BN17","v":"'pvinsights 12 12 21'!G:G"},"'pvinsights 18 01 22'!G:G",{"$f":"\"'\"&BP$7&\"'!\"&BP17&\":\"&BP17","v":"'pvinsights 23 02 22'!G:G"},"'pvinsights 13 03 22'!G:G",{"$f":"\"'\"&BR$7&\"'!\"&BR17&\":\"&BR17","v":"'pvinsights 13 04 22'!G:G"},"'pvinsights 08 05 22'!G:G",{"$f":"\"'\"&BT$7&\"'!\"&BT17&\":\"&BT17","v":"'pvinsights 06 06 22'!G:G"},"'pvinsights 26 06 22'!G:G",{"$f":"\"'\"&BV$7&\"'!\"&BV17&\":\"&BV17","v":"'pvinsights 24 08 22'!G:G"},"'pvinsights 17 09 22'!G:G"]
[]
[null,null,null,null,null,null,null,null,null,null,"Polysilicon Average",{"$f":"INDEX(INDIRECT(L18),L16)","v":0.60699999999999998},0.55500000000000005,0.55000000000000004,0.55500000000000005,0.56100000000000005,0.48,{"$f":"INDEX(INDIRECT(R18),R16)","v":0.40200000000000002},0.35799999999999998,0.35,0.34100000000000003,0.33300000000000002,0.32100000000000001,{"$f":"INDEX(INDIRECT(X18),X16)","v":0.32200000000000001},0.318,{"$f":"INDEX(INDIRECT(Z18),Z16)","v":0.315},{"$f":"INDEX(INDIRECT(AA18),AA16)","v":0.31},0.30199999999999999,0.29199999999999998,0.26600000000000001,0.23899999999999999,0.23400000000000001,{"$f":"INDEX(INDIRECT(AG18),AG16)","v":0.21199999999999999},0.20399999999999999,{"$f":"INDEX(INDIRECT(AI18),AI16)","v":0.20799999999999999},0.20699999999999999,{"$f":"INDEX(INDIRECT(AK18),AK16)","v":0.20699999999999999},0.20599999999999999,{"$f":"INDEX(INDIRECT(AM18),AM16)","v":0.20399999999999999},0.21199999999999999,{"$f":"INDEX(INDIRECT(AO18),AO16)","v":0.20399999999999999},0.2,{"$f":"INDEX(INDIRECT(AQ18),AQ16)","v":0.19400000000000001},{"$f":"INDEX(INDIRECT(AR18),AR16)","v":0.192},0.192,{"$f":"INDEX(INDIRECT(AT18),AT16)","v":0.191},0.17399999999999999,{"$f":"INDEX(INDIRECT(AV18),AV16)","v":0.16800000000000001},0.161,{"$f":"INDEX(INDIRECT(AX18),AX16)","v":0.16},0.16700000000000001,{"$f":"INDEX(INDIRECT(AZ18),AZ16)","v":0.17100000000000001},{"$f":"INDEX(INDIRECT(BA18),BA16)","v":0.17},0.17299999999999999,{"$f":"INDEX(INDIRECT(BC18),BC16)","v":0.16800000000000001},0.16700000000000001,{"$f":"INDEX(INDIRECT(BE18),BE16)","v":0.17699999999999999},0.17799999999999999,{"$f":"INDEX(INDIRECT(BG18),BG16)","v":0.18099999999999999},0.19800000000000001,{"$f":"INDEX(INDIRECT(BI18),BI16)","v":0.19600000000000001},{"$f":"INDEX(INDIRECT(BJ18),BJ16)","v":0.19500000000000001},0.193,{"$f":"INDEX(INDIRECT(BL18),BL16)","v":0.193},0.217,{"$f":"INDEX(INDIRECT(BN18),BN16)","v":0.20599999999999999},0.20100000000000001,{"$f":"INDEX(INDIRECT(BP18),BP16)","v":0.20300000000000001},0.20300000000000001,{"$f":"INDEX(INDIRECT(BR18),BR16)","v":0.20100000000000001},0.2,{"$f":"INDEX(INDIRECT(BT18),BT16)","v":0.20899999999999999},0.20799999999999999,{"$f":"INDEX(INDIRECT(BV18),BV16)","v":0.217},0.21199999999999999]
[null,null,"Revise Macro:"]
[null,null,"1: Count colums",null,1,"kg",100,null,null,null,null,"ThinFilm Solar Module ","ThinFilm Solar Module ","ThinFilm Solar Module ","ThinFilm Solar Module ","ThinFilm Solar Module ","ThinFilm Solar Module ","ThinFilm Solar Module ","ThinFilm Solar Module ","ThinFilm Solar Module ","ThinFilm Solar Module ","ThinFilm Solar Module ","ThinFilm Solar Module ","ThinFilm Solar Module ","ThinFilm Solar Module ","ThinFilm Solar Module ","ThinFilm Solar Module ","ThinFilm Solar Module ","ThinFilm Solar Module ","ThinFilm Solar Module ","ThinFilm Solar Module ","ThinFilm Solar Module ","ThinFilm Solar Module ","ThinFilm Solar Module ","ThinFilm Solar Module ","ThinFilm Solar Module ","ThinFilm Solar Module ","ThinFilm Solar Module ","ThinFilm Solar Module ","ThinFilm Solar Module ","ThinFilm Solar Module ","ThinFilm Solar Module ","ThinFilm Solar Module ","ThinFilm Solar Module ","ThinFilm Solar Module ","ThinFilm Solar Module ","ThinFilm Solar Module ","ThinFilm Solar Module ","ThinFilm Solar Module ","ThinFilm Solar Module ","ThinFilm Solar Module ","ThinFilm Solar Module ","ThinFilm Solar Module ","ThinFilm Solar Module ","ThinFilm Solar Module ","ThinFilm Solar Module ","ThinFilm Solar Module ","ThinFilm Solar Module","ThinFilm Solar Module ","ThinFilm Solar Module ","ThinFilm Solar Module ","ThinFilm Solar Module ","ThinFilm Solar Module ","ThinFilm Solar Module ","ThinFilm Solar Module ","ThinFilm Solar Module ","ThinFilm Solar Module ","ThinFilm Solar Module ","ThinFilm Solar Module ","ThinFilm Solar Module ","ThinFilm Solar Module ","ThinFilm Solar Module ","ThinFilm Solar Module ","ThinFilm Solar Module ","ThinFilm Solar Module "]
[null,null,"2: Copy the last column",null,{"$f":"E17","v":2.6792090000000002},"lb",{"$f":"G22/E23","v":37.324449119124338},null,null,null,"Match",{"$f":"MATCH(L22,INDIRECT(L15),0)","v":41},41,41,41,41,42,{"$f":"MATCH(R22,INDIRECT(R15),0)","v":42},42,{"$f":"MATCH(T22,INDIRECT(T15),0)","v":43},{"$f":"MATCH(U22,INDIRECT(U15),0)","v":43},43,48,48,50,50,51,{"$f":"MATCH(AB22,INDIRECT(AB15),0)","v":51},47,{"$f":"MATCH(AD22,INDIRECT(AD15),0)","v":47},{"$f":"MATCH(AE22,INDIRECT(AE15),0)","v":49},47,{"$f":"MATCH(AG22,INDIRECT(AG15),0)","v":47},47,{"$f":"MATCH(AI22,INDIRECT(AI15),0)","v":47},47,{"$f":"MATCH(AK22,INDIRECT(AK15),0)","v":47},45,{"$f":"MATCH(AM22,INDIRECT(AM15),0)","v":45},44,{"$f":"MATCH(AO22,INDIRECT(AO15),0)","v":44},44,{"$f":"MATCH(AQ22,INDIRECT(AQ15),0)","v":44},{"$f":"MATCH(AR22,INDIRECT(AR15),0)","v":44},44,{"$f":"MATCH(AT22,INDIRECT(AT15),0)","v":46},47,{"$f":"MATCH(AV22,INDIRECT(AV15),0)","v":47},47,{"$f":"MATCH(AX22,INDIRECT(AX15),0)","v":47},47,{"$f":"MATCH(AZ22,INDIRECT(AZ15),0)","v":47},{"$f":"MATCH(BA22,INDIRECT(BA15),0)","v":47},{"$f":"MATCH(BB22,INDIRECT(BB15),0)","v":47},{"$f":"MATCH(BC22,INDIRECT(BC15),0)","v":54},54,{"$f":"MATCH(BE22,INDIRECT(BE15),0)","v":54},54,{"$f":"MATCH(BG22,INDIRECT(BG15),0)","v":54},54,{"$f":"MATCH(BI22,INDIRECT(BI15),0)","v":54},{"$f":"MATCH(BJ22,INDIRECT(BJ15),0)","v":54},54,{"$f":"MATCH(BL22,INDIRECT(BL15),0)","v":53},53,{"$f":"MATCH(BN22,INDIRECT(BN15),0)","v":51},51,{"$f":"MATCH(BP22,INDIRECT(BP15),0)","v":51},51,{"$f":"MATCH(BR22,INDIRECT(BR15),0)","v":51},51,{"$f":"MATCH(BT22,INDIRECT(BT15),0)","v":51},51,{"$f":"MATCH(BV22,INDIRECT(BV15),0)","v":53},53]
[null,null,"3: Put in the last sheet",null,null,null,null,null,null,null,"Thin Film Average",{"$f":"INDEX(INDIRECT(L18),L23)","v":0.63400000000000001},0.60399999999999998,0.59599999999999997,0.60399999999999998,0.59,0.50600000000000001,{"$f":"INDEX(INDIRECT(R18),R23)","v":0.42},0.374,{"$f":"INDEX(INDIRECT(T18),T23)","v":0.36299999999999999},{"$f":"INDEX(INDIRECT(U18),U23)","v":0.35299999999999998},0.34599999999999997,0.34,0.34100000000000003,0.33900000000000002,0.33600000000000002,0.33100000000000002,{"$f":"INDEX(INDIRECT(AB18),AB23)","v":0.32200000000000001},0.314,0.29599999999999999,0.27400000000000002,0.26500000000000001,0.247,0.24299999999999999,{"$f":"INDEX(INDIRECT(AI18),AI23)","v":0.246},0.245,{"$f":"INDEX(INDIRECT(AK18),AK23)","v":0.24399999999999999},0.246,{"$f":"INDEX(INDIRECT(AM18),AM23)","v":0.248},0.248,{"$f":"INDEX(INDIRECT(AO18),AO23)","v":0.245},0.24299999999999999,{"$f":"INDEX(INDIRECT(AQ18),AQ23)","v":0.23699999999999999},{"$f":"INDEX(INDIRECT(AR18),AR23)","v":0.23599999999999999},0.23599999999999999,{"$f":"INDEX(INDIRECT(AT18),AT23)","v":0.23100000000000001},0.218,{"$f":"INDEX(INDIRECT(AV18),AV23)","v":0.21299999999999999},0.20799999999999999,{"$f":"INDEX(INDIRECT(AX18),AX23)","v":0.20699999999999999},0.20899999999999999,{"$f":"INDEX(INDIRECT(AZ18),AZ23)","v":0.21199999999999999},{"$f":"INDEX(INDIRECT(BA18),BA23)","v":0.21099999999999999},0.21299999999999999,{"$f":"INDEX(INDIRECT(BC18),BC23)","v":0.21099999999999999},0.20899999999999999,{"$f":"INDEX(INDIRECT(BE18),BE23)","v":0.214},0.216,{"$f":"INDEX(INDIRECT(BG18),BG23)","v":0.217},0.23,{"$f":"INDEX(INDIRECT(BI18),BI23)","v":0.22800000000000001},{"$f":"INDEX(INDIRECT(BJ18),BJ23)","v":0.22700000000000001},0.22500000000000001,{"$f":"INDEX(INDIRECT(BL18),BL23)","v":0.22500000000000001},0.24399999999999999,{"$f":"INDEX(INDIRECT(BN18),BN23)","v":0.23400000000000001},0.22800000000000001,{"$f":"INDEX(INDIRECT(BP18),BP23)","v":0.22800000000000001},0.22800000000000001,{"$f":"INDEX(INDIRECT(BR18),BR23)","v":0.22700000000000001},0.22600000000000001,{"$f":"INDEX(INDIRECT(BT18),BT23)","v":0.23200000000000001},0.23100000000000001,{"$f":"INDEX(INDIRECT(BV18),BV23)","v":0.23899999999999999},0.23599999999999999]
[null,null,"4: Copy and Paste Names"]
[]
[null,null,"Last Sheet Num",{"$f":"D7","v":79}]
[null,null,"Last Column Before Copy",{"$f":"COUNTA(6:6)","v":64}]
[null,null,"Column Name"]
[null,null,"Column Number Base",{"$f":"MATCH(D8,7:7,0)-1","v":73}]

{"sheet":"Data for Graphs","index":1,"n_rows":79,"n_cols":21,"rows_kept":79,"cut":false,"hidden":false,"merged":[]}
[null,"Text Date",null,"Silicon USD/kg","Polysilcon - Cost/kW","Thin Film - Cost/kW",null,null,null,null,{"$f":"E1","v":"Polysilcon - Cost/kW"},{"$f":"F1","v":"Thin Film - Cost/kW"}]
[null,{"$f":"TRANSPOSE('Database Sheet'!L6:CCC6)","v":"02 15"},{"$f":"IF(ISNUMBER(B2),NA(),DATE(RIGHT(B2,2)+2000,LEFT(B2,2),1))","v":"2015-02-01"},{"$f":"TRANSPOSE('Database Sheet'!L11:CCC11)","v":19.079999999999998},{"$f":"TRANSPOSE('Database Sheet'!L20:CCC20)*1000","v":607},{"$f":"TRANSPOSE('Database Sheet'!L24:CCC24)*1000","v":634},{"$f":"IFERROR(F2/E2-1,FALSE)","v":4.4481054365733019E-2},{"$f":"IF(ISNUMBER(C2),YEAR(C2))","v":2015},null,{"$f":"C2","v":"2015-02-01"},{"$f":"E2","v":607},{"$f":"F2","v":634},null,null,{"$f":"\"Polysilicon and Thin Film Panel Prices: \"&CHAR(13)","v":"Polysilicon and Thin Film Panel Prices: \r"},"Recent Date",{"$f":"MAX_NA(C:C)","v":"2022-09-01"},"Polysilicon Panel Price in USD/kWp",{"$f":"INDEX(E:E,MATCH(Q2,C:C,0))","v":212}]
[null,"05 15",{"$f":"IF(ISNUMBER(B3),NA(),DATE(RIGHT(B3,2)+2000,LEFT(B3,2),1))","v":"2015-05-01"},15.79,555,604,{"$f":"IFERROR(F3/E3-1,FALSE)","v":8.8288288288288275E-2},{"$f":"IF(ISNUMBER(C3),YEAR(C3))","v":2015},null,{"$f":"C3","v":"2015-05-01"},{"$f":"E3","v":555},{"$f":"F3","v":604}]
[null,"06 15","2015-06-01",15.58,550,596,8.3636363636363731E-2,2015,null,"2015-06-01",550,596]
[null,"05 15","2015-05-01",15.79,555,604,8.8288288288288275E-2,2015,null,"2015-05-01",555,604,null,{"$f":"Q2","v":"2022-09-01"},"Polysilicon",{"$f":"INDEX(E:E,S2)","v":0},"Thin Film",{"$f":"INDEX(F:F,S2)","v":0},{"$f":"INDEX(D:D,MATCH(N5,C:C,0))","v":37.07}]
[null,"11 15","2015-11-01",14.1,561,590,5.1693404634581164E-2,2015,null,"2015-11-01",561,590]
[null,"07 16","2016-07-01",15.9,480,506,5.4166666666666696E-2,2016,null,"2016-07-01",480,506]
[null,"10 16","2016-10-01",12.65,402,420,4.4776119402984982E-2,2016,null,"2016-10-01",402,420,null,null,{"$f":"\"Polysilicon Commodity and Panel Prices\"&CHAR(13)","v":"Polysilicon Commodity and Panel Prices\r"},{"$f":"P2","v":"Recent Date"},{"$f":"Q2","v":"2022-09-01"},{"$f":"R2","v":"Polysilicon Panel Price in USD/kWp"},{"$f":"S2","v":212},"Polysilicon Commodity",{"$f":"S5","v":37.07}]
[null,"01 17","2017-01-01",15.37,358,374,4.4692737430167551E-2,2017,null,"2017-01-01",358,374]
[null,"02 17","2017-02-01",16.22,350,363,3.7142857142857144E-2,2017,null,"2017-02-01",350,363]
[null,"04 17","2017-04-01",14.21,341,353,3.5190615835777095E-2,2017,null,"2017-04-01",341,353]
[null,"06 17","2017-06-01",13.85,333,346,3.9039039039038936E-2,2017,null,"2017-06-01",333,346]
[null,"08 17","2017-08-01",15.55,321,340,5.9190031152647871E-2,2017,null,"2017-08-01",321,340]
[null,"09 17","2017-09-01",16.71,322,341,5.9006211180124168E-2,2017,null,"2017-09-01",322,341]
[null,"10 17","2017-10-01",16.68,318,339,6.60377358490567E-2,2017,null,"2017-10-01",318,339]
[null,"11 17","2017-11-01",16.66,315,336,6.6666666666666652E-2,2017,null,"2017-11-01",315,336]
[null,"02 18","2018-02-01",17.440000000000001,310,331,6.7741935483870863E-2,2018,null,"2018-02-01",310,331]
[null,"04 18","2018-04-01",15.41,302,322,6.6225165562913801E-2,2018,null,"2018-04-01",302,322]
[null,"06 18","2018-06-01",14.65,292,314,7.5342465753424737E-2,2018,null,"2018-06-01",292,314]
[null,"07 18","2018-07-01",11.16,266,296,0.11278195488721798,2018,null,"2018-07-01",266,296]
[null,"08 18","2018-08-01",11.26,239,274,0.14644351464435146,2018,null,"2018-08-01",239,274]
[null,"09 18","2018-09-01",10.68,234,265,0.13247863247863245,2018,null,"2018-09-01",234,265]
[null,"10 18","2018-10-01",9.75,212,247,0.16509433962264142,2018,null,"2018-10-01",212,247]
[null,"12 18","2018-12-01",9.5299999999999994,204,243,0.19117647058823528,{"$f":"IF(ISNUMBER(C24),YEAR(C24))","v":2018},null,"2018-12-01",204,243]
[null,"01 19","2019-01-01",9.26,208,246,0.18269230769230771,2019,null,"2019-01-01",208,246]
[null,"01 19","2019-01-01",8.9,207,245,0.18357487922705307,2019,null,"2019-01-01",207,245]
[null,"03 19","2019-03-01",9.0399999999999991,207,244,0.17874396135265691,2019,null,"2019-03-01",207,244]
[null,"05 19","2019-05-01",8.42,206,246,0.19417475728155331,2019,null,"2019-05-01",206,246]
[null,"05 19","2019-05-01",8.34,204,248,0.21568627450980382,2019,null,"2019-05-01",204,248]
[null,"06 19","2019-06-01",8.14,212,248,0.16981132075471694,2019,null,"2019-06-01",212,248]
[null,"08 19","2019-08-01",7.92,204,245,0.2009803921568627,2019,null,"2019-08-01",204,245]
[null,"09 19","2019-09-01",7.66,200,243,0.21500000000000008,2019,null,"2019-09-01",200,243]
[null,"11 19","2019-11-01",7.5,194,237,0.22164948453608257,2019,null,"2019-11-01",194,237]
[null,"12 19","2019-12-01",7.41,192,236,{"$f":"IFERROR(F34/E34-1,FALSE)","v":0.22916666666666674},{"$f":"IF(ISNUMBER(C34),YEAR(C34))","v":2019},null,{"$f":"C34","v":"2019-12-01"},{"$f":"E34","v":192},{"$f":"F34","v":236}]
[null,"12 19","2019-12-01",7.28,192,236,0.22916666666666674,2019,null,"2019-12-01",192,236]
[null,"02 20","2020-02-01",7.1,191,231,0.20942408376963351,2020,null,"2020-02-01",191,231]
[null,"04 20","2020-04-01",6.43,174,218,0.25287356321839072,2020,null,"2020-04-01",174,218]
[null,"05 20","2020-05-01",6.28,168,213,0.26785714285714279,2020,null,"2020-05-01",168,213]
[null,"06 20","2020-06-01",6.19,161,208,0.29192546583850931,2020,null,"2020-06-01",161,208]
[null,"07 20","2020-07-01",8.2100000000000009,160,207,0.29374999999999996,2020,null,"2020-07-01",160,207]
[null,"08 20","2020-08-01",10.68,167,209,0.25149700598802394,2020,null,"2020-08-01",167,209]
[null,"09 20","2020-09-01",10.84,171,212,{"$f":"IFERROR(F42/E42-1,FALSE)","v":0.23976608187134496},{"$f":"IF(ISNUMBER(C42),YEAR(C42))","v":2020},null,{"$f":"C42","v":"2020-09-01"},{"$f":"E42","v":171},{"$f":"F42","v":212}]
[null,"10 20","2020-10-01",10.64,170,211,0.24117647058823533,2020,null,"2020-10-01",170,211]
[null,"11 20","2020-11-01",9.9499999999999993,173,213,0.23121387283237005,2020,null,"2020-11-01",173,213]
[null,"01 21","2021-01-01",10.79,168,211,0.25595238095238093,2021,null,"2021-01-01",168,211]
[null,"01 21","2021-01-01",11.09,167,209,0.25149700598802394,2021,null,"2021-01-01",167,209]
[null,"02 21","2021-02-01",12.06,177,214,0.20903954802259883,2021,null,"2021-02-01",177,214]
[null,"03 21","2021-03-01",15.63,178,216,0.21348314606741581,2021,null,"2021-03-01",178,216]
[null,"05 21","2021-05-01",20.02,181,217,0.19889502762430933,2021,null,"2021-05-01",181,217]
[null,"06 21","2021-06-01",27.63,198,230,0.16161616161616155,2021,null,"2021-06-01",198,230]
[null,"07 21","2021-07-01",27.35,196,228,0.16326530612244894,2021,null,"2021-07-01",196,228]
[null,"07 21","2021-07-01",27.11,195,227,0.16410256410256419,2021,null,"2021-07-01",195,227]
[null,"08 21","2021-08-01",26.95,193,225,0.16580310880829008,2021,null,"2021-08-01",193,225]
[null,"09 21","2021-09-01",28.79,193,225,0.16580310880829008,2021,null,"2021-09-01",193,225]
[null,"11 21","2021-11-01",35.81,217,244,0.12442396313364057,2021,null,"2021-11-01",217,244]
[null,"12 21","2021-12-01",31.65,206,234,0.13592233009708732,2021,null,"2021-12-01",206,234]
[null,"01 22","2022-01-01",30.56,201,228,0.13432835820895517,2022,null,"2022-01-01",201,228]
[null,"02 22","2022-02-01",33.049999999999997,203,228,{"$f":"IFERROR(F58/E58-1,FALSE)","v":0.12315270935960587},{"$f":"IF(ISNUMBER(C58),YEAR(C58))","v":2022},null,{"$f":"C58","v":"2022-02-01"},{"$f":"E58","v":203},{"$f":"F58","v":228}]
[null,"03 22","2022-03-01",33.07,203,228,0.12315270935960587,2022,null,"2022-03-01",203,228]
[null,"04 22","2022-04-01",32.869999999999997,201,227,0.12935323383084585,2022,null,"2022-04-01",201,227]
[null,"05 22","2022-05-01",32.119999999999997,200,226,0.12999999999999989,2022,null,"2022-05-01",200,226]
[null,"06 22","2022-06-01",32.28,209,232,0.11004784688995217,2022,null,"2022-06-01",209,232]
[null,"06 22","2022-06-01",33.15,208,231,{"$f":"IFERROR(F63/E63-1,FALSE)","v":0.11057692307692313},{"$f":"IF(ISNUMBER(C63),YEAR(C63))","v":2022},null,{"$f":"C63","v":"2022-06-01"},{"$f":"E63","v":208},{"$f":"F63","v":231}]
[null,"08 22","2022-08-01",38.130000000000003,217,239,0.10138248847926268,2022,null,"2022-08-01",217,239]
[null,"09 22","2022-09-01",37.07,212,236,0.1132075471698113,2022,null,"2022-09-01",212,236]
[null,0,{"$error":"#N/A"},0,0,0,false,false,null,{"$error":"#N/A"},0,0]
[null,0,{"$f":"IF(ISNUMBER(B67),NA(),DATE(RIGHT(B67,2)+2000,LEFT(B67,2),1))","v":{"$error":"#N/A"}},0,0,0,false,false,null,{"$error":"#N/A"},0,0]
[null,0,{"$error":"#N/A"},0,0,0,false,false,null,{"$error":"#N/A"},0,0]
[null,0,{"$error":"#N/A"},0,0,0,false,false,null,{"$error":"#N/A"},0,0]
[null,0,{"$error":"#N/A"},0,0,0,false,false,null,{"$error":"#N/A"},0,0]
[null,0,{"$error":"#N/A"},0,0,0,false,false,null,{"$error":"#N/A"},0,0]
[null,0,{"$error":"#N/A"},0,0,0,false,false,null,{"$error":"#N/A"},0,0]
[null,0,{"$error":"#N/A"},0,0,0,false,false,null,{"$error":"#N/A"},0,0]
[null,0,{"$error":"#N/A"},0,0,0,false,false,null,{"$error":"#N/A"},0,0]
[null,0,{"$error":"#N/A"},0,0,0,false,false,null,{"$error":"#N/A"},0,0]
[null,0,{"$error":"#N/A"},0,0,0,false,false,null,{"$error":"#N/A"},0,0]
[null,0,{"$error":"#N/A"},0,0,0,false,false,null,{"$error":"#N/A"},0,0]
[null,0,{"$error":"#N/A"},0,0,0,false,false,null,{"$error":"#N/A"},0,0]
[null,0,{"$error":"#N/A"},0,0,0,false,false,null,{"$error":"#N/A"},0,0]

{"sheet":"Polysilicon History","index":6,"n_rows":169,"n_cols":24,"rows_kept":169,"cut":false,"hidden":false,"merged":[]}
[]
[]
[null,null,"Silicon Price (USD/kg)",null,null,null,null,null,null,null,null,null,null,null,null,null,null,null,null,null,"Price of Crystaline Panels"]
[null,1999,8,null,null,null,null,null,null,null,null,null,null,null,null,null,null,null,null,null,null,null,{"$f":"V35","v":"2010-04-01"},1900]
[null,2000,14,null,null,null,null,null,null,null,null,null,null,null,null,null,null,null,null,null,null,null,{"$f":"V49","v":"2011-06-01"},1500]
[null,2001,18,null,null,null,null,null,null,null,null,null,null,null,null,null,null,null,null,null,null,null,{"$f":"V59","v":"2012-04-01"},1000]
[null,2002,20,null,null,null,null,null,null,null,null,null,null,null,null,null,null,null,null,null,null,null,{"$f":"V92","v":"2015-01-01"},607]
[null,2003,26,null,null,null,null,null,null,null,null,null,null,null,null,null,null,null,null,null,null,null,"Module","Silicon"]
[null,2004,30,null,null,null,null,null,null,null,null,null,null,null,null,null,null,null,null,null,null,"1985-01-01",{"$f":"P60","v":6800}]
[null,2005,40,null,null,null,null,null,null,null,null,null,null,null,null,null,null,null,null,null,null,{"$f":"EDATE(V9,12)","v":"1986-01-01"},{"$f":"P61","v":6200}]
[null,2006,94,null,null,null,null,null,null,null,null,null,null,null,null,null,null,null,null,null,null,{"$f":"EDATE(V10,12)","v":"1987-01-01"},5600]
[null,2007,138,null,null,null,null,null,null,null,null,null,null,null,null,null,null,null,null,null,null,"1988-01-01",5800]
[null,2008,207,null,null,null,null,null,null,null,null,null,null,null,null,null,null,null,null,null,null,"1989-01-01",6100]
[null,2009,91,null,null,null,null,null,null,null,null,null,null,null,null,null,null,null,null,null,null,"1990-01-01",5900]
[null,2010,56,null,null,null,null,null,null,null,null,null,null,null,null,null,null,null,null,null,null,"1991-01-01",5800]
[null,2011,59,null,null,null,null,null,null,null,null,null,null,null,null,null,null,null,null,null,null,"1992-01-01",5300]
[null,2012,25,null,null,null,null,null,null,null,null,null,null,null,null,null,null,null,null,null,null,"1993-01-01",5200]
[null,2013,16,null,null,null,null,null,null,null,null,null,null,null,null,null,null,null,null,null,null,"1994-01-01",5100]
[null,2014,16,null,null,null,null,null,null,null,null,null,null,null,null,null,null,null,null,null,null,"1995-01-01",4600]
[null,2015,{"$f":"AVERAGEIF('Data for Graphs'!H:H,'Polysilicon History'!B20,'Data for Graphs'!D:D)","v":16.067999999999998},null,null,null,null,null,null,null,null,null,null,null,null,null,null,null,null,null,null,"1996-01-01",4200]
[null,2016,{"$f":"AVERAGEIF('Data for Graphs'!H:H,'Polysilicon History'!B21,'Data for Graphs'!D:D)","v":14.275},null,null,null,null,null,null,null,null,null,null,null,null,null,null,null,null,null,null,"1997-01-01",4100]
[null,2017,{"$f":"AVERAGEIF('Data for Graphs'!H:H,'Polysilicon History'!B22,'Data for Graphs'!D:D)","v":15.65625},null,null,null,null,null,null,null,null,null,null,null,null,null,null,null,null,null,null,"1998-01-01",3500]
[null,2018,{"$f":"AVERAGEIF('Data for Graphs'!H:H,'Polysilicon History'!B23,'Data for Graphs'!D:D)","v":12.484999999999999},null,null,null,null,null,null,null,null,null,null,null,null,null,null,null,null,null,null,"1999-01-01",2800,{"$f":"C4","v":8}]
[null,2019,{"$f":"AVERAGEIF('Data for Graphs'!H:H,'Polysilicon History'!B24,'Data for Graphs'!D:D)","v":8.17},null,null,null,null,null,null,null,null,null,null,null,null,null,null,null,null,null,null,"2000-01-01",2700,{"$f":"C5","v":14}]
[null,2020,{"$f":"AVERAGEIF('Data for Graphs'!H:H,'Polysilicon History'!B25,'Data for Graphs'!D:D)","v":8.48},null,null,null,null,null,null,null,null,null,null,null,null,null,null,null,null,null,null,"2001-01-01",2800,18]
[null,2021,{"$f":"AVERAGEIF('Data for Graphs'!H:H,'Polysilicon History'!B26,'Data for Graphs'!D:D)","v":22.906666666666666},null,null,null,null,null,null,null,null,null,null,null,null,null,null,null,null,null,null,"2002-01-01",2900,20]
[null,2022,{"$f":"AVERAGEIF('Data for Graphs'!H:H,'Polysilicon History'!B27,'Data for Graphs'!D:D)","v":33.588888888888889},null,null,null,null,null,null,null,null,null,null,null,null,null,null,null,null,null,null,"2003-01-01",2800,26]
[null,null,null,null,null,null,null,null,null,null,null,null,null,null,null,null,null,null,null,null,null,"2004-01-01",2900,30]
[null,null,null,null,null,null,null,null,null,null,null,null,null,null,null,null,null,null,null,null,null,"2005-01-01",3000,40]
[null,null,null,null,null,null,null,null,null,null,null,null,null,null,null,null,null,null,null,null,null,"2006-01-01",3300,94]
[null,null,null,null,null,null,null,null,null,null,null,null,null,null,null,null,null,null,null,null,null,"2007-01-01",3400,138]
[null,null,null,null,null,null,null,null,null,null,null,null,null,null,null,null,null,null,null,null,null,"2008-01-01",3200,207]
[null,null,null,null,null,null,null,null,null,null,null,null,null,null,null,null,null,null,null,null,null,"2009-01-01",2800,91]
[null,null,null,null,null,null,null,null,null,null,null,null,null,null,null,null,null,null,null,null,null,"2010-01-01",1800,56]
[null,null,null,null,null,null,null,null,null,null,null,null,null,null,null,null,null,null,null,null,{"$f":"YEAR(V35)","v":2010},"2010-04-01",{"$f":"interpolate_look_up(V35,$W$4:$W$7,$X$4:$X$7)","v":1900},{"$f":"interpolate_look_up(U35,B:B,C:C)","v":56}]
[null,null,null,null,null,null,null,null,null,null,null,null,null,null,null,null,null,null,null,null,{"$f":"YEAR(V36)","v":2010},{"$f":"EDATE(V35,1)","v":"2010-05-01"},{"$f":"interpolate_look_up(V36,$W$4:$W$7,$X$4:$X$7)","v":1868.6323303276788},{"$f":"interpolate_look_up(U36,B:B,C:C)","v":56}]
[null,null,null,null,null,null,null,null,null,null,null,null,null,null,null,null,null,null,null,null,2010,{"$f":"EDATE(V36,1)","v":"2010-06-01"},1836.7630103445556,{"$f":"interpolate_look_up(U37,B:B,C:C)","v":56}]
[null,null,null,null,null,null,null,null,null,null,null,null,null,null,null,null,null,null,null,null,2010,"2010-07-01",1806.4393390946473,{"$f":"interpolate_look_up(U38,B:B,C:C)","v":56}]
[null,null,null,null,null,null,null,null,null,null,null,null,null,null,null,null,null,null,null,null,2010,"2010-08-01",1775.630713773681,{"$f":"interpolate_look_up(U39,B:B,C:C)","v":56}]
[null,null,null,null,null,null,null,null,null,null,null,null,null,null,null,null,null,null,null,null,2010,"2010-09-01",1745.3475261873932,{"$f":"interpolate_look_up(U40,B:B,C:C)","v":56}]
[null,null,null,null,null,null,null,null,null,null,null,null,null,null,null,null,null,null,null,null,2010,"2010-10-01",1716.5330605743152,{"$f":"interpolate_look_up(U41,B:B,C:C)","v":56}]
[null,null,null,null,null,null,null,null,null,null,null,null,null,null,null,null,null,null,null,null,2010,"2010-11-01",1687.2577769986208,{"$f":"interpolate_look_up(U42,B:B,C:C)","v":56}]
[null,null,null,null,null,null,null,null,null,null,null,null,null,null,null,null,null,null,null,null,2010,"2010-12-01",1659.4023324718064,{"$f":"interpolate_look_up(U43,B:B,C:C)","v":56}]
[null,null,null,null,null,null,null,null,null,null,null,null,null,null,null,null,null,null,null,null,2011,"2011-01-01",1631.1014072143421,{"$f":"interpolate_look_up(U44,B:B,C:C)","v":59}]
[null,null,null,null,null,null,null,null,null,null,null,null,null,null,null,null,null,null,null,null,2011,"2011-02-01",1603.2831511412915,{"$f":"interpolate_look_up(U45,B:B,C:C)","v":59}]
[null,null,null,null,null,null,null,null,null,null,null,null,null,null,null,null,null,null,null,null,2011,"2011-03-01",1578.5649987629001,{"$f":"interpolate_look_up(U46,B:B,C:C)","v":59}]
[null,null,null,null,null,null,null,null,null,null,null,null,null,null,null,null,null,null,null,null,2011,"2011-04-01",1551.6427453890051,{"$f":"interpolate_look_up(U47,B:B,C:C)","v":59}]
[null,null,null,null,null,null,null,null,null,null,null,null,null,null,null,null,null,null,null,null,2011,"2011-05-01",1526.0262100801547,{"$f":"interpolate_look_up(U48,B:B,C:C)","v":59}]
[null,null,null,null,null,null,null,null,null,null,null,null,null,null,null,null,null,null,null,null,2011,"2011-06-01",1500,{"$f":"interpolate_look_up(U49,B:B,C:C)","v":59}]
[null,null,null,null,null,null,null,null,null,null,null,null,null,null,null,null,null,null,null,null,2011,"2011-07-01",1441.3544967114829,{"$f":"interpolate_look_up(U50,B:B,C:C)","v":59}]
[null,null,null,null,null,null,null,null,null,null,null,null,null,null,null,null,null,null,null,null,2011,"2011-08-01",1383.1618672225916,{"$f":"interpolate_look_up(U51,B:B,C:C)","v":59}]
[null,null,null,null,null,null,null,null,null,null,null,null,null,null,null,null,null,null,null,null,2011,"2011-09-01",1327.318682047752,{"$f":"interpolate_look_up(U52,B:B,C:C)","v":59}]
[null,null,null,null,null,null,null,null,null,null,null,null,null,null,null,null,null,null,null,null,2011,"2011-10-01",1275.4245006257909,{"$f":"interpolate_look_up(U53,B:B,C:C)","v":59}]
[null,null,null,null,null,null,null,null,null,null,null,null,null,null,null,null,null,null,null,null,2011,"2011-11-01",1223.9310577737322,{"$f":"interpolate_look_up(U54,B:B,C:C)","v":59}]
[null,null,null,null,null,null,null,null,null,null,null,null,null,null,null,null,null,null,null,null,2011,"2011-12-01",1176.0790225246735,{"$f":"interpolate_look_up(U55,B:B,C:C)","v":59}]
[null,null,null,null,null,null,null,null,null,null,null,null,null,null,null,null,null,null,null,null,2012,"2012-01-01",1128.596511481358,{"$f":"interpolate_look_up(U56,B:B,C:C)","v":25}]
[null,null,null,null,null,null,null,null,null,null,null,null,null,null,null,null,null,null,null,null,2012,"2012-02-01",1083.0310390143604,{"$f":"interpolate_look_up(U57,B:B,C:C)","v":25}]
[null,null,null,null,null,null,null,null,null,null,null,null,null,null,null,null,null,null,null,null,2012,"2012-03-01",1042.0721759816461,{"$f":"interpolate_look_up(U58,B:B,C:C)","v":25}]
[null,null,null,null,null,null,null,null,null,null,null,null,null,null,null,null,null,null,null,null,2012,"2012-04-01",1000,{"$f":"interpolate_look_up(U59,B:B,C:C)","v":25}]
[null,null,null,null,null,null,null,null,null,null,null,null,null,null,1985,6800,null,null,null,null,2012,"2012-05-01",985.20820627155001,{"$f":"interpolate_look_up(U60,B:B,C:C)","v":25}]
[null,null,null,null,null,null,null,null,null,null,null,null,null,null,1986,6200,null,null,null,null,2012,"2012-06-01",970.1531734120781,{"$f":"interpolate_look_up(U61,B:B,C:C)","v":25}]
[null,null,null,null,null,null,null,null,null,null,null,null,null,null,1987,5600,null,null,null,null,2012,"2012-07-01",955.80286778596553,{"$f":"interpolate_look_up(U62,B:B,C:C)","v":25}]
[null,null,null,null,null,null,null,null,null,null,null,null,null,null,1988,5800,null,null,null,null,2012,"2012-08-01",941.1971798815257,{"$f":"interpolate_look_up(U63,B:B,C:C)","v":25}]
[null,null,null,null,null,null,null,null,null,null,null,null,null,null,1989,6100,null,null,null,null,2012,"2012-09-01",926.81468247624809,{"$f":"interpolate_look_up(U64,B:B,C:C)","v":25}]
[null,null,null,null,null,null,null,null,null,null,null,null,null,null,1990,5900,null,null,null,null,2012,"2012-10-01",913.10543086856069,{"$f":"interpolate_look_up(U65,B:B,C:C)","v":25}]
[null,null,null,null,null,null,null,null,null,null,null,null,null,null,1991,5800,null,null,null,null,2012,"2012-11-01",899.15220536923971,{"$f":"interpolate_look_up(U66,B:B,C:C)","v":25}]
[null,null,null,null,null,null,null,null,null,null,null,null,null,null,1992,5300,null,null,null,null,2012,"2012-12-01",885.85213141693703,{"$f":"interpolate_look_up(U67,B:B,C:C)","v":25}]
[null,null,null,null,null,null,null,null,null,null,null,null,null,null,1993,5200,null,null,null,null,2013,"2013-01-01",872.31536541943649,{"$f":"interpolate_look_up(U68,B:B,C:C)","v":16}]
[null,null,null,null,null,null,null,null,null,null,null,null,null,null,1994,5100,null,null,null,null,2013,"2013-02-01",858.98545565354868,{"$f":"interpolate_look_up(U69,B:B,C:C)","v":16}]
[null,null,null,null,null,null,null,null,null,null,null,null,null,null,1995,4600,null,null,null,null,2013,"2013-03-01",847.1207042335501,{"$f":"interpolate_look_up(U70,B:B,C:C)","v":16}]
[null,null,null,null,null,null,null,null,null,null,null,null,null,null,1996,4200,null,null,null,null,2013,"2013-04-01",834.17579577969184,{"$f":"interpolate_look_up(U71,B:B,C:C)","v":16}]
[null,null,null,null,null,null,null,null,null,null,null,null,null,null,1997,4100,null,null,null,null,2013,"2013-05-01",821.8368394752531,{"$f":"interpolate_look_up(U72,B:B,C:C)","v":16}]
[null,null,null,null,null,null,null,null,null,null,null,null,null,null,1998,3500,null,null,null,null,2013,"2013-06-01",809.27829545921361,{"$f":"interpolate_look_up(U73,B:B,C:C)","v":16}]
[null,null,null,null,null,null,null,null,null,null,null,null,null,null,1999,2800,null,null,null,null,2013,"2013-07-01",797.30761784386937,{"$f":"interpolate_look_up(U74,B:B,C:C)","v":16}]
[null,null,null,null,null,null,null,null,null,null,null,null,null,null,2000,2700,null,null,null,null,2013,"2013-08-01",785.12390651327348,{"$f":"interpolate_look_up(U75,B:B,C:C)","v":16}]
[null,null,null,null,null,null,null,null,null,null,null,null,null,null,2001,2800,null,null,null,null,2013,"2013-09-01",773.12637529492667,{"$f":"interpolate_look_up(U76,B:B,C:C)","v":16}]
[null,null,null,null,null,null,null,null,null,null,null,null,null,null,2002,2900,null,null,null,null,2013,"2013-10-01",761.69044942554001,{"$f":"interpolate_look_up(U77,B:B,C:C)","v":16}]
[null,null,null,null,null,null,null,null,null,null,null,null,null,null,2003,2800,null,null,null,null,2013,"2013-11-01",750.05100644095035,{"$f":"interpolate_look_up(U78,B:B,C:C)","v":16}]
[null,null,null,null,null,null,null,null,null,null,null,null,null,null,2004,2900,null,null,null,null,2013,"2013-12-01",738.9564066678596,{"$f":"interpolate_look_up(U79,B:B,C:C)","v":16}]
[null,null,null,null,null,null,null,null,null,null,null,null,null,null,2005,3000,null,null,null,null,2014,"2014-01-01",727.66436411961115,{"$f":"interpolate_look_up(U80,B:B,C:C)","v":16}]
[null,null,null,null,null,null,null,null,null,null,null,null,null,null,2006,3300,null,null,null,null,2014,"2014-02-01",716.54487603298014,{"$f":"interpolate_look_up(U81,B:B,C:C)","v":16}]
[null,null,null,null,null,null,null,null,null,null,null,null,null,null,2007,3400,null,null,null,null,2014,"2014-03-01",706.64758757547463,{"$f":"interpolate_look_up(U82,B:B,C:C)","v":16}]
[null,null,null,null,null,null,null,null,null,null,null,null,null,null,2008,3200,null,null,null,null,2014,"2014-04-01",695.84925826468213,{"$f":"interpolate_look_up(U83,B:B,C:C)","v":16}]
[null,null,null,null,null,null,null,null,null,null,null,null,null,null,2009,2800,null,null,null,null,2014,"2014-05-01",685.55639957033611,{"$f":"interpolate_look_up(U84,B:B,C:C)","v":16}]
[null,null,null,null,null,null,null,null,null,null,null,null,null,null,2010,1800,null,null,null,null,2014,"2014-06-01",675.08036612192211,{"$f":"interpolate_look_up(U85,B:B,C:C)","v":16}]
[null,null,null,null,null,null,null,null,null,null,null,null,null,null,2011,null,null,null,2015,null,2014,"2014-07-01",665.09471659612018,{"$f":"interpolate_look_up(U86,B:B,C:C)","v":16}]
[null,null,null,null,null,null,null,null,null,null,null,null,null,null,2012,null,null,null,null,null,2014,"2014-08-01",654.93135950137025,{"$f":"interpolate_look_up(U87,B:B,C:C)","v":16}]
[null,null,null,null,null,null,null,null,null,null,null,null,null,null,2013,null,null,null,null,null,2014,"2014-09-01",644.92330934991412,{"$f":"interpolate_look_up(U88,B:B,C:C)","v":16}]
[null,null,null,null,null,null,null,null,null,null,null,null,null,null,2014,null,null,null,null,null,2014,"2014-10-01",635.38373678734092,{"$f":"interpolate_look_up(U89,B:B,C:C)","v":16}]
[null,null,null,null,null,null,null,null,null,null,null,null,null,null,null,null,null,null,null,null,2014,"2014-11-01",625.67439517323851,{"$f":"interpolate_look_up(U90,B:B,C:C)","v":16}]
[null,null,null,null,null,null,null,null,null,null,null,null,null,null,null,null,null,null,null,null,2014,"2014-12-01",616.41954857866335,{"$f":"interpolate_look_up(U91,B:B,C:C)","v":16}]
[null,null,null,null,null,null,null,null,null,null,null,null,null,null,null,null,null,null,null,null,2015,"2015-01-01",607,{"$f":"interpolate_look_up(U92,B:B,C:C)","v":16.067999999999998}]
[null,null,null,null,null,null,null,null,null,null,null,null,null,null,null,null,null,null,"Change",null,2015,{"$f":"'Data for Graphs'!C2","v":"2015-02-01"},{"$f":"'Data for Graphs'!E2","v":607},{"$f":"'Data for Graphs'!D2","v":19.079999999999998}]
[null,null,null,null,null,null,null,null,null,null,null,null,null,null,null,null,null,null,null,null,2015,{"$f":"'Data for Graphs'!C3","v":"2015-05-01"},{"$f":"'Data for Graphs'!E3","v":555},{"$f":"'Data for Graphs'!D3","v":15.79}]
[null,null,null,null,null,null,null,null,null,null,null,null,null,null,null,null,null,null,null,null,2015,{"$f":"'Data for Graphs'!C4","v":"2015-06-01"},{"$f":"'Data for Graphs'!E4","v":550},{"$f":"'Data for Graphs'!D4","v":15.58}]
[null,null,null,null,null,null,null,null,null,null,null,null,null,null,null,null,null,null,null,null,2015,{"$f":"'Data for Graphs'!C5","v":"2015-05-01"},{"$f":"'Data for Graphs'!E5","v":555},{"$f":"'Data for Graphs'!D5","v":15.79}]
[null,null,null,null,null,null,null,null,null,null,null,null,null,null,null,null,null,null,null,null,2015,{"$f":"'Data for Graphs'!C6","v":"2015-11-01"},{"$f":"'Data for Graphs'!E6","v":561},{"$f":"'Data for Graphs'!D6","v":14.1}]
[null,null,null,null,null,null,null,null,null,null,null,null,null,null,null,null,null,null,null,null,2016,{"$f":"'Data for Graphs'!C7","v":"2016-07-01"},{"$f":"'Data for Graphs'!E7","v":480},{"$f":"'Data for Graphs'!D7","v":15.9}]
[null,null,null,null,null,null,null,null,null,null,null,null,null,null,null,null,null,null,null,null,2016,{"$f":"'Data for Graphs'!C8","v":"2016-10-01"},{"$f":"'Data for Graphs'!E8","v":402},{"$f":"'Data for Graphs'!D8","v":12.65}]
[null,null,null,null,null,null,null,null,null,null,null,null,null,null,null,null,null,null,null,null,{"$f":"YEAR(V100)","v":2017},{"$f":"'Data for Graphs'!C9","v":"2017-01-01"},{"$f":"'Data for Graphs'!E9","v":358},{"$f":"'Data for Graphs'!D9","v":15.37}]
[null,null,null,null,null,null,null,null,null,null,null,null,null,null,null,null,null,null,null,null,2017,{"$f":"'Data for Graphs'!C10","v":"2017-02-01"},{"$f":"'Data for Graphs'!E10","v":350},{"$f":"'Data for Graphs'!D10","v":16.22}]
[null,null,null,null,null,null,null,null,null,null,null,null,null,null,null,null,null,null,null,null,2017,{"$f":"'Data for Graphs'!C11","v":"2017-04-01"},{"$f":"'Data for Graphs'!E11","v":341},{"$f":"'Data for Graphs'!D11","v":14.21}]
[null,null,null,null,null,null,null,null,null,null,null,null,null,null,null,null,null,null,null,null,2017,{"$f":"'Data for Graphs'!C12","v":"2017-06-01"},{"$f":"'Data for Graphs'!E12","v":333},{"$f":"'Data for Graphs'!D12","v":13.85}]
[null,null,null,null,null,null,null,null,null,null,null,null,null,null,null,null,null,null,null,null,2017,{"$f":"'Data for Graphs'!C13","v":"2017-08-01"},{"$f":"'Data for Graphs'!E13","v":321},{"$f":"'Data for Graphs'!D13","v":15.55}]
[null,null,null,null,null,null,null,null,null,null,null,null,null,null,null,null,null,null,null,null,2017,{"$f":"'Data for Graphs'!C14","v":"2017-09-01"},{"$f":"'Data for Graphs'!E14","v":322},{"$f":"'Data for Graphs'!D14","v":16.71}]
[null,null,null,null,null,null,null,null,null,null,null,null,null,null,null,null,null,null,null,null,2017,{"$f":"'Data for Graphs'!C15","v":"2017-10-01"},{"$f":"'Data for Graphs'!E15","v":318},{"$f":"'Data for Graphs'!D15","v":16.68}]
[null,null,null,null,null,null,null,null,null,null,null,null,null,null,null,null,null,null,null,null,2017,{"$f":"'Data for Graphs'!C16","v":"2017-11-01"},{"$f":"'Data for Graphs'!E16","v":315},{"$f":"'Data for Graphs'!D16","v":16.66}]
[null,null,null,null,null,null,null,null,null,null,null,null,null,null,null,null,null,null,null,null,2018,{"$f":"'Data for Graphs'!C17","v":"2018-02-01"},{"$f":"'Data for Graphs'!E17","v":310},{"$f":"'Data for Graphs'!D17","v":17.440000000000001}]
[null,null,null,null,null,null,null,null,null,null,null,null,null,null,null,null,null,null,null,null,2018,{"$f":"'Data for Graphs'!C18","v":"2018-04-01"},{"$f":"'Data for Graphs'!E18","v":302},{"$f":"'Data for Graphs'!D18","v":15.41}]
[null,null,null,null,null,null,null,null,null,null,null,null,null,null,null,null,null,null,null,null,2018,{"$f":"'Data for Graphs'!C19","v":"2018-06-01"},{"$f":"'Data for Graphs'!E19","v":292},{"$f":"'Data for Graphs'!D19","v":14.65}]
[null,null,null,null,null,null,null,null,null,null,null,null,null,null,null,null,null,null,null,null,2018,{"$f":"'Data for Graphs'!C20","v":"2018-07-01"},{"$f":"'Data for Graphs'!E20","v":266},{"$f":"'Data for Graphs'!D20","v":11.16}]
[null,null,null,null,null,null,null,null,null,null,null,null,null,null,null,null,null,null,null,null,2018,{"$f":"'Data for Graphs'!C21","v":"2018-08-01"},{"$f":"'Data for Graphs'!E21","v":239},{"$f":"'Data for Graphs'!D21","v":11.26}]
[null,null,null,null,null,null,null,null,null,null,null,null,null,null,null,null,null,null,null,null,2018,{"$f":"'Data for Graphs'!C22","v":"2018-09-01"},{"$f":"'Data for Graphs'!E22","v":234},{"$f":"'Data for Graphs'!D22","v":10.68}]
[null,null,null,null,null,null,null,null,null,null,null,null,null,null,null,null,null,null,null,null,2018,{"$f":"'Data for Graphs'!C23","v":"2018-10-01"},{"$f":"'Data for Graphs'!E23","v":212},{"$f":"'Data for Graphs'!D23","v":9.75}]
[null,null,null,null,null,null,null,null,null,null,null,null,null,null,null,null,null,null,null,null,2018,{"$f":"'Data for Graphs'!C24","v":"2018-12-01"},{"$f":"'Data for Graphs'!E24","v":204},{"$f":"'Data for Graphs'!D24","v":9.5299999999999994}]
[null,null,null,null,null,null,null,null,null,null,null,null,null,null,null,null,null,null,null,null,2019,{"$f":"'Data for Graphs'!C25","v":"2019-01-01"},{"$f":"'Data for Graphs'!E25","v":208},{"$f":"'Data for Graphs'!D25","v":9.26}]
[null,null,null,null,null,null,null,null,null,null,null,null,null,null,null,null,null,null,null,null,2019,{"$f":"'Data for Graphs'!C26","v":"2019-01-01"},{"$f":"'Data for Graphs'!E26","v":207},{"$f":"'Data for Graphs'!D26","v":8.9}]
[null,null,null,null,null,null,null,null,null,null,null,null,null,null,null,null,null,null,null,null,2019,{"$f":"'Data for Graphs'!C27","v":"2019-03-01"},{"$f":"'Data for Graphs'!E27","v":207},{"$f":"'Data for Graphs'!D27","v":9.0399999999999991}]
[null,null,null,null,null,null,null,null,null,null,null,null,null,null,null,null,null,null,null,null,2019,{"$f":"'Data for Graphs'!C28","v":"2019-05-01"},{"$f":"'Data for Graphs'!E28","v":206},{"$f":"'Data for Graphs'!D28","v":8.42}]
[null,null,null,null,null,null,null,null,null,null,null,null,null,null,null,null,null,null,null,null,2019,{"$f":"'Data for Graphs'!C29","v":"2019-05-01"},{"$f":"'Data for Graphs'!E29","v":204},{"$f":"'Data for Graphs'!D29","v":8.34}]
[null,null,null,null,null,null,null,null,null,null,null,null,null,null,null,null,null,null,null,null,2019,{"$f":"'Data for Graphs'!C30","v":"2019-06-01"},{"$f":"'Data for Graphs'!E30","v":212},{"$f":"'Data for Graphs'!D30","v":8.14}]
[null,null,null,null,null,null,null,null,null,null,null,null,null,null,null,null,null,null,null,null,2019,{"$f":"'Data for Graphs'!C31","v":"2019-08-01"},{"$f":"'Data for Graphs'!E31","v":204},{"$f":"'Data for Graphs'!D31","v":7.92}]
[null,null,null,null,null,null,null,null,null,null,null,null,null,null,null,null,null,null,null,null,2019,{"$f":"'Data for Graphs'!C32","v":"2019-09-01"},{"$f":"'Data for Graphs'!E32","v":200},{"$f":"'Data for Graphs'!D32","v":7.66}]
[null,null,null,null,null,null,null,null,null,null,null,null,null,null,null,null,null,null,null,null,2019,{"$f":"'Data for Graphs'!C33","v":"2019-11-01"},{"$f":"'Data for Graphs'!E33","v":194},{"$f":"'Data for Graphs'!D33","v":7.5}]
[null,null,null,null,null,null,null,null,null,null,null,null,null,null,null,null,null,null,null,null,2019,{"$f":"'Data for Graphs'!C34","v":"2019-12-01"},{"$f":"'Data for Graphs'!E34","v":192},{"$f":"'Data for Graphs'!D34","v":7.41}]
[null,null,null,null,null,null,null,null,null,null,null,null,null,null,null,null,null,null,null,null,2019,{"$f":"'Data for Graphs'!C35","v":"2019-12-01"},{"$f":"'Data for Graphs'!E35","v":192},{"$f":"'Data for Graphs'!D35","v":7.28}]
[null,null,null,null,null,null,null,null,null,null,null,null,null,null,null,null,null,null,null,null,2020,{"$f":"'Data for Graphs'!C36","v":"2020-02-01"},{"$f":"'Data for Graphs'!E36","v":191},{"$f":"'Data for Graphs'!D36","v":7.1}]
[null,null,null,null,null,null,null,null,null,null,null,null,null,null,null,null,null,null,null,null,2020,{"$f":"'Data for Graphs'!C37","v":"2020-04-01"},{"$f":"'Data for Graphs'!E37","v":174},{"$f":"'Data for Graphs'!D37","v":6.43}]
[null,null,null,null,null,null,null,null,null,null,null,null,null,null,null,null,null,null,null,null,2020,{"$f":"'Data for Graphs'!C38","v":"2020-05-01"},{"$f":"'Data for Graphs'!E38","v":168},{"$f":"'Data for Graphs'!D38","v":6.28}]
[null,null,null,null,null,null,null,null,null,null,null,null,null,null,null,null,null,null,null,null,2020,{"$f":"'Data for Graphs'!C39","v":"2020-06-01"},{"$f":"'Data for Graphs'!E39","v":161},{"$f":"'Data for Graphs'!D39","v":6.19}]
[null,null,null,null,null,null,null,null,null,null,null,null,null,null,null,null,null,null,null,null,2020,{"$f":"'Data for Graphs'!C40","v":"2020-07-01"},{"$f":"'Data for Graphs'!E40","v":160},{"$f":"'Data for Graphs'!D40","v":8.2100000000000009}]
[null,null,null,null,null,null,null,null,null,null,null,null,null,null,null,null,null,null,null,null,2020,{"$f":"'Data for Graphs'!C41","v":"2020-08-01"},{"$f":"'Data for Graphs'!E41","v":167},{"$f":"'Data for Graphs'!D41","v":10.68}]
[null,null,null,null,null,null,null,null,null,null,null,null,null,null,null,null,null,null,null,null,2020,{"$f":"'Data for Graphs'!C42","v":"2020-09-01"},{"$f":"'Data for Graphs'!E42","v":171},{"$f":"'Data for Graphs'!D42","v":10.84}]
[null,null,null,null,null,null,null,null,null,null,null,null,null,null,null,null,null,null,null,null,2020,{"$f":"'Data for Graphs'!C43","v":"2020-10-01"},{"$f":"'Data for Graphs'!E43","v":170},{"$f":"'Data for Graphs'!D43","v":10.64}]
[null,null,null,null,null,null,null,null,null,null,null,null,null,null,null,null,null,null,null,null,2020,{"$f":"'Data for Graphs'!C44","v":"2020-11-01"},{"$f":"'Data for Graphs'!E44","v":173},{"$f":"'Data for Graphs'!D44","v":9.9499999999999993}]
[null,null,null,null,null,null,null,null,null,null,null,null,null,null,null,null,null,null,null,null,2021,{"$f":"'Data for Graphs'!C45","v":"2021-01-01"},{"$f":"'Data for Graphs'!E45","v":168},{"$f":"'Data for Graphs'!D45","v":10.79}]
[null,null,null,null,null,null,null,null,null,null,null,null,null,null,null,null,null,null,null,null,2021,{"$f":"'Data for Graphs'!C46","v":"2021-01-01"},{"$f":"'Data for Graphs'!E46","v":167},{"$f":"'Data for Graphs'!D46","v":11.09}]
[null,null,null,null,null,null,null,null,null,null,null,null,null,null,null,null,null,null,null,null,2021,{"$f":"'Data for Graphs'!C47","v":"2021-02-01"},{"$f":"'Data for Graphs'!E47","v":177},{"$f":"'Data for Graphs'!D47","v":12.06}]
[null,null,null,null,null,null,null,null,null,null,null,null,null,null,null,null,null,null,null,null,2021,{"$f":"'Data for Graphs'!C48","v":"2021-03-01"},{"$f":"'Data for Graphs'!E48","v":178},{"$f":"'Data for Graphs'!D48","v":15.63}]
[null,null,null,null,null,null,null,null,null,null,null,null,null,null,null,null,null,null,null,null,2021,{"$f":"'Data for Graphs'!C49","v":"2021-05-01"},{"$f":"'Data for Graphs'!E49","v":181},{"$f":"'Data for Graphs'!D49","v":20.02}]
[null,null,null,null,null,null,null,null,null,null,null,null,null,null,null,null,null,null,null,null,2021,{"$f":"'Data for Graphs'!C50","v":"2021-06-01"},{"$f":"'Data for Graphs'!E50","v":198},{"$f":"'Data for Graphs'!D50","v":27.63}]
[null,null,null,null,null,null,null,null,null,null,null,null,null,null,null,null,null,null,null,null,2021,{"$f":"'Data for Graphs'!C51","v":"2021-07-01"},{"$f":"'Data for Graphs'!E51","v":196},{"$f":"'Data for Graphs'!D51","v":27.35}]
[null,null,null,null,null,null,null,null,null,null,null,null,null,null,null,null,null,null,null,null,2021,{"$f":"'Data for Graphs'!C52","v":"2021-07-01"},{"$f":"'Data for Graphs'!E52","v":195},{"$f":"'Data for Graphs'!D52","v":27.11}]
[null,null,null,null,null,null,null,null,null,null,null,null,null,null,null,null,null,null,null,null,2021,{"$f":"'Data for Graphs'!C53","v":"2021-08-01"},{"$f":"'Data for Graphs'!E53","v":193},{"$f":"'Data for Graphs'!D53","v":26.95}]
[null,null,null,null,null,null,null,null,null,null,null,null,null,null,null,null,null,null,null,null,2021,{"$f":"'Data for Graphs'!C54","v":"2021-09-01"},{"$f":"'Data for Graphs'!E54","v":193},{"$f":"'Data for Graphs'!D54","v":28.79}]
[null,null,null,null,null,null,null,null,null,null,null,null,null,null,null,null,null,null,null,null,2021,{"$f":"'Data for Graphs'!C55","v":"2021-11-01"},{"$f":"'Data for Graphs'!E55","v":217},{"$f":"'Data for Graphs'!D55","v":35.81}]
[null,null,null,null,null,null,null,null,null,null,null,null,null,null,null,null,null,null,null,null,2021,{"$f":"'Data for Graphs'!C56","v":"2021-12-01"},{"$f":"'Data for Graphs'!E56","v":206},{"$f":"'Data for Graphs'!D56","v":31.65}]
[null,null,null,null,null,null,null,null,null,null,null,null,null,null,null,null,null,null,null,null,2022,{"$f":"'Data for Graphs'!C57","v":"2022-01-01"},{"$f":"'Data for Graphs'!E57","v":201},{"$f":"'Data for Graphs'!D57","v":30.56}]
[null,null,null,null,null,null,null,null,null,null,null,null,null,null,null,null,null,null,null,null,{"$f":"YEAR(V149)","v":2022},{"$f":"'Data for Graphs'!C58","v":"2022-02-01"},{"$f":"'Data for Graphs'!E58","v":203},{"$f":"'Data for Graphs'!D58","v":33.049999999999997}]
[null,null,null,null,null,null,null,null,null,null,null,null,null,null,null,null,null,null,null,null,2022,{"$f":"'Data for Graphs'!C59","v":"2022-03-01"},{"$f":"'Data for Graphs'!E59","v":203},{"$f":"'Data for Graphs'!D59","v":33.07}]
[null,null,null,null,null,null,null,null,null,null,null,null,null,null,null,null,null,null,null,null,2022,{"$f":"'Data for Graphs'!C60","v":"2022-04-01"},{"$f":"'Data for Graphs'!E60","v":201},{"$f":"'Data for Graphs'!D60","v":32.869999999999997}]
[null,null,null,null,null,null,null,null,null,null,null,null,null,null,null,null,null,null,null,null,2022,{"$f":"'Data for Graphs'!C61","v":"2022-05-01"},{"$f":"'Data for Graphs'!E61","v":200},{"$f":"'Data for Graphs'!D61","v":32.119999999999997}]
[null,null,null,null,null,null,null,null,null,null,null,null,null,null,null,null,null,null,null,null,2022,{"$f":"'Data for Graphs'!C62","v":"2022-06-01"},{"$f":"'Data for Graphs'!E62","v":209},{"$f":"'Data for Graphs'!D62","v":32.28}]
[null,null,null,null,null,null,null,null,null,null,null,null,null,null,null,null,null,null,null,null,2022,{"$f":"'Data for Graphs'!C63","v":"2022-06-01"},{"$f":"'Data for Graphs'!E63","v":208},{"$f":"'Data for Graphs'!D63","v":33.15}]
[null,null,null,null,null,null,null,null,null,null,null,null,null,null,null,null,null,null,null,null,2022,{"$f":"'Data for Graphs'!C64","v":"2022-08-01"},{"$f":"'Data for Graphs'!E64","v":217},{"$f":"'Data for Graphs'!D64","v":38.130000000000003}]
[null,null,null,null,null,null,null,null,null,null,null,null,null,null,null,null,null,null,null,null,2022,{"$f":"'Data for Graphs'!C65","v":"2022-09-01"},{"$f":"'Data for Graphs'!E65","v":212},{"$f":"'Data for Graphs'!D65","v":37.07}]
[null,null,null,null,null,null,null,null,null,null,null,null,null,null,null,null,null,null,null,null,{"$error":"#N/A"},{"$f":"'Data for Graphs'!C66","v":{"$error":"#N/A"}},{"$f":"'Data for Graphs'!E66","v":0},{"$f":"'Data for Graphs'!D66","v":0}]
[null,null,null,null,null,null,null,null,null,null,null,null,null,null,null,null,null,null,null,null,{"$error":"#N/A"},{"$f":"'Data for Graphs'!C67","v":{"$error":"#N/A"}},{"$f":"'Data for Graphs'!E67","v":0},{"$f":"'Data for Graphs'!D67","v":0}]
[null,null,null,null,null,null,null,null,null,null,null,null,null,null,null,null,null,null,null,null,{"$error":"#N/A"},{"$f":"'Data for Graphs'!C68","v":{"$error":"#N/A"}},{"$f":"'Data for Graphs'!E68","v":0},{"$f":"'Data for Graphs'!D68","v":0}]
[null,null,null,null,null,null,null,null,null,null,null,null,null,null,null,null,null,null,null,null,{"$error":"#N/A"},{"$f":"'Data for Graphs'!C69","v":{"$error":"#N/A"}},{"$f":"'Data for Graphs'!E69","v":0},{"$f":"'Data for Graphs'!D69","v":0}]
[null,null,null,null,null,null,null,null,null,null,null,null,null,null,null,null,null,null,null,null,{"$error":"#N/A"},{"$f":"'Data for Graphs'!C70","v":{"$error":"#N/A"}},{"$f":"'Data for Graphs'!E70","v":0},{"$f":"'Data for Graphs'!D70","v":0}]
[null,null,null,null,null,null,null,null,null,null,null,null,null,null,null,null,null,null,null,null,{"$error":"#N/A"},{"$f":"'Data for Graphs'!C71","v":{"$error":"#N/A"}},{"$f":"'Data for Graphs'!E71","v":0},{"$f":"'Data for Graphs'!D71","v":0}]
[null,null,null,null,null,null,null,null,null,null,null,null,null,null,null,null,null,null,null,null,{"$error":"#N/A"},{"$f":"'Data for Graphs'!C72","v":{"$error":"#N/A"}},{"$f":"'Data for Graphs'!E72","v":0},{"$f":"'Data for Graphs'!D72","v":0}]
[null,null,null,null,null,null,null,null,null,null,null,null,null,null,null,null,null,null,null,null,{"$error":"#N/A"},{"$f":"'Data for Graphs'!C73","v":{"$error":"#N/A"}},{"$f":"'Data for Graphs'!E73","v":0},{"$f":"'Data for Graphs'!D73","v":0}]
[null,null,null,null,null,null,null,null,null,null,null,null,null,null,null,null,null,null,null,null,{"$error":"#N/A"},{"$f":"'Data for Graphs'!C74","v":{"$error":"#N/A"}},{"$f":"'Data for Graphs'!E74","v":0},{"$f":"'Data for Graphs'!D74","v":0}]
[null,null,null,null,null,null,null,null,null,null,null,null,null,null,null,null,null,null,null,null,{"$error":"#N/A"},{"$f":"'Data for Graphs'!C75","v":{"$error":"#N/A"}},{"$f":"'Data for Graphs'!E75","v":0},{"$f":"'Data for Graphs'!D75","v":0}]
[null,null,null,null,null,null,null,null,null,null,null,null,null,null,null,null,null,null,null,null,{"$error":"#N/A"},{"$f":"'Data for Graphs'!C76","v":{"$error":"#N/A"}},{"$f":"'Data for Graphs'!E76","v":0},{"$f":"'Data for Graphs'!D76","v":0}]
[null,null,null,null,null,null,null,null,null,null,null,null,null,null,null,null,null,null,null,null,{"$error":"#N/A"},{"$f":"'Data for Graphs'!C77","v":{"$error":"#N/A"}},{"$f":"'Data for Graphs'!E77","v":0},{"$f":"'Data for Graphs'!D77","v":0}]
[null,null,null,null,null,null,null,null,null,null,null,null,null,null,null,null,null,null,null,null,{"$error":"#N/A"},{"$f":"'Data for Graphs'!C78","v":{"$error":"#N/A"}},{"$f":"'Data for Graphs'!E78","v":0},{"$f":"'Data for Graphs'!D78","v":0}]

{"sheet":"Polysilicon Cost Curve","index":8,"n_rows":0,"n_cols":0,"rows_kept":0,"cut":false,"hidden":false,"merged":[]}

{"sheet":"Cell vs Module vs Array","index":9,"n_rows":0,"n_cols":0,"rows_kept":0,"cut":false,"hidden":false,"merged":[]}

{"sheet":"Panel only","index":10,"n_rows":40,"n_cols":4,"rows_kept":40,"cut":false,"hidden":false,"merged":[]}
[null,{"$f":"'Data for Graphs'!D1","v":"Silicon USD/kg"},{"$f":"'Data for Graphs'!E1","v":"Polysilcon - Cost/kW"},{"$f":"'Data for Graphs'!F1","v":"Thin Film - Cost/kW"}]
[{"$f":"'Data for Graphs'!C2","v":"2015-02-01"},{"$f":"'Data for Graphs'!D2","v":19.079999999999998},{"$f":"'Data for Graphs'!E2","v":607},{"$f":"'Data for Graphs'!F2","v":634}]
[{"$f":"'Data for Graphs'!C3","v":"2015-05-01"},{"$f":"'Data for Graphs'!D3","v":15.79},{"$f":"'Data for Graphs'!E3","v":555},{"$f":"'Data for Graphs'!F3","v":604}]
[{"$f":"'Data for Graphs'!C4","v":"2015-06-01"},{"$f":"'Data for Graphs'!D4","v":15.58},{"$f":"'Data for Graphs'!E4","v":550},{"$f":"'Data for Graphs'!F4","v":596}]
[{"$f":"'Data for Graphs'!C5","v":"2015-05-01"},{"$f":"'Data for Graphs'!D5","v":15.79},{"$f":"'Data for Graphs'!E5","v":555},{"$f":"'Data for Graphs'!F5","v":604}]
[{"$f":"'Data for Graphs'!C6","v":"2015-11-01"},{"$f":"'Data for Graphs'!D6","v":14.1},{"$f":"'Data for Graphs'!E6","v":561},{"$f":"'Data for Graphs'!F6","v":590}]
[{"$f":"'Data for Graphs'!C7","v":"2016-07-01"},{"$f":"'Data for Graphs'!D7","v":15.9},{"$f":"'Data for Graphs'!E7","v":480},{"$f":"'Data for Graphs'!F7","v":506}]
[{"$f":"'Data for Graphs'!C8","v":"2016-10-01"},{"$f":"'Data for Graphs'!D8","v":12.65},{"$f":"'Data for Graphs'!E8","v":402},{"$f":"'Data for Graphs'!F8","v":420}]
[{"$f":"'Data for Graphs'!C9","v":"2017-01-01"},{"$f":"'Data for Graphs'!D9","v":15.37},{"$f":"'Data for Graphs'!E9","v":358},{"$f":"'Data for Graphs'!F9","v":374}]
[{"$f":"'Data for Graphs'!C10","v":"2017-02-01"},{"$f":"'Data for Graphs'!D10","v":16.22},{"$f":"'Data for Graphs'!E10","v":350},{"$f":"'Data for Graphs'!F10","v":363}]
[{"$f":"'Data for Graphs'!C11","v":"2017-04-01"},{"$f":"'Data for Graphs'!D11","v":14.21},{"$f":"'Data for Graphs'!E11","v":341},{"$f":"'Data for Graphs'!F11","v":353}]
[{"$f":"'Data for Graphs'!C12","v":"2017-06-01"},{"$f":"'Data for Graphs'!D12","v":13.85},{"$f":"'Data for Graphs'!E12","v":333},{"$f":"'Data for Graphs'!F12","v":346}]
[{"$f":"'Data for Graphs'!C13","v":"2017-08-01"},{"$f":"'Data for Graphs'!D13","v":15.55},{"$f":"'Data for Graphs'!E13","v":321},{"$f":"'Data for Graphs'!F13","v":340}]
[{"$f":"'Data for Graphs'!C14","v":"2017-09-01"},{"$f":"'Data for Graphs'!D14","v":16.71},{"$f":"'Data for Graphs'!E14","v":322},{"$f":"'Data for Graphs'!F14","v":341}]
[{"$f":"'Data for Graphs'!C15","v":"2017-10-01"},{"$f":"'Data for Graphs'!D15","v":16.68},{"$f":"'Data for Graphs'!E15","v":318},{"$f":"'Data for Graphs'!F15","v":339}]
[{"$f":"'Data for Graphs'!C16","v":"2017-11-01"},{"$f":"'Data for Graphs'!D16","v":16.66},{"$f":"'Data for Graphs'!E16","v":315},{"$f":"'Data for Graphs'!F16","v":336}]
[{"$f":"'Data for Graphs'!C17","v":"2018-02-01"},{"$f":"'Data for Graphs'!D17","v":17.440000000000001},{"$f":"'Data for Graphs'!E17","v":310},{"$f":"'Data for Graphs'!F17","v":331}]
[{"$f":"'Data for Graphs'!C18","v":"2018-04-01"},{"$f":"'Data for Graphs'!D18","v":15.41},{"$f":"'Data for Graphs'!E18","v":302},{"$f":"'Data for Graphs'!F18","v":322}]
[{"$f":"'Data for Graphs'!C19","v":"2018-06-01"},{"$f":"'Data for Graphs'!D19","v":14.65},{"$f":"'Data for Graphs'!E19","v":292},{"$f":"'Data for Graphs'!F19","v":314}]
[{"$f":"'Data for Graphs'!C20","v":"2018-07-01"},{"$f":"'Data for Graphs'!D20","v":11.16},{"$f":"'Data for Graphs'!E20","v":266},{"$f":"'Data for Graphs'!F20","v":296}]
[{"$f":"'Data for Graphs'!C21","v":"2018-08-01"},{"$f":"'Data for Graphs'!D21","v":11.26},{"$f":"'Data for Graphs'!E21","v":239},{"$f":"'Data for Graphs'!F21","v":274}]
[{"$f":"'Data for Graphs'!C22","v":"2018-09-01"},{"$f":"'Data for Graphs'!D22","v":10.68},{"$f":"'Data for Graphs'!E22","v":234},{"$f":"'Data for Graphs'!F22","v":265}]
[{"$f":"'Data for Graphs'!C23","v":"2018-10-01"},{"$f":"'Data for Graphs'!D23","v":9.75},{"$f":"'Data for Graphs'!E23","v":212},{"$f":"'Data for Graphs'!F23","v":247}]
[{"$f":"'Data for Graphs'!C24","v":"2018-12-01"},{"$f":"'Data for Graphs'!D24","v":9.5299999999999994},{"$f":"'Data for Graphs'!E24","v":204},{"$f":"'Data for Graphs'!F24","v":243}]
[{"$f":"'Data for Graphs'!C25","v":"2019-01-01"},{"$f":"'Data for Graphs'!D25","v":9.26},{"$f":"'Data for Graphs'!E25","v":208},{"$f":"'Data for Graphs'!F25","v":246}]
[{"$f":"'Data for Graphs'!C26","v":"2019-01-01"},{"$f":"'Data for Graphs'!D26","v":8.9},{"$f":"'Data for Graphs'!E26","v":207},{"$f":"'Data for Graphs'!F26","v":245}]
[{"$f":"'Data for Graphs'!C27","v":"2019-03-01"},{"$f":"'Data for Graphs'!D27","v":9.0399999999999991},{"$f":"'Data for Graphs'!E27","v":207},{"$f":"'Data for Graphs'!F27","v":244}]
[{"$f":"'Data for Graphs'!C28","v":"2019-05-01"},{"$f":"'Data for Graphs'!D28","v":8.42},{"$f":"'Data for Graphs'!E28","v":206},{"$f":"'Data for Graphs'!F28","v":246}]
[{"$f":"'Data for Graphs'!C29","v":"2019-05-01"},{"$f":"'Data for Graphs'!D29","v":8.34},{"$f":"'Data for Graphs'!E29","v":204},{"$f":"'Data for Graphs'!F29","v":248}]
[{"$f":"'Data for Graphs'!C30","v":"2019-06-01"},{"$f":"'Data for Graphs'!D30","v":8.14},{"$f":"'Data for Graphs'!E30","v":212},{"$f":"'Data for Graphs'!F30","v":248}]
[{"$f":"'Data for Graphs'!C31","v":"2019-08-01"},{"$f":"'Data for Graphs'!D31","v":7.92},{"$f":"'Data for Graphs'!E31","v":204},{"$f":"'Data for Graphs'!F31","v":245}]
[{"$f":"'Data for Graphs'!C32","v":"2019-09-01"},{"$f":"'Data for Graphs'!D32","v":7.66},{"$f":"'Data for Graphs'!E32","v":200},{"$f":"'Data for Graphs'!F32","v":243}]
[{"$f":"'Data for Graphs'!C33","v":"2019-11-01"},{"$f":"'Data for Graphs'!D33","v":7.5},{"$f":"'Data for Graphs'!E33","v":194},{"$f":"'Data for Graphs'!F33","v":237}]
[{"$f":"'Data for Graphs'!C34","v":"2019-12-01"},{"$f":"'Data for Graphs'!D34","v":7.41},{"$f":"'Data for Graphs'!E34","v":192},{"$f":"'Data for Graphs'!F34","v":236}]
[{"$f":"'Data for Graphs'!C35","v":"2019-12-01"},{"$f":"'Data for Graphs'!D35","v":7.28},{"$f":"'Data for Graphs'!E35","v":192},{"$f":"'Data for Graphs'!F35","v":236}]
[{"$f":"'Data for Graphs'!C36","v":"2020-02-01"},{"$f":"'Data for Graphs'!D36","v":7.1},{"$f":"'Data for Graphs'!E36","v":191},{"$f":"'Data for Graphs'!F36","v":231}]
[{"$f":"'Data for Graphs'!C37","v":"2020-04-01"},{"$f":"'Data for Graphs'!D37","v":6.43},{"$f":"'Data for Graphs'!E37","v":174},{"$f":"'Data for Graphs'!F37","v":218}]
[{"$f":"'Data for Graphs'!C38","v":"2020-05-01"},{"$f":"'Data for Graphs'!D38","v":6.28},{"$f":"'Data for Graphs'!E38","v":168},{"$f":"'Data for Graphs'!F38","v":213}]
[{"$f":"'Data for Graphs'!C39","v":"2020-06-01"},{"$f":"'Data for Graphs'!D39","v":6.19},{"$f":"'Data for Graphs'!E39","v":161},{"$f":"'Data for Graphs'!F39","v":208}]
[{"$f":"'Data for Graphs'!C40","v":"2020-07-01"},{"$f":"'Data for Graphs'!D40","v":8.2100000000000009},{"$f":"'Data for Graphs'!E40","v":160},{"$f":"'Data for Graphs'!F40","v":207}]

{"sheet":"VBA Code","index":11,"n_rows":0,"n_cols":0,"rows_kept":0,"cut":false,"hidden":false,"merged":[]}

{"sheet":"pvinsights 05 02 15","index":12,"n_rows":56,"n_cols":13,"rows_kept":56,"cut":false,"hidden":false,"merged":[]}
[null,"Login","Register","Member Center"]
[]
["Home","Why Solar","Retailer Price","Contract Price","Inverter Price","Weekly Snapshots","Price Download","Monthly Insights","Weekly Forecast","Price Forecast","Premier Insights","Premier Data","Advertising"]
[]
["Final Phase of The 2014 US AD & CVD Key Date and Notice"]
[]
[]
["Solar PV Corporate News Release",null,null,null,null,"PV Poly Silicon Weekly Spot Price"]
["JA Solar Reaches 100MWp of PV Module Shipments to Solarcentury for UK Projects in 2014",null,null,null,null,"Item ","High ","Low ","Average ","AvgChg ","AvgChg% "]
["JA Solar",null,"Jan 05, 2015",null,null,"PV Grade Poly Silicon Price (9N / 9N+) ",20.25,18,19.079999999999998,-0.03,-1.6000000000000001E-3]
["JA Solar Supplies 100MW of Modules to First Large-Scale Solar Farm in Pakistan",null,null,null,null,"2nd Grade Poly Silicon Price (6N - 8N) ",19.25,16.5,18.18,-0.15,-8.2000000000000007E-3]
["JA Solar",null,"Jan 05, 2015",null,null,"Unit: USD/Kg ","Last Update: 2015-02-04"]
["Hanwha Solarone Files Shareholder Circular for Acquisition of Hanwha Q CELLS",null,null,null,null,"Definition of PV Grade: Poly silicon chunk with high purity can be directly produced to Solar PV Ingots / Bricks"]
["Hanwha Solar",null,"Dec 29, 2014",null,null,"Definition of 2nd Grade: Poly silicon chunk must be mixed with high purity polysilicon, when producing Solar PV Ingots / Bricks."]
["Motech and Topcell Announced the Signing of Merger Agreement",null,null,null,null,"Solar PV Wafer Weekly Spot Price "]
["Motech",null,"Dec 26, 2014",null,null,"Item ","High ","Low ","Average ","AvgChg ","AvgChg% "]
["JA Solar Supplies 100MW of Modules to First Large-Scale Solar Farm in Pakistan ",null,null,null,null,"156 mm Multi Solar Wafer ",1,0.81,0.85299999999999998,-1.0999999999999999E-2,-1.2699999999999999E-2]
["JA Solar",null,"Dec 08, 2014",null,null,"156 mm High Eff Multi Solar Wafer ",1,0.84,0.87,-1.6E-2,-1.8100000000000002E-2]
["Latest Solar PV News",null,null,null,null,"156 mm Mono Solar Wafer ",1.24,1.08,1.1319999999999999,-1.7000000000000001E-2,-1.4800000000000001E-2]
[null,null,null,null,null,"125 mm Mono Solar Wafer ",0.71,0.64,0.67,-4.0000000000000001E-3,-5.8999999999999999E-3]
["Global Solar Photovoltaic Balance of System Market Value to Lose $10 Billion ...",null,null,null,null,"156 mm Non (TW or CN) Multi Wafer","Visit here for more detail wafer price information"]
["AltEnergyMag (press release)",null,null,null,"Feb 05, 2015","Unit: USD ","more",null,"Last Update: 2015-02-04"]
["Natcore's Chief Technology Officer Gives Opening Address at World ...",null,null,null,null,"China-made wafers, Ingots and bricks are involved in the US AD and CVD investigations."]
["PR Newswire (press release)",null,null,null,"Feb 05, 2015","Taiwan-made wafers, Ingots, and bricks are involved in the US AD investigation."]
["Clark Public Utilities' community solar program embraced"]
["The Columbian",null,null,null,"Feb 05, 2015"]
["Making Solar \"Wallpaper\" Cheaper, More Efficient"]
["IEEE Spectrum",null,null,null,"Feb 05, 2015"]
["ABQ company becomes official Home Depot solar supplier",null,null,null,null,"Solar PV Cell Weekly Spot Price "]
["Albuquerque Business First",null,null,null,"Feb 05, 2015","Item ","High ","Low ","Average ","AvgChg ","AvgChg % "]
["Power play: Ketron hopes to use solar, geothermal to go off the grid",null,null,null,null,"Multi Cell Price Per Watt ",0.42,0.28999999999999998,0.313,-2E-3,-6.3E-3]
["Kingsport Times News",null,null,null,"Feb 05, 2015","156 mm Multi Solar Cell ",1.89,1.19,1.3440000000000001,-8.0000000000000002E-3,-5.8999999999999999E-3]
["SRP solar critic hits the roof",null,null,null,null,"156 mm Mono Solar Cell ",2.5499999999999998,1.66,1.8109999999999999,-5.0000000000000001E-3,-2.8E-3]
["azcentral.com",null,null,null,"Feb 05, 2015","125 mm Mono Solar Cell ",1.55,0.97,1.0880000000000001,-3.0000000000000001E-3,-2.7000000000000001E-3]
["Israelis to dedicate largest solar field in east Africa",null,null,null,null,"Taiwan Poly Cell Per Watt ",0.42,0.28999999999999998,0.315,-2E-3,-6.3E-3]
["The Times of Israel",null,null,null,"Feb 05, 2015","Non (TW or CN) Poly Cell Per Watt ","Visit here for more detail Cell price information"]
["Elon ponders solar farms within the city",null,null,null,null,"Unit: USD ","more",null,"Last Update: 2015-02-04"]
["Burlington Times News",null,null,null,"Feb 05, 2015","Solar PV Module Weekly Spot Price "]
["This New PG&E Program Will Allow Customers to Go 100 Percent Solar",null,null,null,null,"Item ","High ","Low ","Average ","AvgChg ","AvgChg % "]
["Greentech Media",null,null,null,"Feb 05, 2015","Poly Silicon Solar Module ",0.87,0.5,0.60699999999999998,-4.0000000000000001E-3,-6.4999999999999997E-3]
["Minnesota's Great Leap Into Solar Begins",null,null,null,null,"ThinFilm Solar Module ",0.83,0.5,0.63400000000000001,-2E-3,-3.0999999999999999E-3]
["Greentech Media",null,null,null,"Feb 05, 2015","US Multi Solar Module","Visit here for more detail module price information"]
["Solar power advocates worry over new bill in Statehouse",null,null,null,null,"Mono Silicon Solar Module","Visit here for more detail module price information"]
["WTHI",null,null,null,"Feb 05, 2015","Unit: USD / Watt ","more",null,"Last Update: 2015-02-04"]
["Report: Wind and solar energy have tripled since 2008",null,null,null,null,"All Spot Prices are Tax excluded and updated on Wednesday "]
["Washington Post",null,null,null,"Feb 05, 2015"]
["Washington solar field nears completion after 4 years"]
["NJ.com",null,null,null,"Feb 05, 2015"]
["Using solar energy to improve desalination process"]
["Phys.Org",null,null,null,"Feb 04, 2015"]
["Last Update: 2015-Feb- 05 07:00 (GMT+8)"]
[]
[]
[]
["Price Methodology","Terms of Use","Privacy Policy ","About Us ","Contact Us ","Site Map"]
["Copyright © 2015 PVinsights.com All rights reserved"]

{"sheet":"pvinsights 29 05 15","index":13,"n_rows":56,"n_cols":13,"rows_kept":56,"cut":false,"hidden":false,"merged":[]}
[null,"Login","Register","Member Center",null,null,null,null,null,{"$f":"MATCH(I9,I:I,0)","v":9},{"$f":"INDEX(I:I,J1+1)","v":15.79}]
[]
["Home","Why Solar","Retailer Price","Contract Price","Inverter Price","Weekly Snapshots","Price Download","Monthly Insights","Weekly Forecast","Price Forecast","Premier Insights","Premier Data","Advertising"]
[]
["Final Phase of The 2014 US AD & CVD Key Date and Notice"]
[]
[]
["Solar PV Corporate News Release",null,null,null,null,"PV Poly Silicon Weekly Spot Price"]
["JA Solar and Essel Infraprojects Limited Sign MOU on 500MW PV Joint Venture",null,null,null,null,"Item ","High ","Low ","Average ","AvgChg ","AvgChg% "]
["JA Solar",null,"2015-05-25",null,null,"PV Grade Poly Silicon Price (9N / 9N+) ",16.8,14.9,15.79,-0.05,-3.2000000000000002E-3]
["First Solar, Inc. Announces First Quarter 2015 Financial Results with net loss of USD 62 million",null,null,null,null,"2nd Grade Poly Silicon Price (6N - 8N) ",16.2,10,13.82,-0.1,-7.1999999999999998E-3]
["First Solar",null,"2015-05-01",null,null,"PV Poly Silicon Price in China","Visit here for more detail module price information"]
["Israeli Parliament Solar Project Adopts JA Solar Modules",null,null,null,null,"PV Poly Silicon Price Outside China","Visit here for more detail module price information"]
["JA Solar",null,"2015-04-07",null,null,"Unit: USD/Kg ","more",null,"Last Update: 2015-05-27"]
["JA Solar Supplies Modules Again to First Large-Scale Solar Farm in Central America",null,null,null,null,"Definition of PV Grade: Poly silicon chunk with high purity can be directly produced to Solar PV Ingots / Bricks"]
["JA Solar",null,"2015-03-16",null,null,"Definition of 2nd Grade: Poly silicon chunk must be mixed with high purity polysilicon, when producing Solar PV Ingots / Bricks."]
["Hyundai offers compact 250W high-performance modules for UK rooftop market",null,null,null,null,"Solar PV Wafer Weekly Spot Price "]
["Hyundai",null,"2015-03-12",null,null,"Item ","High ","Low ","Average ","AvgChg ","AvgChg% "]
["Latest Solar PV News",null,null,null,null,"156 mm Multi Solar Wafer ",0.9,0.78,0.80400000000000005,0,0]
[null,null,null,null,null,"156 mm High Eff Multi Solar Wafer ",0.9,0.81,0.82,0,0]
["Solar Photovoltaic Backsheet Market To 2015: Latest Research Analysed",null,null,null,null,"156 mm Mono Solar Wafer ",1.1100000000000001,0.98,1.0149999999999999,-5.0000000000000001E-3,-4.8999999999999998E-3]
["Solar Plaza (press release)",null,null,null,"2015-05-29","125 mm Mono Solar Wafer ",0.66,0.61,0.63100000000000001,-1E-3,-1.6000000000000001E-3]
["JinkoSolar ships 789.2 MW of solar photovoltaic products in Q1, 2015 ...",null,null,null,null,"156 mm Non (TW or CN) Multi Wafer","Visit here for more detail wafer price information"]
["solarserver.com",null,null,null,"2015-05-29","Unit: USD ","more",null,"Last Update: 2015-05-27"]
["European Photovoltaic Industry Association rebrands: SolarPower Europe"]
["solarserver.com",null,null,null,"2015-05-29"]
["Rays Power commissions 31.5 MW solar photovoltaic project in Punjab"]
["Economic Times",null,null,null,"2015-05-29"]
["Supervisors, residents question Warren County solar selection process",null,null,null,null,"Solar PV Cell Weekly Spot Price "]
["Glens Falls Post-Star",null,null,null,"2015-05-29","Item ","High ","Low ","Average ","AvgChg ","AvgChg % "]
["Controversy over location of proposed Upper Valley solar array",null,null,null,null,"Multi Cell Price Per Watt ",0.39,0.26,0.29099999999999998,1E-3,3.3999999999999998E-3]
["WPTZ The Champlain Valley",null,null,null,"2015-05-29","Taiwan Poly Cell Per Watt ",0.39,0.27,0.29399999999999998,2E-3,6.7999999999999996E-3]
["Cedar Falls Utilities pitches solar project to potential investors",null,null,null,null,"156 mm Multi Solar Cell ",1.75,1.07,1.252,4.0000000000000001E-3,3.2000000000000002E-3]
["KCRG",null,null,null,"2015-05-29","156 mm Mono Solar Cell ",2.2999999999999998,1.52,1.6679999999999999,-4.0000000000000001E-3,-2.3999999999999998E-3]
["CA struggles to compute value of solar",null,null,null,null,"125 mm Mono Solar Cell ",1.4,0.89,1.0049999999999999,-2E-3,-2E-3]
["U-T San Diego",null,null,null,"2015-05-29","Non (TW or CN) Poly Cell Per Watt ","Visit here for more detail Cell price information"]
["Big Subsidies Make Solar Power Attractive for Home Developers",null,null,null,null,"Unit: USD ","more",null,"Last Update: 2015-05-27"]
["Wall Street Journal",null,null,null,"2015-05-29","Solar PV Module Weekly Spot Price "]
["Report finds 7.7M renewable energy employees worldwide",null,null,null,null,"Item ","High ","Low ","Average ","AvgChg ","AvgChg % "]
["Fierce Energy",null,null,null,"2015-05-29","Poly Silicon Solar Module ",0.79,0.48,0.55500000000000005,-4.0000000000000001E-3,-7.1999999999999998E-3]
["Department of Defense Moves Forward with Stricter Sourcing Requirements for ...",null,null,null,null,"ThinFilm Solar Module ",0.8,0.47,0.60399999999999998,-5.0000000000000001E-3,-8.2000000000000007E-3]
["The National Law Review",null,null,null,"2015-05-29","US Multi Solar Module","Visit here for more detail module price information"]
["Jinko Solar Q1 Earnings Crush Views, Revenue Shines JKS",null,null,null,null,"Mono Silicon Solar Module","Visit here for more detail module price information"]
["Investor's Business Daily",null,null,null,"2015-05-29","Unit: USD / Watt ","more",null,"Last Update: 2015-05-27"]
["What Was Here Before the Solar System?",null,null,null,null,"All Spot Prices are Tax excluded and updated on Wednesday "]
["Universe Today",null,null,null,"2015-05-29"]
["Albemarle Co. Schools Team Up with Staunton Solar Company"]
["NBC 29 News",null,null,null,"2015-05-29"]
["The Power of Solar: Energy in the Global South"]
["Huffington Post",null,null,null,"2015-05-29"]
["Last Update: 2015-May- 29 14:00 (GMT+8)"]
[]
[]
[]
["Price Methodology","Terms of Use","Privacy Policy ","About Us ","Contact Us ","Site Map"]
["Copyright © 2015 PVinsights.com All rights reserved"]

{"sheet":"pvinsights 15 06 15","index":14,"n_rows":56,"n_cols":13,"rows_kept":56,"cut":false,"hidden":false,"merged":[[43,6,43,7],[43,8,43,10],[44,0,44,4],[44,5,44,10],[52,0,52,4],[52,5,52,10],[48,0,48,4],[49,0,49,3],[50,0,50,4],[50,5,50,10],[51,0,51,4],[51,5,51,10],[44,11,53,11],[45,0,45,3],[45,5,48,10],[46,0,46,4],[47,0,47,3],[53,0,53,4],[53,5,53,10],[34,11,43,11],[35,0,35,3],[35,6,35,10],[36,0,36,4],[36,6,36,7],[36,8,36,10],[37,0,37,3],[42,0,42,4],[42,6,42,10],[34,0,34,4],[38,0,38,4],[39,0,39,3],[40,0,40,4],[41,0,41,3],[41,6,41,10],[43,0,43,3],[24,0,24,4],[24,5,27,10],[24,11,33,11],[25,0,25,3],[26,0,26,4],[27,0,27,3],[28,0,28,4],[29,0,29,3],[30,0,30,4],[31,0,31,3],[32,0,32,4],[33,0,33,3],[14,11,23,11],[15,0,15,1],[16,0,16,2],[17,0,17,1],[18,0,19,4],[14,0,14,2],[20,0,20,4],[21,0,21,3],[22,0,22,4],[22,6,22,10],[23,0,23,3],[23,6,23,7],[23,8,23,10],[3,5,6,5],[4,0,5,4],[4,11,13,11],[7,0,7,2],[8,0,8,2],[9,0,9,1],[10,0,10,2],[11,0,11,1],[11,6,11,10],[12,0,12,2],[12,6,12,10],[13,0,13,1],[13,6,13,7],[13,8,13,10]]}
[null,"Login","Register","Member Center"]
[]
["Home","Why Solar","Retailer Price","Contract Price","Inverter Price","Weekly Snapshots","Price Download","Monthly Insights","Weekly Forecast","Price Forecast","Premier Insights","Premier Data","Advertising"]
[]
["Final Phase of The 2014 US AD & CVD Key Date and Notice"]
[]
[]
["Solar PV Corporate News Release",null,null,null,null,"PV Poly Silicon Weekly Spot Price"]
["JA Solar and Essel Infraprojects Limited Sign MOU on 500MW PV Joint Venture",null,null,null,null,"Item ","High ","Low ","Average ","AvgChg ","AvgChg% "]
["JA Solar",null,"2015-05-25",null,null,"PV Grade Poly Silicon Price (9N / 9N+) ",16.649999999999999,14.8,15.58,-0.11,-7.0000000000000001E-3]
["First Solar, Inc. Announces First Quarter 2015 Financial Results with net loss of USD 62 million",null,null,null,null,"2nd Grade Poly Silicon Price (6N - 8N) ",16.2,10,13.62,-0.08,-5.7999999999999996E-3]
["First Solar",null,"2015-05-01",null,null,"PV Poly Silicon Price in China","Visit here for more detail module price information"]
["Israeli Parliament Solar Project Adopts JA Solar Modules",null,null,null,null,"PV Poly Silicon Price Outside China","Visit here for more detail module price information"]
["JA Solar",null,"2015-04-07",null,null,"Unit: USD/Kg ","more",null,"Last Update: 2015-06-10"]
["JA Solar Supplies Modules Again to First Large-Scale Solar Farm in Central America",null,null,null,null,"Definition of PV Grade: Poly silicon chunk with high purity can be directly produced to Solar PV Ingots / Bricks"]
["JA Solar",null,"2015-03-16",null,null,"Definition of 2nd Grade: Poly silicon chunk must be mixed with high purity polysilicon, when producing Solar PV Ingots / Bricks."]
["Hyundai offers compact 250W high-performance modules for UK rooftop market",null,null,null,null,"Solar PV Wafer Weekly Spot Price "]
["Hyundai",null,"2015-03-12",null,null,"Item ","High ","Low ","Average ","AvgChg ","AvgChg% "]
["Latest Solar PV News",null,null,null,null,"156 mm Multi Solar Wafer ",0.9,0.78,0.80400000000000005,0,0]
[null,null,null,null,null,"156 mm High Eff Multi Solar Wafer ",0.9,0.81,0.82,0,0]
["Dairyland Power Seeks Solar Photovoltaic Energy Resources",null,null,null,null,"156 mm Mono Solar Wafer ",1.1000000000000001,0.96,1,-0.01,-9.9000000000000008E-3]
["Virtual Press Office (press release)",null,null,null,"2015-06-15","125 mm Mono Solar Wafer ",0.65,0.6,0.623,-5.0000000000000001E-3,-8.0000000000000002E-3]
["BSF Gujarat plans to power outposts with photovoltaic installations",null,null,null,null,"156 mm Non (TW or CN) Multi Wafer","Visit here for more detail wafer price information"]
["Greentech Lead",null,null,null,"2015-06-15","Unit: USD ","more",null,"Last Update: 2015-06-10"]
["Hanergy Scraps Talks to Sell $585 Million in Solar Kit to Parent"]
["Bloomberg",null,null,null,"2015-06-15"]
["Solar cells in the roof and nanotechnology in the walls"]
["Phys.Org",null,null,null,"2015-06-15"]
["Exclusive: First Solar's CTO Discusses Record 18.6% Efficient Thin-Film Module",null,null,null,null,"Solar PV Cell Weekly Spot Price "]
["Greentech Media",null,null,null,"2015-06-15","Item ","High ","Low ","Average ","AvgChg ","AvgChg % "]
["National Guard Helping Install Solar Panels Near Porcupine",null,null,null,null,"Multi Cell Price Per Watt ",0.39,0.28000000000000003,0.3,6.0000000000000001E-3,2.0400000000000001E-2]
["KELOLAND TV",null,null,null,"2015-06-15","Taiwan Poly Cell Per Watt ",0.39,0.28999999999999998,0.30299999999999999,6.0000000000000001E-3,2.0199999999999999E-2]
["Adani Group in pact for 10000 mw solar power park in JV with Rajasthan ...",null,null,null,null,"156 mm Multi Solar Cell ",1.75,1.1599999999999999,1.3,3.5999999999999997E-2,2.8500000000000001E-2]
["Economic Times",null,null,null,"2015-06-15","156 mm Mono Solar Cell ",2.2999999999999998,1.52,1.6579999999999999,-4.0000000000000001E-3,-2.3999999999999998E-3]
["Kelso Council to consider community solar project",null,null,null,null,"125 mm Mono Solar Cell ",1.4,0.89,0.997,-4.0000000000000001E-3,-4.0000000000000001E-3]
["Longview Daily News",null,null,null,"2015-06-15","Non (TW or CN) Poly Cell Per Watt ","Visit here for more detail Cell price information"]
["The first solar plane flying around the world",null,null,null,null,"Unit: USD ","more",null,"Last Update: 2015-06-10"]
["USA TODAY",null,null,null,"2015-06-15","Solar PV Module Weekly Spot Price "]
["UBS Lays Out â\u0080\u009cDreamâ\u0080\u009d Solar Scenario: 50% Of Global Generation By 2050",null,null,null,null,"Item ","High ","Low ","Average ","AvgChg ","AvgChg % "]
["CleanTechnica",null,null,null,"2015-06-15","Poly Silicon Solar Module ",0.78,0.48,0.55000000000000004,-2E-3,-3.5999999999999999E-3]
["PUC Founder to submit for 50MW solar photovoltaic plant",null,null,null,null,"ThinFilm Solar Module ",0.8,0.47,0.59599999999999997,-3.0000000000000001E-3,-5.0000000000000001E-3]
["The Sun Daily",null,null,null,"2015-06-15","US Multi Solar Module","Visit here for more detail module price information"]
["Solarize Mass Plainfield-Ashfield-Buckland selects photovoltaic panel installer",null,null,null,null,"Mono Silicon Solar Module","Visit here for more detail module price information"]
["GazetteNET",null,null,null,"2015-06-15","Unit: USD / Watt ","more",null,"Last Update: 2015-06-10"]
["global markets and technologies for photovoltaic systems",null,null,null,null,"All Spot Prices are Tax excluded and updated on Wednesday "]
["Virtual Press Office (press release)",null,null,null,"2015-06-15"]
["Neil Kelly Company Installs Solar Photovoltaic System for Best Western Inn at ..."]
["Benzinga",null,null,null,"2015-06-15"]
["BRIEF-Shenzhen Jiawei Photovoltaic Lighting gets regulatory approval for ..."]
["Reuters",null,null,null,"2015-06-15"]
["Last Update: 2015-Jun- 15 23:01 (GMT+8)"]
[]
[]
[]
["Price Methodology","Terms of Use","Privacy Policy ","About Us ","Contact Us ","Site Map"]
["Copyright © 2015 PVinsights.com All rights reserved"]

{"sheet":"pvinsights 25 09 15","index":15,"n_rows":53,"n_cols":13,"rows_kept":53,"cut":false,"hidden":false,"merged":[[49,0,49,3],[50,0,50,4],[50,5,50,10],[43,0,43,3],[43,6,43,7],[43,8,43,10],[44,0,44,4],[44,5,44,10],[45,0,45,3],[45,5,48,10],[46,0,46,4],[47,0,47,3],[48,0,48,4],[34,11,43,11],[35,0,35,3],[35,6,35,10],[36,0,36,4],[36,6,36,7],[36,8,36,10],[37,0,37,3],[42,0,42,4],[42,6,42,10],[34,0,34,4],[38,0,38,4],[39,0,39,3],[40,0,40,4],[41,0,41,3],[41,6,41,10],[24,0,24,4],[24,5,27,10],[24,11,33,11],[25,0,25,3],[26,0,26,4],[27,0,27,3],[28,0,28,4],[29,0,29,3],[30,0,30,4],[31,0,31,3],[32,0,32,4],[33,0,33,3],[14,11,23,11],[15,0,15,1],[16,0,16,2],[17,0,17,1],[18,0,19,4],[14,0,14,2],[20,0,20,4],[21,0,21,3],[22,0,22,4],[22,6,22,10],[23,0,23,3],[23,6,23,7],[23,8,23,10],[3,5,6,10],[4,0,5,4],[4,11,13,11],[7,0,7,2],[8,0,8,2],[9,0,9,1],[10,0,10,2],[11,0,11,1],[11,6,11,9],[12,0,12,2],[12,6,12,9],[13,0,13,1],[13,6,13,7],[13,8,13,10]]}
[null,"Login","Register","Member Center"]
[]
["Home","Why Solar","Retailer Price","Contract Price","Inverter Price","Weekly Snapshots","Price Download","Monthly Insights","Weekly Forecast","Price Forecast","Premier Insights","Premier Data","Advertising"]
[]
["Final Phase of The 2014 US AD & CVD Key Date and Notice"]
[]
[]
["Solar PV Corporate News Release",null,null,null,null,"PV Poly Silicon Weekly Spot Price"]
["Yingli Green Energy Reports Second Quarter 2015 Results",null,null,null,null,"Item ","High ","Low ","Average ","AvgChg ","AvgChg% "]
["Yingli",null,"2015-09-08",null,null,"PV Grade Poly Silicon Price (9N / 9N+) ",15.7,13.5,14.86,-0.12,-8.0000000000000002E-3]
["Hanwha Q CELLS Reports Second Quarter 2015 Results",null,null,null,null,"2nd Grade Poly Silicon Price (6N - 8N) ",15,10,12.81,-0.09,-7.0000000000000001E-3]
["Hanwha",null,"2015-08-27",null,null,"PV Poly Silicon Price in China ","Visit here for more Poly-Si price",null,null,null,-9.2999999999999992E-3]
["TSMC to Cease Solar Manufacturing Operations",null,null,null,null,"PV Poly Silicon Price Outside China ","Visit here for more Poly-Si price",null,null,null,-4.3E-3]
["TSMC",null,"2015-08-25",null,null,"Unit: USD/Kg ","more",null,"Last Update: 2015-09-23"]
["JinkoSolar Announces Better-Than-Expected Second Quarter 2015 Financial Results",null,null,null,null,"Definition of PV Grade: Poly silicon chunk with high purity can be directly produced to Solar PV Ingots / Bricks"]
["Jinko",null,"2015-08-20",null,null,"Definition of 2nd Grade: Poly silicon chunk must be mixed with high purity polysilicon, when producing Solar PV Ingots / Bricks."]
["Trina Solar Announces $43.1 million of Net Profits for Second Quarter 2015 Results",null,null,null,null,"Solar PV Wafer Weekly Spot Price "]
["Trina",null,"2015-08-18",null,null,"Item ","High ","Low ","Average ","AvgChg ","AvgChg% "]
["Latest Solar PV News",null,null,null,null,"156 mm Multi Solar Wafer ",0.9,0.79,0.81899999999999995,2E-3,2.3999999999999998E-3]
[null,null,null,null,null,"156 mm High Eff Multi Solar Wafer ",0.9,0.8,0.82899999999999996,1E-3,1.1999999999999999E-3]
["BRIEF-01Cyberaton to launch 34 photovoltaic units in Bukowina Tatrzanska, Poland",null,null,null,null,"156 mm Mono Solar Wafer ",1,0.9,0.93200000000000005,-4.0000000000000001E-3,-4.3E-3]
["Reuters",null,null,null,"2015-09-25","125 mm Mono Solar Wafer ",0.63,0.59,0.60799999999999998,-1E-3,-1.6000000000000001E-3]
["Short Sellers Heading for the Sidelines on Solar, Alt Energy Stocks?",null,null,null,null,"156 mm Non (TW or CN) Multi Wafer","Visit here for more detail wafer price information"]
["24/7 Wall St.",null,null,null,"2015-09-25","Unit: USD ","more",null,"Last Update: 2015-09-23"]
["Entergy is OK'd for solar contract"]
["Arkansas Online",null,null,null,"2015-09-25"]
["Turkey Commissions First Utility-Scale CIS Thin-Film Solar PV Plant"]
["CleanTechnica",null,null,null,"2015-09-25"]
["Fraunhofer ISE Sets Another Solar Cell Efficiency Record",null,null,null,null,"Solar PV Cell Weekly Spot Price "]
["CleanTechnica",null,null,null,"2015-09-25","Item ","High ","Low ","Average ","AvgChg ","AvgChg % "]
["Brazil Could Be the Next Global Solar Superpower. But There's Still Work to Do",null,null,null,null,"Multi Cell Price Per Watt ",0.39,0.28000000000000003,0.315,1E-3,3.2000000000000002E-3]
["Greentech Media",null,null,null,"2015-09-25","Taiwan Poly Cell Per Watt ",0.39,0.28999999999999998,0.318,1E-3,3.2000000000000002E-3]
["Space-Based Solar Power: Here's How It Could Work",null,null,null,null,"156 mm Multi Solar Cell ",1.75,1.1599999999999999,1.381,0.01,7.3000000000000001E-3]
["Forbes",null,null,null,"2015-09-25","156 mm Mono Solar Cell ",2.25,1.42,1.609,-8.9999999999999993E-3,-5.5999999999999999E-3]
["EU PVSEC 2015: Photovoltaics becoming mainstream, and cheapest form of ...",null,null,null,null,"125 mm Mono Solar Cell ",1.37,0.84,0.97199999999999998,-3.0000000000000001E-3,-3.0999999999999999E-3]
["solarserver.com",null,null,null,"2015-09-25","Non (TW or CN) Poly Cell Per Watt ","Visit here for more detail Cell price information"]
["Primary schools go photovoltaic",null,null,null,null,"Unit: USD ","more",null,"Last Update: 2015-09-23"]
["Barbados Today",null,null,null,"2015-09-25","Solar PV Module Weekly Spot Price "]
["Global Material for Next Generation Photovoltaics Market Analysis, Trends ...",null,null,null,null,"Item ","High ","Low ","Average ","AvgChg ","AvgChg % "]
["Industry Today (press release)",null,null,null,"2015-09-25","Poly Silicon Solar Module ",0.78,0.48,0.55600000000000005,1E-3,1.8E-3]
["The precision of solar photovoltaic power measurements doubled",null,null,null,null,"ThinFilm Solar Module ",0.79,0.47,0.59199999999999997,0,0]
["Phys.Org",null,null,null,"2015-09-25","US Multi Solar Module","Visit here for more detail module price information"]
["North Carolina reaches solar power milestone",null,null,null,null,"Mono Silicon Solar Module","Visit here for more detail module price information"]
["UPI.com",null,null,null,"2015-09-25","Unit: USD / Watt ","more",null,"Last Update: 2015-09-23"]
["Costa Rica's capital to have solar energy powered traffic lights Public ...",null,null,null,null,"All Spot Prices are Tax excluded and updated on Wednesday "]
["The Tico Times",null,null,null,"2015-09-25"]
["Sacramento State Ready To Play Underdog Spoiler In Prestigious Solar Power ..."]
["CBS Local",null,null,null,"2015-09-25"]
["Want a Solar-Powered Home? Here's a New Battery That Won't Ignite"]
["National Geographic",null,null,null,"2015-09-25"]
["Last Update: 2015-Sep- 25 23:00 (GMT+8)"]
["Price Methodology","Terms of Use","Privacy Policy ","About Us ","Contact Us ","Site Map"]
["Copyright © 2015 PVinsights.com All rights reserved"]

{"sheet":"pvinsights 13 11 15","index":16,"n_rows":53,"n_cols":13,"rows_kept":53,"cut":false,"hidden":false,"merged":[[3,5,6,10],[4,0,5,4],[4,11,13,11],[7,0,7,2],[8,0,8,2],[9,0,9,1],[10,0,10,2],[11,0,11,1],[11,6,11,9],[12,0,12,2],[12,6,12,9],[13,0,13,1],[13,6,13,7],[13,8,13,10],[14,11,23,11],[15,0,15,1],[16,0,16,2],[17,0,17,1],[18,0,19,4],[14,0,14,2],[20,0,20,4],[21,0,21,3],[22,0,22,4],[22,6,22,10],[23,0,23,3],[23,6,23,7],[23,8,23,10],[24,0,24,4],[24,5,27,10],[24,11,33,11],[25,0,25,3],[26,0,26,4],[27,0,27,3],[28,0,28,4],[29,0,29,3],[30,0,30,4],[31,0,31,3],[32,0,32,4],[33,0,33,3],[34,11,43,11],[35,0,35,3],[35,6,35,10],[36,0,36,4],[36,6,36,7],[36,8,36,10],[37,0,37,3],[42,0,42,4],[42,6,42,10],[34,0,34,4],[38,0,38,4],[39,0,39,3],[40,0,40,4],[41,0,41,3],[41,6,41,10],[49,0,49,3],[50,0,50,4],[50,5,50,10],[43,0,43,3],[43,6,43,7],[43,8,43,10],[44,0,44,4],[44,5,44,10],[45,0,45,3],[45,5,48,10],[46,0,46,4],[47,0,47,3],[48,0,48,4]]}
[null,"Login","Register","Member Center"]
[]
["Home","Why Solar","Retailer Price","Contract Price","Inverter Price","Weekly Snapshots","Price Download","Monthly Insights","Weekly Forecast","Price Forecast","Premier Insights","Premier Data","Advertising"]
[]
["Final Phase of The 2014 US AD & CVD Key Date and Notice"]
[]
[]
["Solar PV Corporate News Release",null,null,null,null,"PV Poly Silicon Weekly Spot Price"]
["SunEdison Reports Third Quarter 2015 Results",null,null,null,null,"Item ","High ","Low ","Average ","AvgChg ","AvgChg% "]
["SunEdison",null,"2015-11-10",null,null,"PV Grade Poly Silicon Price (9N / 9N+) ",15.05,12.8,14.1,-0.11,-7.7000000000000002E-3]
["Canadian Solar Reports Third Quarter 2015 Results",null,null,null,null,"2nd Grade Poly Silicon Price (6N - 8N) ",15,10,12.51,0,0]
["Canadian",null,"2015-11-10",null,null,"PV Poly Silicon Price in China ","Visit here for more Poly-Si price",null,null,null,-7.7999999999999996E-3]
["Yingli Green Energy Reports Second Quarter 2015 Results",null,null,null,null,"PV Poly Silicon Price Outside China ","Visit here for more Poly-Si price",null,null,null,-4.4999999999999997E-3]
["Yingli",null,"2015-09-08",null,null,"Unit: USD/Kg ","more",null,"Last Update: 2015-11-11"]
["Hanwha Q CELLS Reports Second Quarter 2015 Results",null,null,null,null,"Definition of PV Grade: Poly silicon chunk with high purity can be directly produced to Solar PV Ingots / Bricks"]
["Hanwha",null,"2015-08-27",null,null,"Definition of 2nd Grade: Poly silicon chunk must be mixed with high purity polysilicon, when producing Solar PV Ingots / Bricks."]
["TSMC to Cease Solar Manufacturing Operations",null,null,null,null,"Solar PV Wafer Weekly Spot Price "]
["TSMC",null,"2015-08-25",null,null,"Item ","High ","Low ","Average ","AvgChg ","AvgChg% "]
["Latest Solar PV News",null,null,null,null,"156 mm Multi Solar Wafer ",0.9,0.81,0.83399999999999996,2E-3,2.3999999999999998E-3]
[null,null,null,null,null,"156 mm High Eff Multi Solar Wafer ",0.9,0.82,0.84299999999999997,2E-3,2.3999999999999998E-3]
["Peru President inaugurates Photovoltaic Power Plant in Southern Peru",null,null,null,null,"156 mm Mono Solar Wafer ",1,0.86,0.91300000000000003,-7.0000000000000001E-3,-7.6E-3]
["Andina - Agencia Peruana de Noticias",null,null,null,"2015-11-13","125 mm Mono Solar Wafer ",0.63,0.56999999999999995,0.59699999999999998,-6.0000000000000001E-3,-0.01]
["City OKs solar park tax abatement",null,null,null,null,"156 mm Non (TW or CN) Multi Wafer","Visit here for more detail wafer price information"]
["The Herald Bulletin",null,null,null,"2015-11-13","Unit: USD ","more",null,"Last Update: 2015-11-11"]
["New â\u0080\u009cInvisibleâ\u0080\u009d Solar Jobs Exposed By 19 Solar Startups"]
["CleanTechnica",null,null,null,"2015-11-13"]
["City of Beaufort mounts effort to encourage solar energy"]
["Island Packet",null,null,null,"2015-11-13"]
["Solar Continues to Beat Fossil Fuel Prices in Chile, Boosting Confidence in ...",null,null,null,null,"Solar PV Cell Weekly Spot Price "]
["Greentech Media",null,null,null,"2015-11-13","Item ","High ","Low ","Average ","AvgChg ","AvgChg % "]
["Action on solar bill at center of fight between Eversource, National Grid and ...",null,null,null,null,"Multi Cell Price Per Watt ",0.39,0.28999999999999998,0.32200000000000001,1E-3,3.0999999999999999E-3]
["MassLive.com",null,null,null,"2015-11-13","Taiwan Poly Cell Per Watt ",0.39,0.3,0.32500000000000001,1E-3,3.0999999999999999E-3]
["How Solar Installations Can Be the Barn-Raisings of the 21st Century",null,null,null,null,"156 mm Multi Solar Cell ",1.75,1.2,1.41,5.0000000000000001E-3,3.5999999999999999E-3]
["Slate Magazine",null,null,null,"2015-11-13","156 mm Mono Solar Cell ",2.25,1.42,1.575,-4.0000000000000001E-3,-2.5000000000000001E-3]
["Photovoltaics Add Value to Homes, Berkeley Lab Study Concludes",null,null,null,null,"125 mm Mono Solar Cell ",1.37,0.84,0.95099999999999996,-3.0000000000000001E-3,-3.0999999999999999E-3]
["Solar Novus Today",null,null,null,"2015-11-13","Non (TW or CN) Poly Cell Per Watt ","Visit here for more detail Cell price information"]
["Research on Transparent Organic Photovoltaic Glass Facades",null,null,null,null,"Unit: USD ","more",null,"Last Update: 2015-11-11"]
["Solar Novus Today",null,null,null,"2015-11-13","Solar PV Module Weekly Spot Price "]
["Appeals Judge Upholds BPU's Decision to Block Solar Farm in Apple Orchard",null,null,null,null,"Item ","High ","Low ","Average ","AvgChg ","AvgChg % "]
["NJ Spotlight",null,null,null,"2015-11-13","Poly Silicon Solar Module ",0.78,0.48,0.56100000000000005,1E-3,1.8E-3]
["First Solar Road Surpasses Expectations",null,null,null,null,"ThinFilm Solar Module ",0.79,0.47,0.59,0,0]
["Triple Pundit (registration) (blog)",null,null,null,"2015-11-13","US Multi Solar Module","Visit here for more detail module price information"]
["Grant awards $2.5 million, funds advancement of new solar energy",null,null,null,null,"Mono Silicon Solar Module","Visit here for more detail module price information"]
["Dailybarometer",null,null,null,"2015-11-13","Unit: USD / Watt ","more",null,"Last Update: 2015-11-11"]
["Japan Gaming Machine Maker Completes 20MW Solar Power Plant",null,null,null,null,"All Spot Prices are Tax excluded and updated on Wednesday "]
["Bloomberg",null,null,null,"2015-11-13"]
["Utility Money Far Outpaces Solar Money in Florida Ballot Standoff Over Grid Access"]
["Greentech Media",null,null,null,"2015-11-13"]
["Sun brewed: Bitter Root Brewing praised for use of solar power system"]
["Ravalli Republic",null,null,null,"2015-11-13"]
["Last Update: 2015-Nov- 13 23:01 (GMT+8)"]
["Price Methodology","Terms of Use","Privacy Policy ","About Us ","Contact Us ","Site Map"]
["Copyright © 2015 PVinsights.com All rights reserved"]

{"sheet":"pvinsights 09 04 16","index":17,"n_rows":53,"n_cols":13,"rows_kept":53,"cut":false,"hidden":false,"merged":[[50,0,50,4],[50,5,50,10],[45,0,45,3],[45,5,48,10],[46,0,46,4],[47,0,47,3],[48,0,48,4],[49,0,49,3],[44,0,44,4],[44,5,44,10],[37,0,37,3],[38,0,38,4],[39,0,39,3],[40,0,40,4],[41,0,41,3],[41,6,41,10],[42,0,42,4],[42,6,42,10],[43,0,43,3],[43,6,43,7],[43,8,43,10],[36,0,36,4],[36,6,36,7],[36,8,36,10],[24,0,24,4],[24,5,27,10],[32,0,32,4],[33,0,33,3],[34,0,34,4],[35,0,35,3],[35,6,35,10],[24,11,33,11],[25,0,25,3],[26,0,26,4],[27,0,27,3],[28,0,28,4],[29,0,29,3],[30,0,30,4],[31,0,31,3],[14,11,23,11],[15,0,15,1],[16,0,16,2],[17,0,17,1],[18,0,19,4],[14,0,14,2],[20,0,20,4],[21,0,21,3],[22,0,22,4],[22,6,22,10],[23,0,23,3],[23,6,23,7],[23,8,23,10],[3,5,6,10],[4,0,5,4],[4,11,13,11],[7,0,7,2],[8,0,8,2],[9,0,9,1],[10,0,10,2],[11,0,11,1],[11,6,11,9],[12,0,12,2],[12,6,12,9],[13,0,13,1],[13,6,13,7],[13,8,13,10]]}
[null,"Login","Register","Member Center"]
[]
["Home","Why Solar","Retailer Price","Contract Price","Inverter Price","Weekly Snapshots","Price Download","Monthly Insights","Weekly Forecast","Price Forecast","Premier Insights","Premier Data","Advertising"]
[]
["Final Phase of The 2014 US AD & CVD Key Date and Notice"]
[]
[]
["Solar PV Corporate News Release",null,null,null,null,"PV Poly Silicon Weekly Spot Price"]
["JinkoSolar Announces Fourth Quarter and Full Year 2015 Financial Results",null,null,null,null,"Item ","High ","Low ","Average ","AvgChg ","AvgChg% "]
["Jinko",null,"2016-03-01",null,null,"PV Grade Poly Silicon Price (9N / 9N+) ",16.5,12.7,14.58,0.14000000000000001,9.7000000000000003E-3]
["JinkoSolar Announces Fourth Quarter and Full Year 2015 Financial Results",null,null,null,null,"2nd Grade Poly Silicon Price (6N - 8N) ",14.4,10.85,12.14,0.08,6.6E-3]
["Jinko",null,"2016-03-01",null,null,"PV Poly Silicon Price in China ","Visit here for more Poly-Si price",null,null,null,1.7600000000000001E-2]
["First Solar, Inc. Announces Fourth Quarter & Full Year 2015 Financial Results",null,null,null,null,"PV Poly Silicon Price Outside China ","Visit here for more Poly-Si price",null,null,null,7.0000000000000001E-3]
["First Solar",null,"2016-02-24",null,null,"Unit: USD/Kg ","more",null,"Last Update: 2016-04-06"]
["SunPower Corp. announced financial results for its fourth quarter and fiscal year ended Jan. 3, 2016",null,null,null,null,"Definition of PV Grade: Poly silicon chunk with high purity can be directly produced to Solar PV Ingots / Bricks"]
["Sunpower",null,"2016-02-18",null,null,"Definition of 2nd Grade: Poly silicon chunk must be mixed with high purity polysilicon, when producing Solar PV Ingots / Bricks."]
["Trina Solar Announces Receipt of a Preliminary Non-Binding Proposal to Acquire the Company",null,null,null,null,"Solar PV Wafer Weekly Spot Price "]
["Trina",null,"2015-12-14",null,null,"Item ","High ","Low ","Average ","AvgChg ","AvgChg% "]
["Latest Solar PV News",null,null,null,null,"156 mm Multi Solar Wafer ",0.92,0.84,0.85699999999999998,-1E-3,-1.1999999999999999E-3]
[null,null,null,null,null,"156 mm High Eff Multi Solar Wafer ",0.92,0.85,0.86399999999999999,-2E-3,-2.3E-3]
["Africa Solar Photovoltaic (PV) Market Size, Regional Analysis, Price,Competitive Landscape & Forecast by 2023 ...",null,null,null,null,"156 mm Mono Solar Wafer ",0.96,0.85,0.89300000000000002,-1E-3,-1.1000000000000001E-3]
["Digital Journal",null,null,null,"2016-04-09","125 mm Mono Solar Wafer ",0.61,0.56999999999999995,0.58899999999999997,0,0]
["Photovoltaic Pump Industry 2016 Japan Market Analysis, Regional Forecasts, Major Applications, Requirements ...",null,null,null,null,"156 mm Non (TW or CN) Multi Wafer","Visit here for more detail wafer price information"]
["Digital Journal",null,null,null,"2016-04-09","Unit: USD ","more",null,"Last Update: 2016-04-06"]
["n-tech Research Announces New Report on Organic Photovoltaic Markets"]
["PRUnderground (press release)",null,null,null,"2016-04-09"]
["New Market Study Published: China Photovoltaic (PV) Glass Industry"]
["NewsMaker (press release)",null,null,null,"2016-04-09"]
["Reader's View: Support officials who see benefits of solar power",null,null,null,null,"Solar PV Cell Weekly Spot Price "]
["Duluth News Tribune",null,null,null,"2016-04-09","Item ","High ","Low ","Average ","AvgChg ","AvgChg % "]
["Massive solar storm would pose considerable dangers â\u0080\u0093 are we ready?",null,null,null,null,"Multi Cell Price Per Watt ",0.39,0.28000000000000003,0.30499999999999999,-0.01,-3.1699999999999999E-2]
["Gizmag",null,null,null,"2016-04-09","Taiwan Poly Cell Per Watt ",0.39,0.28999999999999998,0.307,-1.0999999999999999E-2,-3.4599999999999999E-2]
["PV - Photovoltaic Glass Sales Market 2015 - Costs and Price, Market Trends and Technology Report 2015 By Radiant ...",null,null,null,null,"156 mm Multi Solar Cell ",1.75,1.17,1.345,-4.4999999999999998E-2,-3.2399999999999998E-2]
["Press Release Rocket",null,null,null,"2016-04-09","156 mm Mono Solar Cell ",2.25,1.46,1.591,-4.0000000000000001E-3,-2.5000000000000001E-3]
["\"Solar Photovoltaic (PV) in Republic of Korea, Market Outlook to 2030, Update 2016\" Now Available",null,null,null,null,"125 mm Mono Solar Cell ",1.37,0.86,0.96,-3.0000000000000001E-3,-3.0999999999999999E-3]
["Digital Journal",null,null,null,"2016-04-09","Non (TW or CN) Poly Cell Per Watt ","Visit here for more detail Cell price information"]
["Chile Solar Photovoltaic (PV) Market 2016 Analysis , Size, Share, Outlook 2030",null,null,null,null,"Unit: USD ","more",null,"Last Update: 2016-04-06"]
["Patriarc",null,null,null,"2016-04-09","Solar PV Module Weekly Spot Price "]
["Let the sun shine in: Church adds more solar panels",null,null,null,null,"Item ","High ","Low ","Average ","AvgChg ","AvgChg % "]
["Yakima Herald-Republic",null,null,null,"2016-04-09","Poly Silicon Solar Module ",0.74,0.46,0.53300000000000003,-2E-3,-3.7000000000000002E-3]
["Church installs more solar while awaiting decision",null,null,null,null,"ThinFilm Solar Module ",0.74,0.47,0.56200000000000006,-1E-3,-1.8E-3]
["Greensboro News & Record",null,null,null,"2016-04-09","US Multi Solar Module","Visit here for more detail module price information"]
["UPDATE 1-Solar power firms seek delay to Brazil solar farm startups",null,null,null,null,"Mono Silicon Solar Module","Visit here for more detail module price information"]
["Reuters",null,null,null,"2016-04-09","Unit: USD / Watt ","more",null,"Last Update: 2016-04-06"]
["City considering solar panel installation in downtown",null,null,null,null,"All Spot Prices are Tax excluded and updated on Wednesday "]
["Columbia Daily Tribune",null,null,null,"2016-04-09"]
["San Diego No. 2 in nation for solar"]
["The San Diego Union-Tribune",null,null,null,"2016-04-09"]
["Solar garden backers may seek bill to improve accessibility"]
["The Denver Post",null,null,null,"2016-04-09"]
["Last Update: 2016-Apr- 09 20:00 (GMT+8)"]
["Price Methodology","Terms of Use","Privacy Policy ","About Us ","Contact Us ","Site Map"]
["Copyright © 2016 PVinsights.com All rights reserved"]

{"sheet":"pvinsights 31 07 16","index":18,"n_rows":53,"n_cols":13,"rows_kept":53,"cut":false,"hidden":false,"merged":[[3,5,6,10],[4,0,5,4],[4,11,13,11],[7,0,7,2],[8,0,8,2],[9,0,9,1],[10,0,10,2],[11,0,11,1],[11,6,11,9],[12,0,12,2],[12,6,12,9],[13,0,13,1],[13,6,13,7],[13,8,13,10],[14,11,23,11],[15,0,15,1],[16,0,16,2],[17,0,17,1],[18,0,19,4],[14,0,14,2],[20,0,20,4],[21,0,21,3],[22,0,22,4],[23,0,23,3],[23,6,23,10],[24,11,33,11],[25,0,25,3],[25,5,28,10],[26,0,26,4],[27,0,27,3],[28,0,28,4],[29,0,29,3],[30,0,30,4],[31,0,31,3],[32,0,32,4],[24,0,24,4],[24,6,24,7],[24,8,24,10],[42,6,42,10],[33,0,33,3],[34,0,34,4],[35,0,35,3],[36,0,36,4],[36,6,36,10],[37,0,37,3],[37,6,37,7],[37,8,37,10],[38,0,38,4],[39,0,39,3],[40,0,40,4],[41,0,41,3],[42,0,42,4],[50,0,50,4],[43,0,43,3],[43,6,43,10],[44,0,44,4],[44,6,44,7],[44,8,44,10],[45,0,45,3],[45,5,45,10],[46,0,46,4],[46,5,49,10],[47,0,47,3],[48,0,48,4],[49,0,49,3]]}
[null,"Login","Register","Member Center"]
[]
["Home","Why Solar","Retailer Price","Contract Price","Inverter Price","Weekly Snapshots","Price Download","Monthly Insights","Weekly Forecast","Price Forecast","Premier Insights","Premier Data","Advertising"]
[]
["Final Phase of The 2014 US AD & CVD Key Date and Notice"]
[]
[]
["Solar PV Corporate News Release",null,null,null,null,"PV Poly Silicon Weekly Spot Price"]
["First Solar, Inc. Announces First Quarter 2016 Financial Results",null,null,null,null,"Item ","High ","Low ","Average ","AvgChg ","AvgChg% "]
["First Solar",null,"2016-04-27",null,null,"PV Grade Poly Silicon Price (9N / 9N+) ",17.899999999999999,14,15.9,-0.11,-6.8999999999999999E-3]
["JinkoSolar Announces Fourth Quarter and Full Year 2015 Financial Results",null,null,null,null,"2nd Grade Poly Silicon Price (6N - 8N) ",15.8,11.5,12.98,-0.08,-6.1000000000000004E-3]
["Jinko",null,"2016-03-01",null,null,"PV Poly Silicon Price in China ","Visit here for more Poly-Si price",null,null,null,-7.6E-3]
["JinkoSolar Announces Fourth Quarter and Full Year 2015 Financial Results",null,null,null,null,"PV Poly Silicon Price Outside China ","Visit here for more Poly-Si price",null,null,null,-6.1999999999999998E-3]
["Jinko",null,"2016-03-01",null,null,"Unit: USD/Kg ","more",null,"Last Update: 2016-07-27"]
["First Solar, Inc. Announces Fourth Quarter & Full Year 2015 Financial Results",null,null,null,null,"Definition of PV Grade: Poly silicon chunk with high purity can be directly produced to Solar PV Ingots / Bricks"]
["First Solar",null,"2016-02-24",null,null,"Definition of 2nd Grade: Poly silicon chunk must be mixed with high purity polysilicon, when producing Solar PV Ingots / Bricks."]
["SunPower Corp. announced financial results for its fourth quarter and fiscal year ended Jan. 3, 2016",null,null,null,null,"Solar PV Wafer Weekly Spot Price "]
["Sunpower",null,"2016-02-18",null,null,"Item ","High ","Low ","Average ","AvgChg ","AvgChg% "]
["Latest Solar PV News",null,null,null,null,"156 mm Multi Solar Wafer ",0.8,0.7,0.72499999999999998,-1.4999999999999999E-2,-2.0299999999999999E-2]
[null,null,null,null,null,"156 mm High Eff Multi Solar Wafer ",0.8,0.71,0.73599999999999999,-1.2999999999999999E-2,-1.7399999999999999E-2]
["Solar projects can't save the forest for the trees?",null,null,null,null,"156 mm Mono Solar Wafer ",0.9,0.78,0.81499999999999995,-0.02,-2.4E-2]
["Dubuque Telegraph Herald",null,null,null,"2016-07-31","125 mm Mono Solar Wafer ",0.56999999999999995,0.55000000000000004,0.55200000000000005,-4.0000000000000001E-3,-7.1999999999999998E-3]
["Warnings issued for farmers striking solar deals",null,null,null,null,"156 mm Mono Wafer Outside China ",0.9,0.83,0.84199999999999997,-1.7999999999999999E-2,-2.0899999999999998E-2]
["Lockport Union-Sun & Journal",null,null,null,"2016-07-31","156 mm Multi Wafer Outside China","Visit here for more detail wafer price information"]
["How NASA's Juno Will Teach Us About Other Solar Systems",null,null,null,null,"Unit: USD ","more",null,"Last Update: 2016-07-27"]
["Forbes",null,null,null,"2016-07-31"]
["Optimum Tracker Selected for 30MW Photovoltaic Plant in Senegal"]
["Solar Novus Today",null,null,null,"2016-07-31"]
["Solar project and history, Roosevelt School's fate"]
["Great Falls Tribune",null,null,null,"2016-07-31","Solar PV Cell Weekly Spot Price "]
["American Solar Challenge underway",null,null,null,null,"Item ","High ","Low ","Average ","AvgChg ","AvgChg % "]
["WKYC-TV",null,null,null,"2016-07-31","Multi Cell Price Per Watt ",0.35,0.23,0.25,-5.0000000000000001E-3,-1.9599999999999999E-2]
["Vivint Solar & Renovate America Partnering To Expand Homeowner Access To Rooftop Solar PV Financing",null,null,null,null,"Taiwan Poly Cell Per Watt ",0.35,0.24,0.254,-6.0000000000000001E-3,-2.3099999999999999E-2]
["CleanTechnica",null,null,null,"2016-07-31","156 mm Multi Solar Cell ",1.6,0.98,1.1220000000000001,-2.1000000000000001E-2,-1.84E-2]
["New solar options for home and business owners coming to Weare",null,null,null,null,"156 mm Mono Solar Cell ",1.84,1.18,1.333,-4.2000000000000003E-2,-3.0499999999999999E-2]
["Concord Monitor",null,null,null,"2016-07-31","125 mm Mono Solar Cell ",1.1399999999999999,0.7,0.80700000000000005,-2.7E-2,-3.2399999999999998E-2]
["This one book will help you better understand solar energy",null,null,null,null,"Non (TW or CN) Poly Cell Per Watt ","Visit here for more detail Cell price information"]
["The San Gabriel Valley Tribune",null,null,null,"2016-07-31","Unit: USD ","more",null,"Last Update: 2016-07-27"]
["American Solar Challenge is underway | WKYC.com",null,null,null,null,"Solar PV Module Weekly Spot Price "]
["WKYC-TV",null,null,null,"2016-07-31","Item ","High ","Low ","Average ","AvgChg ","AvgChg % "]
["Breakthrough invention of solar cell that works like a plant",null,null,null,null,"Poly Silicon Solar Module ",0.67,0.4,0.48,-7.0000000000000001E-3,-1.44E-2]
["The Indian Express",null,null,null,"2016-07-31","ThinFilm Solar Module ",0.68,0.4,0.50600000000000001,-6.0000000000000001E-3,-1.17E-2]
["Solar deals come with caveats for farmers | Local News ...",null,null,null,null,"US Multi Solar Module","Visit here for more detail module price information"]
["Plattsburgh Press Republican",null,null,null,"2016-07-31","Mono Silicon Solar Module","Visit here for more detail module price information"]
["New solar option rises for county",null,null,null,null,"Unit: USD / Watt ","more",null,"Last Update: 2016-07-27"]
["Niagara Gazette",null,null,null,"2016-07-31","All Spot Prices are Tax excluded and updated on Wednesday "]
["How Juno Gathers Solar Power 588 Million KM from Sun"]
["EE Times",null,null,null,"2016-07-31"]
["MIT researchers host Reddit Ask Me Anything session on photovoltaic EDR system"]
["desalination.biz",null,null,null,"2016-07-30"]
["Last Update: 2016-Jul- 31 20:00 (GMT+8)"]
["Price Methodology","Terms of Use","Privacy Policy ","About Us ","Contact Us ","Site Map"]
["Copyright © 2016 PVinsights.com All rights reserved"]

{"sheet":"pvinsights 01 08 16","index":19,"n_rows":53,"n_cols":13,"rows_kept":53,"cut":false,"hidden":false,"merged":[[3,5,6,10],[4,0,5,4],[4,11,13,11],[7,0,7,2],[8,0,8,2],[9,0,9,1],[10,0,10,2],[11,0,11,1],[11,6,11,9],[12,0,12,2],[12,6,12,9],[13,0,13,1],[13,6,13,7],[13,8,13,10],[14,11,23,11],[15,0,15,1],[16,0,16,2],[17,0,17,1],[18,0,19,4],[14,0,14,2],[20,0,20,4],[21,0,21,3],[22,0,22,4],[23,0,23,3],[23,6,23,10],[24,11,33,11],[25,0,25,3],[25,5,28,10],[26,0,26,4],[27,0,27,3],[28,0,28,4],[29,0,29,3],[30,0,30,4],[31,0,31,3],[32,0,32,4],[24,0,24,4],[24,6,24,7],[24,8,24,10],[42,6,42,10],[33,0,33,3],[34,0,34,4],[35,0,35,3],[36,0,36,4],[36,6,36,10],[37,0,37,3],[37,6,37,7],[37,8,37,10],[38,0,38,4],[39,0,39,3],[40,0,40,4],[41,0,41,3],[42,0,42,4],[50,0,50,4],[43,0,43,3],[43,6,43,10],[44,0,44,4],[44,6,44,7],[44,8,44,10],[45,0,45,3],[45,5,45,10],[46,0,46,4],[46,5,49,10],[47,0,47,3],[48,0,48,4],[49,0,49,3]]}
[null,"Login","Register","Member Center"]
[]
["Home","Why Solar","Retailer Price","Contract Price","Inverter Price","Weekly Snapshots","Price Download","Monthly Insights","Weekly Forecast","Price Forecast","Premier Insights","Premier Data","Advertising"]
[]
["Final Phase of The 2014 US AD & CVD Key Date and Notice"]
[]
[]
["Solar PV Corporate News Release",null,null,null,null,"PV Poly Silicon Weekly Spot Price"]
["First Solar, Inc. Announces First Quarter 2016 Financial Results",null,null,null,null,"Item ","High ","Low ","Average ","AvgChg ","AvgChg% "]
["First Solar",null,"2016-04-27",null,null,"PV Grade Poly Silicon Price (9N / 9N+) ",17.899999999999999,14,15.9,-0.11,-6.8999999999999999E-3]
["JinkoSolar Announces Fourth Quarter and Full Year 2015 Financial Results",null,null,null,null,"2nd Grade Poly Silicon Price (6N - 8N) ",15.8,11.5,12.98,-0.08,-6.1000000000000004E-3]
["Jinko",null,"2016-03-01",null,null,"PV Poly Silicon Price in China ","Visit here for more Poly-Si price",null,null,null,-7.6E-3]
["JinkoSolar Announces Fourth Quarter and Full Year 2015 Financial Results",null,null,null,null,"PV Poly Silicon Price Outside China ","Visit here for more Poly-Si price",null,null,null,-6.1999999999999998E-3]
["Jinko",null,"2016-03-01",null,null,"Unit: USD/Kg ","more",null,"Last Update: 2016-07-27"]
["First Solar, Inc. Announces Fourth Quarter & Full Year 2015 Financial Results",null,null,null,null,"Definition of PV Grade: Poly silicon chunk with high purity can be directly produced to Solar PV Ingots / Bricks"]
["First Solar",null,"2016-02-24",null,null,"Definition of 2nd Grade: Poly silicon chunk must be mixed with high purity polysilicon, when producing Solar PV Ingots / Bricks."]
["SunPower Corp. announced financial results for its fourth quarter and fiscal year ended Jan. 3, 2016",null,null,null,null,"Solar PV Wafer Weekly Spot Price "]
["Sunpower",null,"2016-02-18",null,null,"Item ","High ","Low ","Average ","AvgChg ","AvgChg% "]
["Latest Solar PV News",null,null,null,null,"156 mm Multi Solar Wafer ",0.8,0.7,0.72499999999999998,-1.4999999999999999E-2,-2.0299999999999999E-2]
[null,null,null,null,null,"156 mm High Eff Multi Solar Wafer ",0.8,0.71,0.73599999999999999,-1.2999999999999999E-2,-1.7399999999999999E-2]
["UMass Amherst installing thousands of photovoltaic panels",null,null,null,null,"156 mm Mono Solar Wafer ",0.9,0.78,0.81499999999999995,-0.02,-2.4E-2]
["The Recorder",null,null,null,"2016-08-01","125 mm Mono Solar Wafer ",0.56999999999999995,0.55000000000000004,0.55200000000000005,-4.0000000000000001E-3,-7.1999999999999998E-3]
["Telangana beats solar power target; 10 per cent more than demand",null,null,null,null,"156 mm Mono Wafer Outside China ",0.9,0.83,0.84199999999999997,-1.7999999999999999E-2,-2.0899999999999998E-2]
["Deccan Chronicle",null,null,null,"2016-08-01","156 mm Multi Wafer Outside China","Visit here for more detail wafer price information"]
["Cycle Of Life: 79 days, 7513 km to raise solar awareness, IIT innovator peddles his way to glory",null,null,null,null,"Unit: USD ","more",null,"Last Update: 2016-07-27"]
["The Indian Express",null,null,null,"2016-08-01"]
["DESERT SOLAR: Here's how researchers hope to track bird deaths at Ivanpah plant"]
["Press-Enterprise",null,null,null,"2016-08-01"]
["Artificial Leaf: New Solar Cell Uses Carbon Dioxide And Sunlight To ..."]
["Tech Times",null,null,null,"2016-08-01","Solar PV Cell Weekly Spot Price "]
["Solar solution for Barmer's water woes",null,null,null,null,"Item ","High ","Low ","Average ","AvgChg ","AvgChg % "]
["Times of India",null,null,null,"2016-08-01","Multi Cell Price Per Watt ",0.35,0.23,0.25,-5.0000000000000001E-3,-1.9599999999999999E-2]
["Renewables Advocates Assess 'Stark' Difference Between Clinton and Trump On Solar and Wind",null,null,null,null,"Taiwan Poly Cell Per Watt ",0.35,0.24,0.254,-6.0000000000000001E-3,-2.3099999999999999E-2]
["Forbes",null,null,null,"2016-08-01","156 mm Multi Solar Cell ",1.6,0.98,1.1220000000000001,-2.1000000000000001E-2,-1.84E-2]
["Valley man creates solar-powered pool cleaner",null,null,null,null,"156 mm Mono Solar Cell ",1.84,1.18,1.333,-4.2000000000000003E-2,-3.0499999999999999E-2]
["FOX 10 News Phoenix",null,null,null,"2016-08-01","125 mm Mono Solar Cell ",1.1399999999999999,0.7,0.80700000000000005,-2.7E-2,-3.2399999999999998E-2]
["Will TeslaSolar continue to outsource the brain of its solar systems â\u0080\u0093 the inverter â\u0080\u0093 or develop in house?",null,null,null,null,"Non (TW or CN) Poly Cell Per Watt ","Visit here for more detail Cell price information"]
["Electrek",null,null,null,"2016-08-01","Unit: USD ","more",null,"Last Update: 2016-07-27"]
["Could The Next Solar Power Plant Be At Chernobyl?",null,null,null,null,"Solar PV Module Weekly Spot Price "]
["Forbes",null,null,null,"2016-08-01","Item ","High ","Low ","Average ","AvgChg ","AvgChg % "]
["Lowell hoping to power up solar project at treatment plant | Lake ...",null,null,null,null,"Poly Silicon Solar Module ",0.67,0.4,0.48,-7.0000000000000001E-3,-1.44E-2]
["nwitimes.com",null,null,null,"2016-08-01","ThinFilm Solar Module ",0.68,0.4,0.50600000000000001,-6.0000000000000001E-3,-1.17E-2]
["Solar Device Turns Carbon Dioxide Into Burnable Energy",null,null,null,null,"US Multi Solar Module","Visit here for more detail module price information"]
["Headlines & Global News",null,null,null,"2016-08-01","Mono Silicon Solar Module","Visit here for more detail module price information"]
["Warnings issued for farmers striking solar deals | Local News ...",null,null,null,null,"Unit: USD / Watt ","more",null,"Last Update: 2016-07-27"]
["Lockport Union-Sun & Journal",null,null,null,"2016-08-01","All Spot Prices are Tax excluded and updated on Wednesday "]
["Cycle Of Life: 9 days, 7513 km to raise solar awareness, IIT innovator peddles his way to glory"]
["The Indian Express",null,null,null,"2016-08-01"]
["Chernobyl Wasteland Could Become One Large Solar Plant | Digital ..."]
["Digital Trends",null,null,null,"2016-08-01"]
["Last Update: 2016-Aug- 01 14:00 (GMT+8)"]
["Price Methodology","Terms of Use","Privacy Policy ","About Us ","Contact Us ","Site Map"]
["Copyright © 2016 PVinsights.com All rights reserved"]

{"sheet":"pvinsights 02 10 16","index":20,"n_rows":54,"n_cols":13,"rows_kept":54,"cut":false,"hidden":false,"merged":[[51,0,51,4],[44,0,44,4],[44,6,44,10],[45,0,45,3],[45,6,45,7],[45,8,45,10],[46,0,46,4],[46,5,46,10],[47,0,47,3],[47,5,50,10],[48,0,48,4],[49,0,49,3],[50,0,50,4],[43,0,43,3],[43,6,43,10],[36,0,36,4],[36,6,36,10],[37,0,37,3],[37,6,37,7],[37,8,37,10],[38,0,38,4],[39,0,39,3],[40,0,40,4],[41,0,41,3],[42,0,42,4],[42,6,42,10],[35,0,35,3],[24,0,24,4],[24,6,24,7],[24,8,24,10],[24,11,33,11],[25,0,25,3],[25,5,28,10],[26,0,26,4],[27,0,27,3],[28,0,28,4],[29,0,29,3],[30,0,30,4],[31,0,31,3],[32,0,32,4],[33,0,33,3],[34,0,34,4],[14,11,23,11],[15,0,15,1],[16,0,16,2],[17,0,17,1],[18,0,19,4],[14,0,14,2],[20,0,20,4],[21,0,21,3],[22,0,22,4],[22,6,22,10],[23,0,23,3],[23,6,23,10],[3,5,6,10],[4,0,5,4],[4,11,13,11],[7,0,7,2],[8,0,8,2],[9,0,9,1],[10,0,10,2],[11,0,11,1],[11,6,11,9],[12,0,12,2],[12,6,12,9],[13,0,13,1],[13,6,13,7],[13,8,13,10]]}
[null,"Login","Register","Member Center"]
[]
["Home","Why Solar","Retailer Price","Contract Price","Inverter Price","Weekly Snapshots","Price Download","Monthly Insights","Weekly Forecast","Price Forecast","Premier Insights","Premier Data","Advertising"]
[]
["Final Phase of The 2014 US AD & CVD Key Date and Notice"]
[]
[]
["Solar PV Corporate News Release",null,null,null,null,"PV Poly Silicon Weekly Spot Price"]
["Hanwha Q CELLS Reports Second Quarter 2016 Results",null,null,null,null,"Item ","High ","Low ","Average ","AvgChg ","AvgChg% "]
["Hanwha Solar",null,"2016-08-23",null,null,"PV Grade PolySilicon (9N/9N+) ",14.5,11,12.65,-0.18,-1.4E-2]
["Yingli Green Energy Reports Second Quarter 2016 Results",null,null,null,null,"2nd Grade PolySilicon (6N-8N) ",13.5,10,10.98,-0.17,-1.52E-2]
["Yingli",null,"2016-08-23",null,null,"PV Grade PolySilicon in China (9N/9N+) ","Visit here for more Poly-Si price",null,null,null,"%"]
["Canadian Solar Reports Second Quarter 2016 Results",null,null,null,null,"PV Grade PolySilicon Outside China (9N/9N+) ","Visit here for more Poly-Si price",null,null,null,"%"]
["Canadian Sol",null,"2016-08-18",null,null,"Unit: USD/Kg ","more",null,"Last Update: 2016-09-28"]
["JA Solar Announces Second Quarter 2016 Results",null,null,null,null,"Definition of PV Grade: Poly silicon chunk with high purity can be directly produced to Solar PV Ingots / Bricks"]
["JA Solar",null,"2016-08-17",null,null,"Definition of 2nd Grade: Poly silicon chunk must be mixed with high purity polysilicon, when producing Solar PV Ingots / Bricks."]
["SunPower Reports Second Quarter 2016 Results",null,null,null,null,"Solar PV Wafer Weekly Spot Price "]
["SunPower",null,"2016-08-10",null,null,"Item ","High ","Low ","Average ","AvgChg ","AvgChg% "]
["Latest Solar PV News",null,null,null,null,"156 mm Multi Solar Wafer ",0.59,0.48,0.51,0,0]
[null,null,null,null,null,"156 mm High Eff Multi Solar Wafer ",0.59,0.5,0.51600000000000001,0,0]
["Photovoltaic Solar panels is anticipated to reach $125.5 billion till year 2016.",null,null,null,null,"156 mm Mono Solar Wafer ",0.72,0.63,0.65400000000000003,0,0]
["NewsMaker (press release)",null,null,null,"2016-10-02","156 mm Mono Wafer Outside China ",0.72,0.67,0.67500000000000004,0,0]
["Home News The Solar Industry Is Set To Soar Again Through the Use of...",null,null,null,null,"156 mm Multi Wafer Outside China","Visit here for more detail wafer price information"]
["Trendintech (press release)",null,null,null,"2016-10-02","156 mm N-Mono Wafer","Visit here for more detail"]
["Results for DC Solar 350 Truck Series race in Las Vegas",null,null,null,null,"Unit: USD ","more",null,"Last Update: 2016-09-28"]
["FOXSports.com",null,null,null,"2016-10-02"]
["Solar deals carry risks for farmers"]
["Lockport Union-Sun & Journal",null,null,null,"2016-10-02"]
["Hawaii Sitting On The Lid Of A Solar Explosion"]
["Forbes",null,null,null,"2016-10-02","Solar PV Cell Weekly Spot Price "]
["Perovskite Photovoltaics 2015-2025: Technologies, Markets, Players",null,null,null,null,"Item ","High ","Low ","Average ","AvgChg ","AvgChg % "]
["PR Newswire (press release)",null,null,null,"2016-10-02","Multi Cell Price Per Watt ",0.28000000000000003,0.17,0.188,0,0]
["Solar project to add power to West Boylston grid",null,null,null,null,"Taiwan Poly Cell Per Watt ",0.28000000000000003,0.17,0.19,0,0]
["Worcester Telegram",null,null,null,"2016-10-02","156 mm Multi Solar Cell ",1.28,0.72,0.84299999999999997,0,0]
["Solar power attractive for region - Eau Claire Leader-Telegram",null,null,null,null,"156 mm Mono Solar Cell ",1.49,0.95,1.032,0,0]
["Leader-Telegram",null,null,null,"2016-10-02","125 mm Mono Solar Cell ",0.93,0.56999999999999995,0.63300000000000001,0,0]
["Facts About the Solar Storm -- Massive Radiation Blasting the Earth",null,null,null,null,"Non (TW or CN) Poly Cell Per Watt ","Visit here for more detail Cell price information"]
["Nature World News",null,null,null,"2016-10-02","Unit: USD ","more",null,"Last Update: 2016-09-28"]
["East Dundee's new police station part of Illinois Solar Tour",null,null,null,null,"Solar PV Module Weekly Spot Price "]
["Chicago Tribune",null,null,null,"2016-10-02","Item ","High ","Low ","Average ","AvgChg ","AvgChg % "]
["Northern Idaho Solar Roadway Unveiling Pushed to Saturday",null,null,null,null,"Poly Silicon Solar Module ",0.53,0.34,0.40200000000000002,-8.0000000000000002E-3,-1.95E-2]
["Boise Weekly",null,null,null,"2016-10-02","ThinFilm Solar Module ",0.54,0.34,0.42,-0.01,-2.3300000000000001E-2]
["Elgin mayor touts solar power by showcasing his house on tour",null,null,null,null,"US Multi Solar Module","Visit here for more detail module price information"]
["Chicago Tribune",null,null,null,"2016-10-02","Mono Silicon Solar Module","Visit here for more detail module price information"]
["Weekend Workshop: Keep on rocking off the grid with a DIY solar Bluetooth speaker",null,null,null,null,"India Poly Module","Visit here for more detail module price information"]
["Digital Trends",null,null,null,"2016-10-02","Unit: USD / Watt ","more",null,"Last Update: 2016-09-28"]
["NREL Report Shows US Solar Photovoltaic Costs Continuing to Fall in 2016",null,null,null,null,"All Spot Prices are Tax excluded and updated on Wednesday "]
["AltEnergyMag (press release)",null,null,null,"2016-10-01"]
["10 megawatt solar photovoltaic power plant for Monrovia"]
["Liberian Daily Observer",null,null,null,"2016-10-01"]
["Last Update: 2016-Oct- 02 14:01 (GMT+8)"]
[]
["Price Methodology","Terms of Use","Privacy Policy ","About Us ","Contact Us ","Site Map"]
["Copyright © 2016 PVinsights.com All rights reserved"]

{"sheet":"pvinsights 08 01 17","index":21,"n_rows":53,"n_cols":13,"rows_kept":53,"cut":false,"hidden":false,"merged":[[3,5,6,10],[4,0,5,4],[4,11,13,11],[7,0,7,2],[8,0,8,2],[9,0,9,1],[10,0,10,2],[11,0,11,1],[11,6,11,9],[12,0,12,2],[12,6,12,9],[13,0,13,1],[13,6,13,7],[13,8,13,10],[14,11,23,11],[15,0,15,1],[16,0,16,2],[17,0,17,1],[18,0,19,4],[14,0,14,2],[20,0,20,4],[21,0,21,3],[22,0,22,4],[22,6,22,10],[23,0,23,3],[23,6,23,10],[35,0,35,3],[24,0,24,4],[24,6,24,7],[24,8,24,10],[24,11,33,11],[25,0,25,3],[25,5,28,10],[26,0,26,4],[27,0,27,3],[28,0,28,4],[29,0,29,3],[30,0,30,4],[31,0,31,3],[32,0,32,4],[33,0,33,3],[34,0,34,4],[43,0,43,3],[43,6,43,10],[36,0,36,4],[36,6,36,10],[37,0,37,3],[37,6,37,7],[37,8,37,10],[38,0,38,4],[39,0,39,3],[40,0,40,4],[41,0,41,3],[42,0,42,4],[42,6,42,10],[50,0,50,4],[50,5,50,10],[44,0,44,4],[44,6,44,10],[45,0,45,3],[45,6,45,7],[45,8,45,10],[46,0,46,4],[46,5,46,10],[47,0,47,3],[48,0,48,4],[48,5,48,10],[49,0,49,3],[49,5,49,10]]}
[null,"Login","Register","Member Center"]
[]
["Home","Why Solar","Retailer Price","Contract Price","Inverter Price","Weekly Snapshots","Price Download","Monthly Insights","Weekly Forecast","Price Forecast","Premier Insights","Premier Data","Advertising"]
[]
["Final Phase of The 2014 US AD & CVD Key Date and Notice"]
[]
[]
["Solar PV Corporate News Release",null,null,null,null,"PV Poly Silicon Weekly Spot Price"]
["Trina Solar Announces Third Quarter 2016 Results",null,null,null,null,"Item ","High ","Low ","Average ","AvgChg ","AvgChg% "]
["Trina Solar",null,"Nov 23, 2016",null,null,"PV Grade PolySilicon (9N/9N+) ",17.5,13,15.37,0.14000000000000001,9.1999999999999998E-3]
["Canadian Solar Reports Third Quarter 2016 Results",null,null,null,null,"2nd Grade PolySilicon (6N-8N) ",16.5,11.5,13.1,0.1,7.7000000000000002E-3]
["Canadian Sol",null,"Nov 21, 2016",null,null,"PV Grade PolySilicon in China (9N/9N+) ","Visit here for more Poly-Si price",null,null,null,"%"]
["JASolar Announces Third Quarter 2016 Financial Results",null,null,null,null,"PV Grade PolySilicon Outside China (9N/9N+) ","Visit here for more Poly-Si price",null,null,null,"%"]
["JA Solar",null,"Nov 17, 2016",null,null,"Unit: USD/Kg ","more",null,"Last Update: 2017-01-04"]
["JinkoSolar Announces Third Quarter 2016 Financial Results",null,null,null,null,"Definition of PV Grade: Poly silicon chunk with high purity can be directly produced to Solar PV Ingots / Bricks"]
["Jinko",null,"Nov 16, 2016",null,null,"Definition of 2nd Grade: Poly silicon chunk must be mixed with high purity polysilicon, when producing Solar PV Ingots / Bricks."]
["SunPower Reports Third Quarter 2016 Results",null,null,null,null,"Solar PV Wafer Weekly Spot Price "]
["SunPower",null,"Nov 10, 2016",null,null,"Item ","High ","Low ","Average ","AvgChg ","AvgChg% "]
["Latest Solar PV News",null,null,null,null,"156 mm Multi Solar Wafer ",0.68,0.61,0.621,-2E-3,-3.2000000000000002E-3]
[null,null,null,null,null,"156 mm High Eff Multi Solar Wafer ",0.68,0.62,0.626,-2E-3,-3.2000000000000002E-3]
["Solar Farm Companies Stock Explode in Wake of De-Regulation",null,null,null,null,"156 mm Mono Solar Wafer ",0.85,0.74,0.77,0,0]
["Yahoo Finance",null,null,null,"Jan 08, 2017","156 mm Mono Wafer Outside China ",0.85,0.78,0.79800000000000004,0,0]
["Solar Bears fall 5-2 to Colorado Eagles - Orlando Sentinel",null,null,null,null,"156 mm Multi Wafer Outside China","Visit here for more detail wafer price information"]
["Orlando Sentinel",null,null,null,"Jan 08, 2017","156 mm N-Mono Wafer","Visit here for more detail"]
["A star is hurtling towards our solar system and could knock millions of asteroids straight towards Earth",null,null,null,null,"Unit: USD ","more",null,"Last Update: 2017-01-04"]
["Business Insider",null,null,null,"Jan 08, 2017"]
["LETTER: Solar bylaw amendment proposal - News - Wicked Local ..."]
["Wicked Local Brockton",null,null,null,"Jan 08, 2017"]
["Building-Integrated Photovoltaic (BIPV) Roofing Market â\u0080\u0093 Global Industry Analysis 2024"]
["Satellite PR News (press release)",null,null,null,"Jan 08, 2017","Solar PV Cell Weekly Spot Price "]
["Solar Bears fall 5-2 to Colorado Eagles",null,null,null,null,"Item ","High ","Low ","Average ","AvgChg ","AvgChg % "]
["Orlando Sentinel",null,null,null,"Jan 08, 2017","Multi Cell Price Per Watt ",0.26,0.2,0.21299999999999999,-2E-3,-9.2999999999999992E-3]
["Solar storms trigger sparks, melt soil on Moon: NASA",null,null,null,null,"Taiwan Poly Cell Per Watt ",0.26,0.21,0.214,-2E-3,-9.2999999999999992E-3]
["Economic Times",null,null,null,"Jan 08, 2017","156 mm Multi Solar Cell ",1.19,0.85,0.95499999999999996,-0.01,-1.04E-2]
["Kenai Wildlife Refuge to track solar energy output",null,null,null,null,"156 mm Mono Solar Cell ",1.75,1.04,1.143,-8.9999999999999993E-3,-7.7999999999999996E-3]
["Juneau Empire (subscription)",null,null,null,"Jan 08, 2017","125 mm Mono Solar Cell ",1.0900000000000001,0.62,0.7,-6.0000000000000001E-3,-8.5000000000000006E-3]
["LETTER: Solar bylaw amendment proposal",null,null,null,null,"Non (TW or CN) Poly Cell Per Watt ","Visit here for more detail Cell price information"]
["Wicked Local Brockton",null,null,null,"Jan 08, 2017","Unit: USD ","more",null,"Last Update: 2017-01-04"]
["LETTER FROM HOME / HAROLD BUBIL: The other reasons to 'go solar'",null,null,null,null,"Solar PV Module Weekly Spot Price "]
["Sarasota Herald-Tribune",null,null,null,"Jan 08, 2017","Item ","High ","Low ","Average ","AvgChg ","AvgChg % "]
["Stock Mover of the Day: Is Yingli Green Energy Holding Co Ltd (ADR) a Buy? The Stock Rises Again",null,null,null,null,"Poly Silicon Solar Module ",0.42,0.31,0.35799999999999998,-2E-3,-5.5999999999999999E-3]
["Frisco Fastball",null,null,null,"Jan 08, 2017","ThinFilm Solar Module ",0.43,0.31,0.374,-2E-3,-5.3E-3]
["Solar developer proposes 300-acre set-aside in Shoreham",null,null,null,null,"US Multi Solar Module","Visit here for more detail module price information"]
["Newsday",null,null,null,"Jan 08, 2017","Mono Silicon Solar Module","Visit here for more detail module price information"]
["For rural Urbana farmer, solar power is cool",null,null,null,null,"India Poly Module","Visit here for more detail module price information"]
["Champaign/Urbana News-Gazette",null,null,null,"Jan 08, 2017","Unit: USD / Watt ","more",null,"Last Update: 2017-01-04"]
["LETTER: Solar bylaw amendment proposal",null,null,null,null,"All Spot Prices are Tax excluded and updated on Wednesday "]
["Wicked Local Abington",null,null,null,"Jan 08, 2017"]
["Jagler: Werner sees bright future in solar energy"]
["Milwaukee Journal Sentinel",null,null,null,"Jan 08, 2017"]
["Last Update: 2017-Jan- 08 23:00 (GMT+8)"]
["Price Methodology","Terms of Use","Privacy Policy ","About Us ","Contact Us ","Site Map"]
["Copyright © 2017 PVinsights.com All rights reserved"]

{"sheet":"pvinsights 26 02 17","index":22,"n_rows":55,"n_cols":13,"rows_kept":55,"cut":false,"hidden":false,"merged":[[52,0,52,4],[47,0,47,3],[47,5,47,10],[48,0,48,4],[48,5,51,10],[49,0,49,3],[50,0,50,4],[51,0,51,4],[44,0,44,4],[44,6,44,10],[45,0,45,3],[45,6,45,10],[46,0,46,4],[46,6,46,7],[46,8,46,10],[43,6,43,10],[35,0,35,3],[36,0,36,4],[37,0,37,3],[37,6,37,10],[38,0,38,4],[38,6,38,7],[38,8,38,10],[39,0,39,3],[40,0,40,4],[41,0,41,3],[42,0,42,4],[43,0,43,3],[34,0,34,4],[24,0,24,4],[24,6,24,10],[24,11,33,11],[25,0,25,3],[25,6,25,7],[25,8,25,10],[26,0,26,4],[26,5,29,10],[27,0,27,3],[28,0,28,4],[29,0,29,3],[30,0,30,4],[31,0,31,3],[32,0,32,4],[33,0,33,3],[14,11,23,11],[15,0,15,1],[16,0,16,2],[17,0,17,1],[18,0,19,4],[14,0,14,2],[20,0,20,4],[21,0,21,3],[22,0,22,4],[22,6,22,10],[23,0,23,3],[23,6,23,10],[3,5,6,10],[4,0,5,4],[4,11,13,11],[7,0,7,2],[8,0,8,2],[9,0,9,1],[10,0,10,2],[11,0,11,1],[11,6,11,9],[12,0,12,2],[12,6,12,9],[13,0,13,1],[13,6,13,7],[13,8,13,10]]}
[null,"Login","Register","Member Center"]
[]
["Home","Why Solar","Retailer Price","Contract Price","Inverter Price","Weekly Snapshots","Price Download","Monthly Insights","Weekly Forecast","Price Forecast","Premier Insights","Premier Data","Advertising"]
[]
["Final Phase of The 2014 US AD & CVD Key Date and Notice"]
[]
[]
["Solar PV Corporate News Release",null,null,null,null,"PV Poly Silicon Weekly Spot Price"]
["First Solar, Inc. Announces Fourth Quarter & Full Year 2016 Financial Results",null,null,null,null,"Item ","High ","Low ","Average ","AvgChg ","AvgChg% "]
["First Solar",null,"Feb 22, 2017",null,null,"PV Grade PolySilicon (9N/9N+) ",18.09,13.5,16.22,-0.03,-1.8E-3]
["SunPower Reports Fourth Quarter 2016 Results",null,null,null,null,"2nd Grade PolySilicon (6N-8N) ",17,11.5,13.46,-0.09,-6.6E-3]
["Sunpower",null,"Feb 16, 2017",null,null,"PV Grade PolySilicon in China (9N/9N+) ","Visit here for more Poly-Si price",null,null,null,"%"]
["Trina Solar Announces Third Quarter 2016 Results",null,null,null,null,"PV Grade PolySilicon Outside China (9N/9N+) ","Visit here for more Poly-Si price",null,null,null,"%"]
["Trina Solar",null,"Nov 23, 2016",null,null,"Unit: USD/Kg ","more",null,"Last Update: 2017-02-22"]
["Canadian Solar Reports Third Quarter 2016 Results",null,null,null,null,"Definition of PV Grade: Poly silicon chunk with high purity can be directly produced to Solar PV Ingots / Bricks"]
["Canadian Sol",null,"Nov 21, 2016",null,null,"Definition of 2nd Grade: Poly silicon chunk must be mixed with high purity polysilicon, when producing Solar PV Ingots / Bricks."]
["JASolar Announces Third Quarter 2016 Financial Results",null,null,null,null,"Solar PV Wafer Weekly Spot Price "]
["JA Solar",null,"Nov 17, 2016",null,null,"Item ","High ","Low ","Average ","AvgChg ","AvgChg% "]
["Latest Solar PV News",null,null,null,null,"156 mm Multi Solar Wafer ",0.68,0.61,0.62,0,0]
[null,null,null,null,null,"156 mm High Eff Multi Solar Wafer ",0.68,0.62,0.625,0,0]
["Solar panels get a face-lift with custom designs",null,null,null,null,"156 mm Mono Solar Wafer ",0.86,0.77,0.8,8.0000000000000002E-3,1.01E-2]
["The MIT Tech",null,null,null,"Feb 26, 2017","156 mm Mono Wafer Outside China ",0.86,0.8,0.82799999999999996,0.01,1.2200000000000001E-2]
["Malakoff to go it alone in solar photovoltaic project",null,null,null,null,"156 mm Multi Wafer Outside China","Visit here for more detail wafer price information"]
["The Sun Daily",null,null,null,"Feb 26, 2017","156mm DiamondWire Poly Wafer","Visit here for more detail wafer price information"]
["Global Thin Film Photovoltaic Modules Market 2017- Dunmore Corporation, Solarpower Systems, Kaneka-Solar, Aleo ...",null,null,null,null,"156 mm N-Mono Wafer","Visit here for more detail"]
["Publicist Report - Market Research News by Market.Biz (press release)",null,null,null,"Feb 26, 2017","Unit: USD ","more",null,"Last Update: 2017-02-22"]
["Mason City Library solar energy system has bright results"]
["Mason City Globe Gazette",null,null,null,"Feb 26, 2017"]
["Low cost solar imports from China hurting Centre's Make in India mission"]
["The Hindu",null,null,null,"Feb 26, 2017"]
["Solar's bright future seen in financing options",null,null,null,null,"Solar PV Cell Weekly Spot Price "]
["STLtoday.com",null,null,null,"Feb 26, 2017","Item ","High ","Low ","Average ","AvgChg ","AvgChg % "]
["Don't let utilities squash Kentucky's solar entrepreneurs. Here's a better plan.",null,null,null,null,"Multi Cell Price Per Watt ",0.26,0.2,0.21099999999999999,-1E-3,-4.7000000000000002E-3]
["Lexington Herald Leader (blog)",null,null,null,"Feb 26, 2017","Taiwan Poly Cell Per Watt ",0.26,0.2,0.21199999999999999,-1E-3,-4.7000000000000002E-3]
["A 'ring of fire' solar eclipse occurs Sunday morning â\u0080\u0094 here's how to watch",null,null,null,null,"156 mm Multi Solar Cell ",1.19,0.85,0.94599999999999995,-4.0000000000000001E-3,-4.1999999999999997E-3]
["Chicago Tribune",null,null,null,"Feb 26, 2017","156 mm Mono Solar Cell ",1.75,1.04,1.143,0,0]
["Global Photovoltaic Coating Market 2017 â\u0080\u0093 3M, AK Coatings, AkzoNobel, AnCatt, Arkema",null,null,null,null,"125 mm Mono Solar Cell ",1.0900000000000001,0.62,0.7,0,0]
["First Newshawk",null,null,null,"Feb 26, 2017","Non (TW or CN) Poly Cell Per Watt ","Visit here for more detail Cell price information"]
["Solar photovoltaic windows rely on inexpensive silicon quantum dots",null,null,null,null,"Unit: USD ","more",null,"Last Update: 2017-02-22"]
["Laser Focus World",null,null,null,"Feb 26, 2017","Solar PV Module Weekly Spot Price "]
["This Week in Solar",null,null,null,null,"Item ","High ","Low ","Average ","AvgChg ","AvgChg % "]
["Madison.com",null,null,null,"Feb 26, 2017","Poly Silicon Solar Module ",0.41,0.3,0.35,-2E-3,-5.7000000000000002E-3]
["Other counties eye solar farm rules - Daily Advance",null,null,null,null,"ThinFilm Solar Module ",0.42,0.31,0.36299999999999999,-2E-3,-5.4999999999999997E-3]
["The Daily Advance",null,null,null,"Feb 26, 2017","US Multi Solar Module","Visit here for more detail module price information"]
["Solar-powered smoothies? You can find them at this Kendall farm.",null,null,null,null,"Mono Silicon Solar Module","Visit here for more detail module price information"]
["Miami Herald",null,null,null,"Feb 26, 2017","India Poly Module","Visit here for more detail module price information"]
["SC solar farms on hold, awaiting tax break",null,null,null,null,"Unit: USD / Watt ","more",null,"Last Update: 2017-02-22"]
["The State",null,null,null,"Feb 26, 2017","All Spot Prices are Tax excluded and updated on Wednesday "]
["Airport, solar and local real estate"]
["Florida Today",null,null,null,"Feb 26, 2017"]
["Last Update: 2017-Feb- 26 14:00 (GMT+8)"]
[]
[]
["Price Methodology","Terms of Use","Privacy Policy ","About Us ","Contact Us ","Site Map"]
["Copyright © 2017 PVinsights.com All rights reserved"]

{"sheet":"pvinsights 06 04 17","index":23,"n_rows":55,"n_cols":13,"rows_kept":55,"cut":false,"hidden":false,"merged":[[3,5,6,10],[4,0,5,4],[4,11,13,11],[7,0,7,2],[8,0,8,2],[9,0,9,1],[10,0,10,2],[11,0,11,1],[11,6,11,9],[12,0,12,2],[12,6,12,9],[13,0,13,1],[13,6,13,7],[13,8,13,10],[14,11,23,11],[15,0,15,1],[16,0,16,2],[17,0,17,1],[18,0,19,4],[14,0,14,2],[20,0,20,4],[21,0,21,3],[22,0,22,4],[22,6,22,10],[23,0,23,3],[23,6,23,10],[34,0,34,4],[24,0,24,4],[24,6,24,10],[24,11,33,11],[25,0,25,3],[25,6,25,7],[25,8,25,10],[26,0,26,4],[26,5,29,10],[27,0,27,3],[28,0,28,4],[29,0,29,3],[30,0,30,4],[31,0,31,3],[32,0,32,4],[33,0,33,3],[43,6,43,10],[35,0,35,3],[36,0,36,4],[37,0,37,3],[37,6,37,10],[38,0,38,4],[38,6,38,7],[38,8,38,10],[39,0,39,3],[40,0,40,4],[41,0,41,3],[42,0,42,4],[43,0,43,3],[44,0,44,4],[44,6,44,10],[45,0,45,3],[45,6,45,10],[46,0,46,4],[46,6,46,7],[46,8,46,10],[52,0,52,4],[47,0,47,3],[47,5,47,10],[48,0,48,4],[48,5,51,10],[49,0,49,3],[50,0,50,4],[51,0,51,4]]}
[null,"Login","Register","Member Center"]
[]
["Home","Why Solar","Retailer Price","Contract Price","Inverter Price","Weekly Snapshots","Price Download","Monthly Insights","Weekly Forecast","Price Forecast","Premier Insights","Premier Data","Advertising"]
[]
["Final Phase of The 2014 US AD & CVD Key Date and Notice"]
[]
[]
["Solar PV Corporate News Release",null,null,null,null,"PV Poly Silicon Weekly Spot Price"]
["Hanwha Q CELLS Reports Fourth Quarter and Full Year 2016 Results",null,null,null,null,"Item ","High ","Low ","Average ","AvgChg ","AvgChg% "]
["Hanwha",null,"Mar 23, 2017",null,null,"PV Grade PolySilicon (9N/9N+) ",15.5,12.8,14.21,-0.42,-2.87E-2]
["JA Solar Announces Fourth Quarter and Fiscal Year 2016 Results",null,null,null,null,"2nd Grade PolySilicon (6N-8N) ",14.5,10.8,11.83,-0.28999999999999998,-2.3900000000000001E-2]
["JA Solar",null,"Mar 16, 2017",null,null,"PV Grade PolySilicon in China (9N/9N+) ","Visit here for more Poly-Si price",null,null,null,"%"]
["Higher yield of solar wafers and enhanced solar cell efficiency with new HeraGlaze coating by Heraeus",null,null,null,null,"PV Grade PolySilicon Outside China (9N/9N+) ","Visit here for more Poly-Si price",null,null,null,"%"]
["Heraeus",null,"Mar 01, 2017",null,null,"Unit: USD/Kg ","more",null,"Last Update: 2017-04-05"]
["Heraeus enables significant higher efficiency gains with three new metallization pastes",null,null,null,null,"Definition of PV Grade: Poly silicon chunk with high purity can be directly produced to Solar PV Ingots / Bricks"]
["Heraeus",null,"Mar 01, 2017",null,null,"Definition of 2nd Grade: Poly silicon chunk must be mixed with high purity polysilicon, when producing Solar PV Ingots / Bricks."]
["First Solar, Inc. Announces Fourth Quarter & Full Year 2016 Financial Results",null,null,null,null,"Solar PV Wafer Weekly Spot Price "]
["First Solar",null,"Feb 22, 2017",null,null,"Item ","High ","Low ","Average ","AvgChg ","AvgChg% "]
["Latest Solar PV News",null,null,null,null,"156 mm Multi Solar Wafer ",0.62,0.54,0.55500000000000005,-0.01,-1.77E-2]
[null,null,null,null,null,"156 mm High Eff Multi Solar Wafer ",0.62,0.55000000000000004,0.56000000000000005,-0.01,-1.7500000000000002E-2]
["New wrinkle for roof repairs: Panasonic photovoltaic roof for plug-in Toyota Prius",null,null,null,null,"156 mm Mono Solar Wafer ",0.86,0.77,0.8,0,0]
["Repairer Driven News (press release) (blog)",null,null,null,"Apr 06, 2017","156 mm Mono Wafer Outside China ",0.86,0.8,0.82799999999999996,0,0]
["Sluggish Growth Forecast in Key Photovoltaic Markets - Solar Novus ...",null,null,null,null,"156 mm Multi Wafer Outside China","Visit here for more detail wafer price information"]
["Solar Novus Today",null,null,null,"Apr 06, 2017","156mm DiamondWire Poly Wafer","Visit here for more detail wafer price information"]
["Multicrystalline Photovoltaic Modules Market Competition Analysis by Type, Region Forecast 2021",null,null,null,null,"156 mm N-Mono Wafer","Visit here for more detail"]
["MilTech",null,null,null,"Apr 06, 2017","Unit: USD ","more",null,"Last Update: 2017-04-05"]
["COD Offers Photovoltaic Training"]
["Patch.com",null,null,null,"Apr 06, 2017"]
["Are Solar Stocks Due for a Rebound? (FAN, FSLR)"]
["Investopedia",null,null,null,"Apr 06, 2017"]
["First Solar wants out of 'yieldco' venture with SunPower",null,null,null,null,"Solar PV Cell Weekly Spot Price "]
["Reuters",null,null,null,"Apr 06, 2017","Item ","High ","Low ","Average ","AvgChg ","AvgChg % "]
["Australia launches overdue shift to solar",null,null,null,null,"Multi Cell Price Per Watt ",0.25,0.18,0.19,-2E-3,-1.04E-2]
["Deutsche Welle",null,null,null,"Apr 06, 2017","Taiwan Poly Cell Per Watt ",0.25,0.18,0.191,-2E-3,-1.04E-2]
["School sees solar panels as bright idea",null,null,null,null,"156 mm Multi Solar Cell ",1.1399999999999999,0.77,0.85199999999999998,-0.01,-1.1599999999999999E-2]
["ABC6OnYourSide.com",null,null,null,"Apr 06, 2017","156 mm Mono Solar Cell ",1.75,0.99,1.105,-5.0000000000000001E-3,-4.4999999999999997E-3]
["Solar eclipse mania spurs festivals, tours, sold-out hotels",null,null,null,null,"125 mm Mono Solar Cell ",1.0900000000000001,0.59,0.67600000000000005,-3.0000000000000001E-3,-4.4000000000000003E-3]
["Chicago Tribune",null,null,null,"Apr 06, 2017","Non (TW or CN) Poly Cell Per Watt ","Visit here for more detail Cell price information"]
["Arizona solar job growth not as fast as rest of nation",null,null,null,null,"Unit: USD ","more",null,"Last Update: 2017-04-05"]
["Arizona Daily Sun",null,null,null,"Apr 06, 2017","Solar PV Module Weekly Spot Price "]
["Students Benefit from the Use of Wind and Solar Power",null,null,null,null,"Item ","High ","Low ","Average ","AvgChg ","AvgChg % "]
["The Hudson Independent",null,null,null,"Apr 06, 2017","Poly Silicon Solar Module ",0.41,0.3,0.34100000000000003,-1E-3,-2.8999999999999998E-3]
["Lyndon contracts to receive power from Route 5 solar project",null,null,null,null,"ThinFilm Solar Module ",0.42,0.3,0.35299999999999998,-1E-3,-2.8E-3]
["WCAX",null,null,null,"Apr 06, 2017","US Multi Solar Module","Visit here for more detail module price information"]
["Wabash Valley Power installing new solar park in Peru",null,null,null,null,"Mono Silicon Solar Module","Visit here for more detail module price information"]
["Kokomo Tribune",null,null,null,"Apr 06, 2017","India Poly Module","Visit here for more detail module price information"]
["These Ancient Texts Might Help Us Predict the Next Massive Solar Storm",null,null,null,null,"Unit: USD / Watt ","more",null,"Last Update: 2017-04-05"]
["Gizmodo",null,null,null,"Apr 06, 2017","All Spot Prices are Tax excluded and updated on Wednesday "]
["FPL drafted portions of bill that puts tough requirements on rooftop solar companies"]
["Miami Herald",null,null,null,"Apr 06, 2017"]
["Last Update: 2017-Apr- 06 07:00 (GMT+8)"]
[]
[]
["Price Methodology","Terms of Use","Privacy Policy ","About Us ","Contact Us ","Site Map"]
["Copyright © 2017 PVinsights.com All rights reserved"]

{"sheet":"pvinsights 01 06 17","index":24,"n_rows":55,"n_cols":13,"rows_kept":55,"cut":false,"hidden":false,"merged":[[51,0,51,4],[52,0,52,4],[45,6,45,10],[46,6,46,7],[46,8,46,10],[48,0,48,4],[49,0,49,3],[50,0,50,4],[38,8,38,10],[43,6,43,10],[44,6,44,10],[48,5,51,10],[4,11,13,11],[14,11,23,11],[3,5,6,10],[26,5,29,10],[22,6,22,10],[23,6,23,10],[24,6,24,10],[25,6,25,7],[47,5,47,10],[25,8,25,10],[37,6,37,10],[38,6,38,7],[11,6,11,9],[12,6,12,9],[13,6,13,7],[13,8,13,10],[17,0,17,1],[43,0,43,3],[44,0,44,4],[45,0,45,3],[46,0,46,4],[47,0,47,3],[38,0,38,4],[39,0,39,3],[40,0,40,4],[41,0,41,3],[42,0,42,4],[33,0,33,3],[34,0,34,4],[35,0,35,3],[36,0,36,4],[37,0,37,3],[28,0,28,4],[29,0,29,3],[30,0,30,4],[31,0,31,3],[32,0,32,4],[23,0,23,3],[24,0,24,4],[25,0,25,3],[26,0,26,4],[27,0,27,3],[20,0,20,4],[21,0,21,3],[22,0,22,4],[12,0,12,2],[13,0,13,1],[14,0,14,2],[15,0,15,1],[16,0,16,2],[18,0,19,4],[4,0,5,4],[8,0,8,2],[9,0,9,1],[10,0,10,2],[11,0,11,1],[7,0,7,2]]}
[null,"Login","Register","Member Center"]
[]
["Home","Why Solar","Retailer Price","Contract Price","Inverter Price","Weekly Snapshots","Price Download","Monthly Insights","Weekly Forecast","Price Forecast","Premier Insights","Premier Data","Advertising"]
[]
["Key Date of The US 2017 Section 201 Safeguard Investigation"]
[]
[]
["Solar PV Corporate News Release",null,null,null,null,"PV Poly Silicon Weekly Spot Price"]
["Hanwha Q CELLS Reports ",null,null,null,null,"Item ","High ","Low ","Average ","AvgChg ","AvgChg% "]
["Hanwha Q Cel",null,"May 25, 2017",null,null,"PV Grade PolySilicon (9N/9N+) ",15.55,12,13.85,0.42,3.1300000000000001E-2]
["JA Solar Announces First Quarter 2017 Results",null,null,null,null,"2nd Grade PolySilicon (6N-8N) ",14.25,10,11.55,0.33,2.9399999999999999E-2]
["JA Solar",null,"May 24, 2017",null,null,"PV Grade PolySilicon in China (9N/9N+) ","Visit here for more Poly-Si price",null,null,null,"%"]
["Yingli Green Energy Reports Fourth Quarter and Full Year 2016 Results",null,null,null,null,"PV Grade PolySilicon Outside China (9N/9N+) ","Visit here for more Poly-Si price",null,null,null,"%"]
["Yingli",null,"Apr 13, 2017",null,null,"Unit: USD/Kg ","more",null,"Last Update: 2017-05-31"]
["Hanwha Q CELLS Reports Fourth Quarter and Full Year 2016 Results",null,null,null,null,"Definition of PV Grade: Poly silicon chunk with high purity can be directly produced to Solar PV Ingots / Bricks"]
["Hanwha",null,"Mar 23, 2017",null,null,"Definition of 2nd Grade: Poly silicon chunk must be mixed with high purity polysilicon, when producing Solar PV Ingots / Bricks."]
["JA Solar Announces Fourth Quarter and Fiscal Year 2016 Results",null,null,null,null,"Solar PV Wafer Weekly Spot Price "]
["JA Solar",null,"Mar 16, 2017",null,null,"Item ","High ","Low ","Average ","AvgChg ","AvgChg% "]
["Latest Solar PV News",null,null,null,null,"156 mm Multi Solar Wafer ",0.63,0.57999999999999996,0.59699999999999998,1.7000000000000001E-2,2.93E-2]
[null,null,null,null,null,"156 mm High Eff Multi Solar Wafer ",0.63,0.59,0.60199999999999998,1.7000000000000001E-2,2.9100000000000001E-2]
["More Than Half of Small-Scale Photovoltaic Generation Comes from Residential Rooftops",null,null,null,null,"156 mm Mono Solar Wafer ",0.86,0.77,0.79500000000000004,0,0]
["Energy Collective",null,null,null,"Jun 01, 2017","156 mm Mono Wafer Outside China ",0.86,0.8,0.82299999999999995,0,0]
["Former North Nashville landfill to transform into city's first solar program",null,null,null,null,"156 mm Multi Wafer Outside China","Visit here for more detail wafer price information"]
["WZTV",null,null,null,"Jun 01, 2017","156mm DiamondWire Poly Wafer","Visit here for more detail wafer price information"]
["Tazewell board acts to lure solar farms - News - Washington Times ...",null,null,null,null,"156 mm N-Mono Wafer","Visit here for more detail"]
["Washington Times-Reporter",null,null,null,"Jun 01, 2017","Unit: USD ","more",null,"Last Update: 2017-05-31"]
["Currituck listens to solar experts on safety, but not convinced yet"]
["Virginian-Pilot",null,null,null,"Jun 01, 2017"]
["A solar energy trade war may be looming"]
["Washington Examiner",null,null,null,"Jun 01, 2017"]
["Carbondale, Illinois Prepares to Broadcast 2017 Solar Eclipse Nationally",null,null,null,null,"Solar PV Cell Weekly Spot Price "]
["Space.com",null,null,null,"Jun 01, 2017","Item ","High ","Low ","Average ","AvgChg ","AvgChg % "]
["Construction begins at Abu Dhabi's largest solar power project",null,null,null,null,"Multi Cell Price Per Watt ",0.26,0.2,0.215,7.0000000000000001E-3,3.3700000000000001E-2]
["The National",null,null,null,"Jun 01, 2017","Taiwan Poly Cell Per Watt ",0.26,0.2,0.218,8.0000000000000002E-3,3.8100000000000002E-2]
["Financial agreements of Sweihan Photovoltaic Independent Power Project in Abu Dhabi were signed",null,null,null,null,"156 mm Multi Solar Cell ",1.19,0.85,0.96499999999999997,3.2000000000000001E-2,3.4299999999999997E-2]
["RenewEconomy",null,null,null,"Jun 01, 2017","156 mm Mono Solar Cell ",1.75,1.04,1.1919999999999999,0.03,2.58E-2]
["Natcore Technology to Present Paper to IEEE Photovoltaic Conference",null,null,null,null,"125 mm Mono Solar Cell ",1.0900000000000001,0.62,0.73,1.7999999999999999E-2,2.53E-2]
["AltEnergyMag (press release)",null,null,null,"Jun 01, 2017","Non (TW or CN) Poly Cell Per Watt ","Visit here for more detail Cell price information"]
["Building Integrated Photovoltaic (PV) Solar Market to Record an Impressive Growth Rate During Forecast 2025",null,null,null,null,"Unit: USD ","more",null,"Last Update: 2017-05-31"]
["MilTech",null,null,null,"Jun 01, 2017","Solar PV Module Weekly Spot Price "]
["RACE for Solar program helps residents reduce energy costs",null,null,null,null,"Item ","High ","Low ","Average ","AvgChg ","AvgChg % "]
["The Ridgefield Press",null,null,null,"Jun 01, 2017","Poly Silicon Solar Module ",0.41,0.3,0.33300000000000002,0,0]
["Solar energy storage as a business",null,null,null,null,"ThinFilm Solar Module ",0.42,0.3,0.34599999999999997,0,0]
["Deutsche Welle",null,null,null,"Jun 01, 2017","US Multi Solar Module","Visit here for more detail module price information"]
["CNY coal plant owner to build one of New York's largest solar farms ...",null,null,null,null,"Mono Silicon Solar Module","Visit here for more detail module price information"]
["Syracuse.com",null,null,null,"Jun 01, 2017","India Poly Module","Visit here for more detail module price information"]
["One-megawatt solar field dedicated in Benton | KATV",null,null,null,null,"Unit: USD / Watt ","more",null,"Last Update: 2017-05-31"]
["KATV",null,null,null,"Jun 01, 2017","All Spot Prices are Tax excluded and updated on Wednesday "]
["Companies offering more aesthetically pleasing solar panels"]
["The Fayette Tribune",null,null,null,"Jun 01, 2017"]
["Last Update: 2017-Jun- 01 23:00 (GMT+8)"]
[]
[]
["Price Methodology","Terms of Use","Privacy Policy ","About Us ","Contact Us ","Site Map"]
["Copyright © 2017 PVinsights.com All rights reserved"]

{"sheet":"pvinsights 26 08 17","index":25,"n_rows":60,"n_cols":13,"rows_kept":60,"cut":false,"hidden":false,"merged":[[4,11,13,11],[14,11,23,11],[51,0,51,4],[52,0,52,4],[53,0,53,4],[3,5,6,10],[28,5,31,10],[26,8,26,10],[41,6,41,10],[42,6,42,10],[50,6,50,10],[51,6,51,7],[51,8,51,10],[48,6,48,10],[50,0,50,4],[18,0,19,4],[57,0,57,4],[52,5,52,10],[53,5,56,10],[54,0,54,4],[55,0,55,4],[56,0,56,4],[11,6,11,9],[12,6,12,9],[13,6,13,7],[13,8,13,10],[23,6,23,10],[24,6,24,10],[25,6,25,10],[26,6,26,7],[44,0,44,4],[45,0,45,3],[32,0,32,4],[33,0,33,3],[34,0,34,4],[35,0,35,3],[43,6,43,7],[43,8,43,10],[49,6,49,10],[38,0,38,4],[39,0,39,3],[40,0,40,4],[41,0,41,3],[42,0,42,4],[47,0,47,3],[48,0,48,4],[49,0,49,3],[43,0,43,3],[46,0,46,4],[23,0,23,3],[24,0,24,4],[25,0,25,3],[36,0,36,4],[37,0,37,3],[26,0,26,4],[27,0,27,3],[28,0,28,4],[29,0,29,3],[30,0,30,4],[31,0,31,3],[17,0,17,1],[7,0,7,2],[20,0,20,4],[21,0,21,3],[22,0,22,4],[12,0,12,2],[13,0,13,1],[14,0,14,2],[15,0,15,1],[16,0,16,2],[4,0,5,4],[8,0,8,2],[9,0,9,1],[10,0,10,2],[11,0,11,1]]}
[null,"Login","Register","Member Center"]
[]
["Home","Why Solar","Retailer Price","Contract Price","Inverter Price","Weekly Snapshots","Price Download","Monthly Insights","Weekly Forecast","Price Forecast","Premier Insights","Premier Data","Advertising"]
[]
["Key Date of The US 2017 Section 201 Safeguard Investigation"]
[]
[]
["Solar PV Corporate News Release",null,null,null,null,"PV Poly Silicon Weekly Spot Price"]
["Panasonic Solar Promotes First Group of Authorized Installers to Premium Level",null,null,null,null,"Item ","High ","Low ","Average ","AvgChg ","AvgChg% "]
["Panasonic",null,"2017-07-26",null,null,"PV Grade PolySilicon (9N/9N+) ",17.899999999999999,12.5,15.55,0,0]
["Benefiting from the Leading Edge Technology, TZS Announced Mono-Crystalline Wafer Price Modification",null,null,null,null,"2nd Grade PolySilicon (6N-8N) ",15.8,10.5,12.78,0,0]
["TZS",null,"2017-07-18",null,null,"PV Grade PolySilicon in China (9N/9N+) ","Visit here for more Poly-Si price",null,null,null,"%"]
["Canadian Solar Reports First Quarter 2017 Results",null,null,null,null,"PV Grade PolySilicon Outside China (9N/9N+) ","Visit here for more Poly-Si price",null,null,null,"%"]
["CanadianSola",null,"2017-06-06",null,null,"Unit: USD/Kg ","more",null,"Last Update: 2017-08-23"]
["JinkoSolar Announces First Quarter 2017 Financial Results",null,null,null,null,"Definition of PV Grade: Poly silicon chunk with high purity can be directly produced to Solar PV Ingots / Bricks"]
["Jinko",null,"2017-06-05",null,null,"Definition of 2nd Grade: Poly silicon chunk must be mixed with high purity polysilicon, when producing Solar PV Ingots / Bricks."]
["Hanwha Q CELLS Reports ",null,null,null,null,"PolySilicon Price In China: The Price is surveyed by RMB term with Tax and then shown in USD term without 17% of VAT."]
["Hanwha Q Cel",null,"2017-05-25",null,null,"Solar PV Wafer Weekly Spot Price "]
["Latest Solar PV News",null,null,null,null,"Item ","High ","Low ","Average ","AvgChg ","AvgChg% "]
[null,null,null,null,null,"156 mm Multi Solar Wafer ",0.7,0.57999999999999996,0.64700000000000002,0,0]
["Comcast inks partnership deal with solar-power provider Sunrun",null,null,null,null,"156 mm High Eff Multi Solar Wafer ",0.7,0.59,0.65200000000000002,0,0]
["MarketWatch",null,null,null,"2017-08-26","156 mm Mono Solar Wafer ",0.81,0.73,0.753,0,0]
["Energy Drive: India needs to tread cautiously in its solar path",null,null,null,null,"156 mm Mono Wafer Outside China ",0.81,0.77,0.78200000000000003,0,0]
["International Business Times, India Edition",null,null,null,"2017-08-26","156 mm Multi Wafer Outside China","Visit here for more detail wafer price information"]
["While you're watching the eclipse, solar power companies are going ...",null,null,null,null,"156mm DiamondWire Poly Wafer","Visit here for more detail wafer price information"]
["BGR",null,null,null,"2017-08-26","156 mm N-Mono Wafer","Visit here for more detail"]
["Solar power companies are not excited for the solar eclipse",null,null,null,null,"Unit: USD ","more",null,"Last Update: 2017-08-23"]
["New York Post",null,null,null,"2017-08-26","Wafer Prices In China: The Prices are surveyed by RMB term with Tax and then shown in USD term without 17% of VAT."]
["Sunseap, ST Kinetics ink solar energy agreement"]
["THE BUSINESS TIMES",null,null,null,"2017-08-26"]
["Comcast To Shine Marketing Resources On Residential Solar Panel ..."]
["Deadline",null,null,null,"2017-08-26"]
["Why Comcast Wants to Sell You Solar Panels",null,null,null,null,"Solar PV Cell Weekly Spot Price "]
["Philadelphia magazine",null,null,null,"2017-08-26","Item ","High ","Low ","Average ","AvgChg ","AvgChg % "]
["My Turn: Put solar power in the poor's hands. It'll pay off for all",null,null,null,null,"Multi Cell Price Per Watt ",0.26,0.2,0.21299999999999999,-2E-3,-9.2999999999999992E-3]
["AZCentral.com",null,null,null,"2017-08-26","Taiwan Poly Cell Per Watt ",0.26,0.2,0.215,-2E-3,-9.1999999999999998E-3]
["Fed turns to solar power at Phoenix cash-processing facility",null,null,null,null,"Poly PERC Cell Per Watt ",0.26,0.23,0.249,-1E-3,-4.0000000000000001E-3]
["AZCentral.com",null,null,null,"2017-08-25","Mono PERC Cell Per Watt ",0.32,0.27,0.28799999999999998,-3.0000000000000001E-3,-1.03E-2]
["Why go for a Solar Energy System",null,null,null,null,"Taiwan Mono PERC Cell Per Watt ",0.32,0.23,0.29399999999999998,-2E-3,-6.7999999999999996E-3]
["TG Daily (blog)",null,null,null,"2017-08-25","156 mm Multi Solar Cell ",1.19,0.85,0.95499999999999996,-0.01,-1.04E-2]
["Solar Energy Stocks Dip Post-Solar Eclipse",null,null,null,null,"156 mm Mono Solar Cell ",1.64,1.01,1.095,-0.01,-8.9999999999999993E-3]
["Investing News Network (registration)",null,null,null,"2017-08-25","China Poly Cell Per Watt ","Visit here for more detail Cell price information"]
["Alternative energy: Residential solar power systems rising in ...",null,null,null,null,"Non (TW or CN) Poly Cell Per Watt","Visit here for more detail Cell price information"]
["Tulsa World",null,null,null,"2017-08-25","Unit: USD ","more",null,"Last Update: 2017-08-23"]
["Eclipse offers power companies opportunity for experiments",null,null,null,null,"Solar PV Module Weekly Spot Price "]
["The Gazette: Eastern Iowa Breaking News and Headlines",null,null,null,"2017-08-25","Item ","High ","Low ","Average ","AvgChg ","AvgChg % "]
["Engie in talks with AST to provide off-grid power to telcos, banks",null,null,null,null,"Poly Silicon Solar Module ",0.41,0.28000000000000003,0.32100000000000001,-2E-3,-6.1999999999999998E-3]
["Livemint",null,null,null,"2017-08-25","ThinFilm Solar Module ",0.42,0.28999999999999998,0.34,-2E-3,-5.7999999999999996E-3]
["Total Eclipse Vs Solar Power",null,null,null,null,"US Multi Solar Module","Visit here for more detail module price information"]
["Sky & Telescope",null,null,null,"2017-08-25","Mono Silicon Solar Module","Visit here for more detail module price information"]
["Last Update: 2017-Aug- 26 23:00 (GMT+8)",null,null,null,null,"India Poly Module","Visit here for more detail module price information"]
[null,null,null,null,null,"Unit: USD / Watt ","more",null,"Last Update: 2017-08-23"]
[null,null,null,null,null,"All Spot Prices are Tax excluded and updated on Wednesday "]
[]
[]
[]
[]
[]
["Price Methodology","Terms of Use","Privacy Policy ","About Us ","Contact Us ","Site Map"]
["Copyright © 2017 PVinsights.com All rights reserved"]

{"sheet":"pvinsights 16 09 17","index":26,"n_rows":60,"n_cols":13,"rows_kept":60,"cut":false,"hidden":false,"merged":[[4,0,5,4],[8,0,8,2],[9,0,9,1],[10,0,10,2],[11,0,11,1],[17,0,17,1],[7,0,7,2],[20,0,20,4],[21,0,21,3],[22,0,22,4],[12,0,12,2],[13,0,13,1],[14,0,14,2],[15,0,15,1],[16,0,16,2],[23,0,23,3],[24,0,24,4],[25,0,25,3],[36,0,36,4],[37,0,37,3],[26,0,26,4],[27,0,27,3],[28,0,28,4],[29,0,29,3],[30,0,30,4],[31,0,31,3],[49,6,49,10],[38,0,38,4],[39,0,39,3],[40,0,40,4],[41,0,41,3],[42,0,42,4],[47,0,47,3],[48,0,48,4],[49,0,49,3],[43,0,43,3],[46,0,46,4],[24,6,24,10],[25,6,25,10],[26,6,26,7],[44,0,44,4],[45,0,45,3],[32,0,32,4],[33,0,33,3],[34,0,34,4],[35,0,35,3],[43,6,43,7],[43,8,43,10],[11,6,11,9],[12,6,12,9],[13,6,13,7],[13,8,13,10],[23,6,23,10],[57,0,57,4],[52,5,52,10],[53,5,56,10],[54,0,54,4],[55,0,55,4],[56,0,56,4],[4,11,13,11],[14,11,23,11],[51,0,51,4],[52,0,52,4],[53,0,53,4],[3,5,6,10],[28,5,31,10],[26,8,26,10],[41,6,41,10],[42,6,42,10],[50,6,50,10],[51,6,51,7],[51,8,51,10],[48,6,48,10],[50,0,50,4],[18,0,19,4]]}
[null,"Login","Register","Member Center"]
[]
["Home","Why Solar","Retailer Price","Contract Price","Inverter Price","Weekly Snapshots","Price Download","Monthly Insights","Weekly Forecast","Price Forecast","Premier Insights","Premier Data","Advertising"]
[]
["Key Date of The US 2017 Section 201 Safeguard Investigation"]
[]
[]
["Solar PV Corporate News Release",null,null,null,null,"PV Poly Silicon Weekly Spot Price"]
["Panasonic Solar Promotes First Group of Authorized Installers to Premium Level",null,null,null,null,"Item ","High ","Low ","Average ","AvgChg ","AvgChg% "]
["Panasonic",null,"2017-07-26",null,null,"PV Grade PolySilicon (9N/9N+) ",19.57,12.5,16.71,0,0]
["Benefiting from the Leading Edge Technology, TZS Announced Mono-Crystalline Wafer Price Modification",null,null,null,null,"2nd Grade PolySilicon (6N-8N) ",17.5,10.5,13.6,0,0]
["TZS",null,"2017-07-18",null,null,"PV Grade PolySilicon in China (9N/9N+) ","Visit here for more Poly-Si price",null,null,null,"%"]
["Canadian Solar Reports First Quarter 2017 Results",null,null,null,null,"PV Grade PolySilicon Outside China (9N/9N+) ","Visit here for more Poly-Si price",null,null,null,"%"]
["CanadianSola",null,"2017-06-06",null,null,"Unit: USD/Kg ","more",null,"Last Update: 2017-09-13"]
["JinkoSolar Announces First Quarter 2017 Financial Results",null,null,null,null,"Definition of PV Grade: Poly silicon chunk with high purity can be directly produced to Solar PV Ingots / Bricks"]
["Jinko",null,"2017-06-05",null,null,"Definition of 2nd Grade: Poly silicon chunk must be mixed with high purity polysilicon, when producing Solar PV Ingots / Bricks."]
["Hanwha Q CELLS Reports ",null,null,null,null,"PolySilicon Price In China: The Price is surveyed by RMB term with Tax and then shown in USD term without 17% of VAT."]
["Hanwha Q Cel",null,"2017-05-25",null,null,"Solar PV Wafer Weekly Spot Price "]
["Latest Solar PV News",null,null,null,null,"Item ","High ","Low ","Average ","AvgChg ","AvgChg% "]
[null,null,null,null,null,"156 mm Multi Solar Wafer ",0.72,0.57999999999999996,0.65700000000000003,-2E-3,-3.0000000000000001E-3]
["Top residential solar power companies in US",null,null,null,null,"156 mm High Eff Multi Solar Wafer ",0.72,0.59,0.66300000000000003,-2E-3,-3.0000000000000001E-3]
["Energy Business Review",null,null,null,"2017-09-16","156 mm Mono Solar Wafer ",0.82,0.74,0.76900000000000002,-1E-3,-1.2999999999999999E-3]
["The scramble for solar is on! Hundreds go solar as discount program ...",null,null,null,null,"156 mm Mono Wafer Outside China ",0.82,0.77,0.79600000000000004,-1E-3,-1.2999999999999999E-3]
["The Courier",null,null,null,"2017-09-16","156 mm Multi Wafer Outside China","Visit here for more detail wafer price information"]
["'Solarize Tonawanda' campaign offers incentive for homeowners to ...",null,null,null,null,"156mm DiamondWire Poly Wafer","Visit here for more detail wafer price information"]
["wivb.com",null,null,null,"2017-09-14","156 mm N-Mono Wafer","Visit here for more detail"]
["Cost of US Solar Drops 75 percent in Six Years, Ahead of Federal ...",null,null,null,null,"Unit: USD ","more",null,"Last Update: 2017-09-13"]
["Yale Environment 360",null,null,null,"2017-09-14","Wafer Prices In China: The Prices are surveyed by RMB term with Tax and then shown in USD term without 17% of VAT."]
["Massive jump in solar energy roll-out means scarcity fears ..."]
["The Sydney Morning Herald",null,null,null,"2017-09-14"]
["Upper Merion Township receives 'SolSmart Bronze' Award for ..."]
["The Times Herald",null,null,null,"2017-09-14"]
["TVA Now Using Solar Energy At New Allen Gas Plant",null,null,null,null,"Solar PV Cell Weekly Spot Price "]
["www.localmemphis.com",null,null,null,"2017-09-14","Item ","High ","Low ","Average ","AvgChg ","AvgChg % "]
["Solar energy industry inefficient",null,null,null,null,"Multi Cell Price Per Watt ",0.26,0.2,0.21099999999999999,-1E-3,-4.7000000000000002E-3]
["Allentown Morning Call",null,null,null,"2017-09-14","Taiwan Poly Cell Per Watt ",0.26,0.2,0.21299999999999999,-1E-3,-4.7000000000000002E-3]
["Phinma Energy to develop solar energy in Batangas",null,null,null,null,"Poly PERC Cell Per Watt ",0.26,0.23,0.247,-1E-3,-4.0000000000000001E-3]
["Inquirer.net",null,null,null,"2017-09-14","Mono PERC Cell Per Watt ",0.32,0.27,0.28499999999999998,-2E-3,-7.0000000000000001E-3]
["Pro-Tech Energy Solutions Named to Solar Power World's Top 500 ...",null,null,null,null,"Taiwan Mono PERC Cell Per Watt ",0.32,0.23,0.29199999999999998,-1E-3,-3.3999999999999998E-3]
["Marketwired (press release)",null,null,null,"2017-09-14","156 mm Multi Solar Cell ",1.19,0.85,0.94599999999999995,-4.0000000000000001E-3,-4.1999999999999997E-3]
["Solar power for Syria: Stepping away from the fuels at the centre of ...",null,null,null,null,"156 mm Mono Solar Cell ",1.64,1.01,1.085,-5.0000000000000001E-3,-4.5999999999999999E-3]
["Power Technology",null,null,null,"2017-09-13","China Poly Cell Per Watt ","Visit here for more detail Cell price information"]
["Sunny Outlook for NJ's Solar Sector, Which Continues to Add Capacity",null,null,null,null,"Non (TW or CN) Poly Cell Per Watt","Visit here for more detail Cell price information"]
["NJ Spotlight",null,null,null,"2017-09-13","Unit: USD ","more",null,"Last Update: 2017-09-13"]
["Massachusetts solar marketplace changing",null,null,null,null,"Solar PV Module Weekly Spot Price "]
["Wicked Local Wayland",null,null,null,"2017-09-13","Item ","High ","Low ","Average ","AvgChg ","AvgChg % "]
["French Ambassador opens solar power plant in Uttarakhand village",null,null,null,null,"Poly Silicon Solar Module ",0.41,0.28000000000000003,0.32200000000000001,-1E-3,-3.0999999999999999E-3]
["ETEnergyworld.com",null,null,null,"2017-09-13","ThinFilm Solar Module ",0.42,0.28999999999999998,0.34100000000000003,0,0]
["Waseda Farms plugs into new energy source with solar power",null,null,null,null,"US Multi Solar Module","Visit here for more detail module price information"]
["Wisconsin State Farmer",null,null,null,"2017-09-13","Mono Silicon Solar Module","Visit here for more detail module price information"]
["Last Update: 2017-Sep- 16 14:01 (GMT+8)",null,null,null,null,"India Poly Module","Visit here for more detail module price information"]
[null,null,null,null,null,"Unit: USD / Watt ","more",null,"Last Update: 2017-09-13"]
[null,null,null,null,null,"All Spot Prices are Tax excluded and updated on Wednesday "]
[]
[]
[]
[]
[]
["Price Methodology","Terms of Use","Privacy Policy ","About Us ","Contact Us ","Site Map"]
["Copyright © 2017 PVinsights.com All rights reserved"]

{"sheet":"pvinsights 30 10 17","index":27,"n_rows":62,"n_cols":13,"rows_kept":62,"cut":false,"hidden":false,"merged":[[4,11,13,11],[14,11,23,11],[51,0,51,4],[52,0,52,4],[53,0,53,4],[51,6,51,10],[52,6,52,10],[53,6,53,7],[53,8,53,10],[3,5,6,10],[28,5,31,10],[26,8,26,10],[41,6,41,10],[42,6,42,10],[26,6,26,7],[11,6,11,9],[57,0,57,4],[58,0,58,4],[59,0,59,4],[54,5,54,10],[55,5,58,10],[54,0,54,4],[55,0,55,4],[56,0,56,4],[12,6,12,9],[13,6,13,7],[13,8,13,10],[23,6,23,10],[48,0,48,4],[41,0,41,3],[42,0,42,4],[33,0,33,3],[34,0,34,4],[35,0,35,3],[36,0,36,4],[37,0,37,3],[28,0,28,4],[29,0,29,3],[30,0,30,4],[31,0,31,3],[49,0,49,3],[50,6,50,10],[50,0,50,4],[18,0,19,4],[24,6,24,10],[25,6,25,10],[43,6,43,7],[43,8,43,10],[43,0,43,3],[44,0,44,4],[45,0,45,3],[46,0,46,4],[47,0,47,3],[38,0,38,4],[39,0,39,3],[40,0,40,4],[32,0,32,4],[23,0,23,3],[24,0,24,4],[25,0,25,3],[26,0,26,4],[27,0,27,3],[17,0,17,1],[7,0,7,2],[20,0,20,4],[21,0,21,3],[22,0,22,4],[12,0,12,2],[13,0,13,1],[14,0,14,2],[15,0,15,1],[16,0,16,2],[4,0,5,4],[8,0,8,2],[9,0,9,1],[10,0,10,2],[11,0,11,1]]}
[null,"Login","Register","Member Center"]
[]
["Home","Why Solar","Retailer Price","Contract Price","Inverter Price","Weekly Snapshots","Price Download","Monthly Insights","Weekly Forecast","Price Forecast","Premier Insights","Premier Data","Advertising"]
[]
["Key Date of The US 2017 Section 201 Safeguard Investigation"]
[]
[]
["Solar PV Corporate News Release",null,null,null,null,"PV Poly Silicon Weekly Spot Price"]
["Panasonic Solar Promotes First Group of Authorized Installers to Premium Level",null,null,null,null,"Item ","High ","Low ","Average ","AvgChg ","AvgChg% "]
["Panasonic",null,"2017-07-26",null,null,"PV Grade PolySilicon (9N/9N+) ",19.3,12.5,16.68,0,0]
["Benefiting from the Leading Edge Technology, TZS Announced Mono-Crystalline Wafer Price Modification",null,null,null,null,"2nd Grade PolySilicon (6N-8N) ",17.350000000000001,10.5,13.57,0,0]
["TZS",null,"2017-07-18",null,null,"PV Grade PolySilicon in China (9N/9N+) ","Visit here for more Poly-Si price",null,null,null,"%"]
["Canadian Solar Reports First Quarter 2017 Results",null,null,null,null,"PV Grade PolySilicon Outside China (9N/9N+) ","Visit here for more Poly-Si price",null,null,null,"%"]
["CanadianSola",null,"2017-06-06",null,null,"Unit: USD/Kg ","more",null,"Last Update: 2017-10-25"]
["JinkoSolar Announces First Quarter 2017 Financial Results",null,null,null,null,"Definition of PV Grade: Poly silicon chunk with high purity can be directly produced to Solar PV Ingots / Bricks"]
["Jinko",null,"2017-06-05",null,null,"Definition of 2nd Grade: Poly silicon chunk must be mixed with high purity polysilicon, when producing Solar PV Ingots / Bricks."]
["Hanwha Q CELLS Reports ",null,null,null,null,"PolySilicon Price In China: The Price is surveyed by RMB term with Tax and then shown in USD term without 17% of VAT."]
["Hanwha Q Cel",null,"2017-05-25",null,null,"Solar PV Wafer Weekly Spot Price "]
["Latest Solar PV News",null,null,null,null,"Item ","High ","Low ","Average ","AvgChg ","AvgChg% "]
[null,null,null,null,null,"156 mm Multi Solar Wafer ",0.69,0.57999999999999996,0.63100000000000001,-3.0000000000000001E-3,-4.7000000000000002E-3]
["Initiate clean cooking movement by tapping solar energy market: PM ...",null,null,null,null,"156 mm High Eff Multi Solar Wafer ",0.69,0.59,0.63700000000000001,-3.0000000000000001E-3,-4.7000000000000002E-3]
["Moneycontrol.com",null,null,null,"2017-10-30","156 mm Mono Solar Wafer ",0.8,0.74,0.76100000000000001,-3.0000000000000001E-3,-3.8999999999999998E-3]
["Solar power making gains",null,null,null,null,"156 mm Mono Wafer Outside China ",0.8,0.77,0.78500000000000003,-5.0000000000000001E-3,-6.3E-3]
["Lethbridge Herald",null,null,null,"2017-10-30","156 mm Multi Wafer Outside China","Visit here for more detail wafer price information"]
["Sun kings: racing across Australia on solar power alone",null,null,null,null,"156mm DiamondWire Poly Wafer","Visit here for more detail wafer price information"]
["Telegraph.co.uk",null,null,null,"2017-10-30","156 mm N-Mono Wafer","Visit here for more detail"]
["Nigeria: Sokoto State Govt to Connect Solar Power in Rural Areas",null,null,null,null,"Unit: USD ","more",null,"Last Update: 2017-10-25"]
["AllAfrica.com",null,null,null,"2017-10-30","Wafer Prices In China: The Prices are surveyed by RMB term with Tax and then shown in USD term without 17% of VAT."]
["PM Narendra Modi says more green energy should power India"]
["Financial Express",null,null,null,"2017-10-30"]
["'Need to focus more on renewable energy'"]
["The Hindu",null,null,null,"2017-10-30"]
["New tech could turn windows into solar panels",null,null,null,null,"Solar PV Cell Weekly Spot Price "]
["The Sydney Morning Herald",null,null,null,"2017-10-30","Item ","High ","Low ","Average ","AvgChg ","AvgChg % "]
["Solar Industry Anxious Ahead Of Tariff Decision",null,null,null,null,"Multi Cell Price Per Watt ",0.24,0.2,0.20399999999999999,-1E-3,-4.8999999999999998E-3]
["NPR",null,null,null,"2017-10-30","Taiwan Poly Cell Per Watt ",0.24,0.2,0.20399999999999999,-1E-3,-4.8999999999999998E-3]
["Two major solar installations quadruple solar in Farmington electric ...",null,null,null,null,"Poly PERC Cell Per Watt ",0.24,0.23,0.23699999999999999,-2E-3,-8.3999999999999995E-3]
["Farmington Daily Times",null,null,null,"2017-10-30","Mono PERC Cell Per Watt ",0.31,0.26,0.27300000000000002,-2E-3,-7.3000000000000001E-3]
["Possible tariff on imported solar panels makes the industry nervous",null,null,null,null,"Taiwan Mono PERC Cell Per Watt ",0.31,0.27,0.27700000000000002,-3.0000000000000001E-3,-1.0699999999999999E-2]
["Los Angeles Times",null,null,null,"2017-10-30","156 mm Multi Solar Cell ",1.1000000000000001,0.85,0.91400000000000003,-4.0000000000000001E-3,-4.4000000000000003E-3]
["Backus renewable energy organization makes global connections",null,null,null,null,"156 mm Mono Solar Cell ",1.59,0.96,1.0349999999999999,-5.0000000000000001E-3,-4.7999999999999996E-3]
["Duluth News Tribune",null,null,null,"2017-10-28","China Poly Cell Per Watt ","Visit here for more detail Cell price information"]
["Interest in solar batteries spikes after Hurricane Irma power outages",null,null,null,null,"Non (TW or CN) Poly Cell Per Watt","Visit here for more detail Cell price information"]
["Bradenton Herald",null,null,null,"2017-10-28","Unit: USD ","more",null,"Last Update: 2017-10-25"]
["Switzerland Solar Energy Market Outlook to 2023 - Research and ...",null,null,null,null,"Solar PV Module Weekly Spot Price "]
["Business Wire (press release)",null,null,null,"2017-10-28","Item ","High ","Low ","Average ","AvgChg ","AvgChg % "]
["Tesla uses solar energy to power Puerto Rico children's hospital",null,null,null,null,"Poly Silicon Solar Module ",0.41,0.28000000000000003,0.318,-1E-3,-3.0999999999999999E-3]
["WSVN 7News | Miami News, Weather, Sports | Fort Lauderdale",null,null,null,"2017-10-27","Poly High Eff / PERC Module ",0.45,0.35,0.38300000000000001,-1E-3,-2.5999999999999999E-3]
["Elon Musk's Tesla delivers solar power to Puerto Rico children's ...",null,null,null,null,"Mono High Eff / PERC Module ",0.55000000000000004,0.39,0.42499999999999999,-2E-3,-4.7000000000000002E-3]
["Telegraph.co.uk",null,null,null,"2017-10-27","ThinFilm Solar Module ",0.42,0.28999999999999998,0.33900000000000002,0,0]
["Last Update: 2017-Oct- 30 23:00 (GMT+8)",null,null,null,null,"US Multi Solar Module","Visit here for more detail module price information"]
[null,null,null,null,null,"Mono Silicon Solar Module","Visit here for more detail module price information"]
[null,null,null,null,null,"India Poly Module","Visit here for more detail module price information"]
[null,null,null,null,null,"Unit: USD / Watt ","more",null,"Last Update: 2017-10-25"]
[null,null,null,null,null,"All Spot Prices are Tax excluded and updated on Wednesday "]
[]
[]
[]
[]
[]
["Price Methodology","Terms of Use","Privacy Policy ","About Us ","Contact Us ","Site Map"]
["Copyright © 2017 PVinsights.com All rights reserved"]

{"sheet":"pvinsights 20 11 17","index":28,"n_rows":62,"n_cols":13,"rows_kept":62,"cut":false,"hidden":false,"merged":[[4,11,13,11],[14,11,23,11],[51,0,51,4],[52,0,52,4],[53,0,53,4],[51,6,51,10],[52,6,52,10],[53,6,53,7],[53,8,53,10],[3,5,6,10],[28,5,31,10],[26,8,26,10],[41,6,41,10],[42,6,42,10],[26,6,26,7],[11,6,11,9],[57,0,57,4],[58,0,58,4],[59,0,59,4],[54,5,54,10],[55,5,58,10],[54,0,54,4],[55,0,55,4],[56,0,56,4],[12,6,12,9],[13,6,13,7],[13,8,13,10],[23,6,23,10],[48,0,48,4],[41,0,41,3],[42,0,42,4],[33,0,33,3],[34,0,34,4],[35,0,35,3],[36,0,36,4],[37,0,37,3],[28,0,28,4],[29,0,29,3],[30,0,30,4],[31,0,31,3],[49,0,49,3],[50,6,50,10],[50,0,50,4],[18,0,19,4],[24,6,24,10],[25,6,25,10],[43,6,43,7],[43,8,43,10],[43,0,43,3],[44,0,44,4],[45,0,45,3],[46,0,46,4],[47,0,47,3],[38,0,38,4],[39,0,39,3],[40,0,40,4],[32,0,32,4],[23,0,23,3],[24,0,24,4],[25,0,25,3],[26,0,26,4],[27,0,27,3],[17,0,17,1],[7,0,7,2],[20,0,20,4],[21,0,21,3],[22,0,22,4],[12,0,12,2],[13,0,13,1],[14,0,14,2],[15,0,15,1],[16,0,16,2],[4,0,5,4],[8,0,8,2],[9,0,9,1],[10,0,10,2],[11,0,11,1]]}
[null,"Login","Register","Member Center"]
[]
["Home","Why Solar","Retailer Price","Contract Price","Inverter Price","Weekly Snapshots","Price Download","Monthly Insights","Weekly Forecast","Price Forecast","Premier Insights","Premier Data","Advertising"]
[]
["Key Date of The US 2017 Section 201 Safeguard Investigation"]
[]
[]
["Solar PV Corporate News Release",null,null,null,null,"PV Poly Silicon Weekly Spot Price"]
["Panasonic Solar Promotes First Group of Authorized Installers to Premium Level",null,null,null,null,"Item ","High ","Low ","Average ","AvgChg ","AvgChg% "]
["Panasonic",null,"2017-07-26",null,null,"PV Grade PolySilicon (9N/9N+) ",19.3,12.5,16.66,0,0]
["Benefiting from the Leading Edge Technology, TZS Announced Mono-Crystalline Wafer Price Modification",null,null,null,null,"2nd Grade PolySilicon (6N-8N) ",17.350000000000001,10.5,13.56,0,0]
["TZS",null,"2017-07-18",null,null,"PV Grade PolySilicon in China (9N/9N+) ","Visit here for more Poly-Si price",null,null,null,"%"]
["Canadian Solar Reports First Quarter 2017 Results",null,null,null,null,"PV Grade PolySilicon Outside China (9N/9N+) ","Visit here for more Poly-Si price",null,null,null,"%"]
["CanadianSola",null,"2017-06-06",null,null,"Unit: USD/Kg ","more",null,"Last Update: 2017-11-15"]
["JinkoSolar Announces First Quarter 2017 Financial Results",null,null,null,null,"Definition of PV Grade: Poly silicon chunk with high purity can be directly produced to Solar PV Ingots / Bricks"]
["Jinko",null,"2017-06-05",null,null,"Definition of 2nd Grade: Poly silicon chunk must be mixed with high purity polysilicon, when producing Solar PV Ingots / Bricks."]
["Hanwha Q CELLS Reports ",null,null,null,null,"PolySilicon Price In China: The Price is surveyed by RMB term with Tax and then shown in USD term without 17% of VAT."]
["Hanwha Q Cel",null,"2017-05-25",null,null,"Solar PV Wafer Weekly Spot Price "]
["Latest Solar PV News",null,null,null,null,"Item ","High ","Low ","Average ","AvgChg ","AvgChg% "]
[null,null,null,null,null,"156 mm Multi Solar Wafer ",0.69,0.57999999999999996,0.626,-1E-3,-1.6000000000000001E-3]
["Man injured after being shot with BB gun in Soulard",null,null,null,null,"156 mm High Eff Multi Solar Wafer ",0.69,0.59,0.63200000000000001,-1E-3,-1.6000000000000001E-3]
["KSDK",null,null,null,"2017-11-20","156 mm Mono Solar Wafer ",0.8,0.72,0.73499999999999999,-5.0000000000000001E-3,-6.7999999999999996E-3]
["Missouri city opens largest solar farm in the state",null,null,null,null,"156 mm Mono Wafer Outside China ",0.8,0.74,0.755,-5.0000000000000001E-3,-6.6E-3]
["STLtoday.com",null,null,null,"2017-11-20","156 mm Multi Wafer Outside China","Visit here for more detail wafer price information"]
["Go Green the Right Way",null,null,null,null,"156mm DiamondWire Poly Wafer","Visit here for more detail wafer price information"]
["RealClearEnergy",null,null,null,"2017-11-20","156 mm N-Mono Wafer","Visit here for more detail"]
["Solar panels on skyscrapers not so farfetched",null,null,null,null,"Unit: USD ","more",null,"Last Update: 2017-11-15"]
["gulfnews.com",null,null,null,"2017-11-20","Wafer Prices In China: The Prices are surveyed by RMB term with Tax and then shown in USD term without 17% of VAT."]
["Solar 'revolution' as residents sharing energy create virtual power ..."]
["ABC Online",null,null,null,"2017-11-20"]
["Beth McKee-Huger: Adding our part to renewable energy supply"]
["Greensboro News & Record",null,null,null,"2017-11-20"]
["AGL to expand energy plan that allows householders to sell or share ...",null,null,null,null,"Solar PV Cell Weekly Spot Price "]
["The Advertiser",null,null,null,"2017-11-20","Item ","High ","Low ","Average ","AvgChg ","AvgChg % "]
["The Coming Solar Energy Age?",null,null,null,null,"Multi Cell Price Per Watt ",0.24,0.19,0.20100000000000001,-1E-3,-5.0000000000000001E-3]
["ValueWalk",null,null,null,"2017-11-20","Taiwan Poly Cell Per Watt ",0.24,0.19,0.20100000000000001,-1E-3,-5.0000000000000001E-3]
["Shallotte Community To Feature Solar Energy, Clean Water Systems",null,null,null,null,"Poly PERC Cell Per Watt ",0.24,0.21,0.23100000000000001,-1E-3,-4.3E-3]
["Greater Wilmington Business Journal",null,null,null,"2017-11-18","Mono PERC Cell Per Watt ",0.31,0.24,0.26300000000000001,-3.0000000000000001E-3,-1.1299999999999999E-2]
["Despite huge Millington project, Tennessee lagging in solar power",null,null,null,null,"Taiwan Mono PERC Cell Per Watt ",0.31,0.25,0.26600000000000001,-3.0000000000000001E-3,-1.12E-2]
["The Commercial Appeal",null,null,null,"2017-11-18","156 mm Multi Solar Cell ",1.1000000000000001,0.81,0.90200000000000002,-5.0000000000000001E-3,-5.4999999999999997E-3]
["Rent-a-roof policy can give residential solar energy the push it ...",null,null,null,null,"156 mm Mono Solar Cell ",1.59,0.91,1.02,-5.0000000000000001E-3,-4.8999999999999998E-3]
["Hindustan Times",null,null,null,"2017-11-18","China Poly Cell Per Watt ","Visit here for more detail Cell price information"]
["Credit Union Place solar panels and storage battery now online in ...",null,null,null,null,"Non (TW or CN) Poly Cell Per Watt","Visit here for more detail Cell price information"]
["The Journal Pioneer",null,null,null,"2017-11-18","Unit: USD ","more",null,"Last Update: 2017-11-15"]
["Solar energy project exceeds expectations in Summerside",null,null,null,null,"Solar PV Module Weekly Spot Price "]
["CBC.ca",null,null,null,"2017-11-18","Item ","High ","Low ","Average ","AvgChg ","AvgChg % "]
["UB-led renewable energy project aims to leverage Buffalo's past ...",null,null,null,null,"Poly Silicon Solar Module ",0.41,0.28000000000000003,0.315,-1E-3,-3.2000000000000002E-3]
["University at Buffalo Reporter",null,null,null,"2017-11-17","Poly High Eff / PERC Module ",0.45,0.35,0.379,-1E-3,-2.5999999999999999E-3]
["Incredible Material That Harvests Light for Energy Just Like Plants ...",null,null,null,null,"Mono High Eff / PERC Module ",0.55000000000000004,0.39,0.41699999999999998,-2E-3,-4.7999999999999996E-3]
["Newsweek",null,null,null,"2017-11-17","ThinFilm Solar Module ",0.42,0.28999999999999998,0.33600000000000002,-1E-3,-3.0000000000000001E-3]
["Last Update: 2017-Nov- 20 20:02 (GMT+8)",null,null,null,null,"US Multi Solar Module","Visit here for more detail module price information"]
[null,null,null,null,null,"Mono Silicon Solar Module","Visit here for more detail module price information"]
[null,null,null,null,null,"India Poly Module","Visit here for more detail module price information"]
[null,null,null,null,null,"Unit: USD / Watt ","more",null,"Last Update: 2017-11-15"]
[null,null,null,null,null,"All Spot Prices are Tax excluded and updated on Wednesday "]
[]
[]
[]
[]
[]
["Price Methodology","Terms of Use","Privacy Policy ","About Us ","Contact Us ","Site Map"]
["Copyright © 2017 PVinsights.com All rights reserved"]

{"sheet":"pvinsights 01 02 18","index":29,"n_rows":62,"n_cols":13,"rows_kept":62,"cut":false,"hidden":false,"merged":[[4,0,5,4],[8,0,8,2],[9,0,9,1],[10,0,10,2],[11,0,11,1],[17,0,17,1],[7,0,7,2],[20,0,20,4],[21,0,21,3],[22,0,22,4],[12,0,12,2],[13,0,13,1],[14,0,14,2],[15,0,15,1],[16,0,16,2],[23,0,23,3],[24,0,24,4],[25,0,25,3],[26,0,26,4],[27,0,27,3],[28,0,28,4],[29,0,29,3],[30,0,30,4],[31,0,31,3],[32,0,32,4],[40,0,40,4],[41,0,41,3],[42,0,42,4],[33,0,33,3],[34,0,34,4],[35,0,35,3],[36,0,36,4],[37,0,37,3],[48,0,48,4],[49,0,49,3],[51,6,51,10],[50,0,50,4],[18,0,19,4],[24,6,24,10],[25,6,25,10],[44,6,44,7],[44,8,44,10],[43,0,43,3],[44,0,44,4],[45,0,45,3],[46,0,46,4],[47,0,47,3],[38,0,38,4],[39,0,39,3],[54,0,54,4],[55,0,55,4],[56,0,56,4],[52,6,52,10],[53,6,53,10],[54,6,54,7],[54,8,54,10],[57,0,57,4],[58,0,58,4],[59,0,59,4],[55,5,55,10],[56,5,59,10],[4,11,13,11],[14,11,23,11],[51,0,51,4],[52,0,52,4],[53,0,53,4],[3,5,6,10],[28,5,31,10],[26,8,26,10],[42,6,42,10],[43,6,43,10],[26,6,26,7],[11,6,11,9],[12,6,12,9],[13,6,13,7],[13,8,13,10],[23,6,23,10]]}
[null,"Login","Register","Member Center"]
[]
["Home","Why Solar","Retailer Price","Contract Price","Inverter Price","Weekly Snapshots","Price Download","Monthly Insights","Weekly Forecast","Price Forecast","Premier Insights","Premier Data","Advertising"]
[]
["Key Date of The US 2017 Section 201 Safeguard Investigation"]
[]
[]
["Solar PV Corporate News Release",null,null,null,null,"PV Poly Silicon Weekly Spot Price"]
["Panasonic Solar Promotes First Group of Authorized Installers to Premium Level",null,null,null,null,"Item ","High ","Low ","Average ","AvgChg ","AvgChg% "]
["Panasonic",null,"2017-07-26",null,null,"PV Grade PolySilicon (9N/9N+) ",20.25,13,17.440000000000001,-0.25,-1.41E-2]
["Benefiting from the Leading Edge Technology, TZS Announced Mono-Crystalline Wafer Price Modification",null,null,null,null,"2nd Grade PolySilicon (6N-8N) ",17.8,11,14.08,-0.22,-1.54E-2]
["TZS",null,"2017-07-18",null,null,"PV Grade PolySilicon in China (9N/9N+) ","Visit here for more Poly-Si price",null,null,null,"%"]
["Canadian Solar Reports First Quarter 2017 Results",null,null,null,null,"PV Grade PolySilicon Outside China (9N/9N+) ","Visit here for more Poly-Si price",null,null,null,"%"]
["CanadianSola",null,"2017-06-06",null,null,"Unit: USD/Kg ","more",null,"Last Update: 2018-01-31"]
["JinkoSolar Announces First Quarter 2017 Financial Results",null,null,null,null,"Definition of PV Grade: Poly silicon chunk with high purity can be directly produced to Solar PV Ingots / Bricks"]
["Jinko",null,"2017-06-05",null,null,"Definition of 2nd Grade: Poly silicon chunk must be mixed with high purity polysilicon, when producing Solar PV Ingots / Bricks."]
["Hanwha Q CELLS Reports ",null,null,null,null,"PolySilicon Price In China: The Price is surveyed by RMB term with Tax and then shown in USD term without 17% of VAT."]
["Hanwha Q Cel",null,"2017-05-25",null,null,"Solar PV Wafer Weekly Spot Price "]
["Latest Solar PV News",null,null,null,null,"Item ","High ","Low ","Average ","AvgChg ","AvgChg% "]
[null,null,null,null,null,"156 mm Multi Solar Wafer ",0.65,0.52,0.55700000000000005,-4.1000000000000002E-2,-6.8599999999999994E-2]
["India achieves 20 GW solar capacity goal four years ahead of deadline",null,null,null,null,"156 mm High Eff Multi Solar Wafer ",0.65,0.53,0.56299999999999994,-4.1000000000000002E-2,-6.7900000000000002E-2]
["Business Today",null,null,null,"2018-02-01","156 mm Mono Solar Wafer ",0.77,0.65,0.67400000000000004,-1.4E-2,-2.0299999999999999E-2]
["Solar tariff's impact on New Mexico renewable energy disputed",null,null,null,null,"156 mm Mono Wafer Outside China ",0.77,0.67,0.68500000000000005,-1.4E-2,-0.02]
["Deming Headlight",null,null,null,"2018-02-01","156 mm Multi Wafer Outside China","Visit here for more detail wafer price information"]
["Shining a light on agricultural solar energy development",null,null,null,null,"156mm DiamondWire Poly Wafer","Visit here for more detail wafer price information"]
["Michigan State University Extension",null,null,null,"2018-02-01","156 mm N-Mono Wafer","Visit here for more detail"]
["Trump administration to 'cut renewable energy office budget by ...",null,null,null,null,"Unit: USD ","more",null,"Last Update: 2018-01-31"]
["The Independent",null,null,null,"2018-02-01","Wafer Prices In China: The Prices are surveyed by RMB term with Tax and then shown in USD term without 17% of VAT."]
["The9 Singapore and a Solar Energy Company Signed a Partnership ..."]
["The Financial",null,null,null,"2018-02-01"]
["Mayor of London launches £34 million energy efficiency and solar ..."]
["Climate Action Programme",null,null,null,"2018-02-01"]
["Lawmakers Are Divided on How to Best Implement Renewable ...",null,null,null,null,"Solar PV Cell Weekly Spot Price "]
["WVTF",null,null,null,"2018-02-01","Item ","High ","Low ","Average ","AvgChg ","AvgChg % "]
["Why I Chose Solar Power: A Self-Storage Owner Shares His Insight",null,null,null,null,"Multi Cell Price Per Watt ",0.24,0.17,0.187,-7.0000000000000001E-3,-3.61E-2]
["Inside Self",null,null,null,"2018-02-01","Non China Poly Cell Per Watt ",0.24,0.18,0.191,-5.0000000000000001E-3,-2.5499999999999998E-2]
["Alberta urged to require licensed land agents as wind and solar ...",null,null,null,null,"Poly PERC Cell Per Watt ",0.24,0.19,0.20399999999999999,-1.2999999999999999E-2,-5.9900000000000002E-2]
["CBC.ca",null,null,null,"2018-02-01","Non China Poly PERC Cell Per Watt ",0.24,0.19,0.20599999999999999,-1.0999999999999999E-2,-5.0700000000000002E-2]
["White House to ask for 72 percent cut in renewable energy ...",null,null,null,null,"Mono PERC Cell Per Watt ",0.27,0.21,0.223,-3.0000000000000001E-3,-1.3299999999999999E-2]
["The Hill",null,null,null,"2018-02-01","Non China Mono PERC Cell Per Watt ",0.27,0.21,0.22500000000000001,-3.0000000000000001E-3,-1.32E-2]
["Solar Cooperatives Launched In St. Petersburg To Broaden Support ...",null,null,null,null,"156 mm Multi Solar Cell ",1.1000000000000001,0.72,0.83799999999999997,-3.5000000000000003E-2,-4.0099999999999997E-2]
["WGCU News",null,null,null,"2018-02-01","156 mm Mono Solar Cell ",1.39,0.86,0.94,-0.02,-2.0799999999999999E-2]
["Is a Transition to Renewable Energy on the Verge of Being ...",null,null,null,null,"China Poly Cell Per Watt ","Visit here for more detail Cell price information"]
["Knowledge@Wharton",null,null,null,"2018-02-01","Non (TW or CN) Poly Cell Per Watt","Visit here for more detail Cell price information"]
["Solar energy can create more good jobs",null,null,null,null,"Unit: USD ","more",null,"Last Update: 2018-01-31"]
["Newton Daily News",null,null,null,"2018-02-01","Solar PV Module Weekly Spot Price "]
["IREDA, Rewa Ultra Mega Solar sign loan agreement",null,null,null,null,"Item ","High ","Low ","Average ","AvgChg ","AvgChg % "]
["Business Line",null,null,null,"2018-02-01","Poly Silicon Solar Module ",0.41,0.27,0.31,0,0]
["Montana solar panel installers not fazed by new tariff",null,null,null,null,"Poly High Eff / PERC Module ",0.45,0.33,0.36799999999999999,0,0]
["NBC Montana",null,null,null,"2018-02-01","Mono High Eff / PERC Module ",0.55000000000000004,0.34,0.39600000000000002,0,0]
["Last Update: 2018-Feb- 01 23:00 (GMT+8)",null,null,null,null,"ThinFilm Solar Module ",0.42,0.28999999999999998,0.33100000000000002,0,0]
[null,null,null,null,null,"US Multi Solar Module","Visit here for more detail module price information"]
[null,null,null,null,null,"Mono Silicon Solar Module","Visit here for more detail module price information"]
[null,null,null,null,null,"India Poly Module","Visit here for more detail module price information"]
[null,null,null,null,null,"Unit: USD / Watt ","more",null,"Last Update: 2018-01-31"]
[null,null,null,null,null,"All Spot Prices are Tax excluded and updated on Wednesday "]
[]
[]
[]
[]
["Price Methodology","Terms of Use","Privacy Policy ","About Us ","Contact Us ","Site Map"]
["Copyright © 2018 PVinsights.com All rights reserved"]

{"sheet":"pvinsights 14 02 18","index":30,"n_rows":62,"n_cols":13,"rows_kept":62,"cut":false,"hidden":false,"merged":[[4,11,13,11],[14,11,23,11],[51,0,51,4],[52,0,52,4],[53,0,53,4],[3,5,6,10],[28,5,31,10],[26,8,26,10],[42,6,42,10],[43,6,43,10],[26,6,26,7],[11,6,11,9],[12,6,12,9],[13,6,13,7],[13,8,13,10],[23,6,23,10],[57,0,57,4],[58,0,58,4],[59,0,59,4],[55,5,55,10],[56,5,59,10],[54,0,54,4],[55,0,55,4],[56,0,56,4],[52,6,52,10],[53,6,53,10],[54,6,54,7],[54,8,54,10],[48,0,48,4],[49,0,49,3],[51,6,51,10],[50,0,50,4],[18,0,19,4],[24,6,24,10],[25,6,25,10],[44,6,44,7],[44,8,44,10],[43,0,43,3],[44,0,44,4],[45,0,45,3],[46,0,46,4],[47,0,47,3],[38,0,38,4],[39,0,39,3],[40,0,40,4],[41,0,41,3],[42,0,42,4],[33,0,33,3],[34,0,34,4],[35,0,35,3],[36,0,36,4],[37,0,37,3],[28,0,28,4],[29,0,29,3],[30,0,30,4],[31,0,31,3],[32,0,32,4],[23,0,23,3],[24,0,24,4],[25,0,25,3],[26,0,26,4],[27,0,27,3],[17,0,17,1],[7,0,7,2],[20,0,20,4],[21,0,21,3],[22,0,22,4],[12,0,12,2],[13,0,13,1],[14,0,14,2],[15,0,15,1],[16,0,16,2],[4,0,5,4],[8,0,8,2],[9,0,9,1],[10,0,10,2],[11,0,11,1]]}
[null,"Login","Register","Member Center"]
[]
["Home","Why Solar","Retailer Price","Contract Price","Inverter Price","Weekly Snapshots","Price Download","Monthly Insights","Weekly Forecast","Price Forecast","Premier Insights","Premier Data","Advertising"]
[]
["Key Date of The US 2017 Section 201 Safeguard Investigation"]
[]
[]
["Solar PV Corporate News Release",null,null,null,null,"PV Poly Silicon Weekly Spot Price"]
["Panasonic Solar Promotes First Group of Authorized Installers to Premium Level",null,null,null,null,"Item ","High ","Low ","Average ","AvgChg ","AvgChg% "]
["Panasonic",null,"2017-07-26",null,null,"PV Grade PolySilicon (9N/9N+) ",18.649999999999999,13,16.32,-0.27,-1.6299999999999999E-2]
["Benefiting from the Leading Edge Technology, TZS Announced Mono-Crystalline Wafer Price Modification",null,null,null,null,"2nd Grade PolySilicon (6N-8N) ",16.5,11,13.41,-0.16,-1.18E-2]
["TZS",null,"2017-07-18",null,null,"PV Grade PolySilicon in China (9N/9N+) ","Visit here for more Poly-Si price",null,null,null,"%"]
["Canadian Solar Reports First Quarter 2017 Results",null,null,null,null,"PV Grade PolySilicon Outside China (9N/9N+) ","Visit here for more Poly-Si price",null,null,null,"%"]
["CanadianSola",null,"2017-06-06",null,null,"Unit: USD/Kg ","more",null,"Last Update: 2018-02-14"]
["JinkoSolar Announces First Quarter 2017 Financial Results",null,null,null,null,"Definition of PV Grade: Poly silicon chunk with high purity can be directly produced to Solar PV Ingots / Bricks"]
["Jinko",null,"2017-06-05",null,null,"Definition of 2nd Grade: Poly silicon chunk must be mixed with high purity polysilicon, when producing Solar PV Ingots / Bricks."]
["Hanwha Q CELLS Reports ",null,null,null,null,"PolySilicon Price In China: The Price is surveyed by RMB term with Tax and then shown in USD term without 17% of VAT."]
["Hanwha Q Cel",null,"2017-05-25",null,null,"Solar PV Wafer Weekly Spot Price "]
["Latest Solar PV News",null,null,null,null,"Item ","High ","Low ","Average ","AvgChg ","AvgChg% "]
[null,null,null,null,null,"156 mm Multi Solar Wafer ",0.6,0.52,0.53400000000000003,-2E-3,-3.7000000000000002E-3]
["Schaumburg Receives Silver Designation for Advancements in ...",null,null,null,null,"156 mm High Eff Multi Solar Wafer ",0.6,0.53,0.54,-2E-3,-3.7000000000000002E-3]
["Chicago Tribune",null,null,null,"2018-02-15","156 mm Mono Solar Wafer ",0.74,0.64,0.65500000000000003,-2E-3,-3.0000000000000001E-3]
["Florida Matters Re-Broadcast: Solar Power In The Sunshine State",null,null,null,null,"156 mm Mono Wafer Outside China ",0.74,0.65,0.66600000000000004,-2E-3,-3.0000000000000001E-3]
["WUSF News",null,null,null,"2018-02-15","156 mm Multi Wafer Outside China","Visit here for more detail wafer price information"]
["Case to decide if Ann Arbor can keep taxing solar energy systems",null,null,null,null,"156mm DiamondWire Poly Wafer","Visit here for more detail wafer price information"]
["MLive.com",null,null,null,"2018-02-15","156 mm N-Mono Wafer","Visit here for more detail"]
["Renewable energy still trending up for Delaware with solar, wind ...",null,null,null,null,"Unit: USD ","more",null,"Last Update: 2018-02-14"]
["Delmarva Daily Times",null,null,null,"2018-02-15","Wafer Prices In China: The Prices are surveyed by RMB term with Tax and then shown in USD term without 17% of VAT."]
["Tasmanian State Election 2018: Labor pushes for solar power stations"]
["The Mercury",null,null,null,"2018-02-15"]
["Putnam County expands zoning ordinance to allow for solar energy"]
["LaSalle News Tribune",null,null,null,"2018-02-15"]
["IBC SOLAR and EVBox announce partnership to combine solar ...",null,null,null,null,"Solar PV Cell Weekly Spot Price "]
["Sun & Wind Energy",null,null,null,"2018-02-15","Item ","High ","Low ","Average ","AvgChg ","AvgChg % "]
["BP School District Is Looking At Solar Energy",null,null,null,null,"Multi Cell Price Per Watt ",0.24,0.17,0.182,-1E-3,-5.4999999999999997E-3]
["Belleplaineherald",null,null,null,"2018-02-15","Non China Poly Cell Per Watt ",0.24,0.18,0.185,-1E-3,-5.4000000000000003E-3]
["Time is up for solar subsidies pushed by the elite, anti-coal activists",null,null,null,null,"Poly PERC Cell Per Watt ",0.24,0.19,0.19900000000000001,-1E-3,-5.0000000000000001E-3]
["Lexington Herald Leader",null,null,null,"2018-02-15","Non China Poly PERC Cell Per Watt ",0.24,0.19,0.2,-1E-3,-5.0000000000000001E-3]
["In Brief: the Economics of Renewable Energy",null,null,null,null,"Mono PERC Cell Per Watt ",0.27,0.21,0.219,-1E-3,-4.4999999999999997E-3]
["Albany Times Union (blog)",null,null,null,"2018-02-15","Non China Mono PERC Cell Per Watt ",0.27,0.21,0.221,-1E-3,-4.4999999999999997E-3]
["Solar energy garden draws concerns over glare, property values",null,null,null,null,"156 mm Multi Solar Cell ",1.1000000000000001,0.72,0.81599999999999995,-5.0000000000000001E-3,-6.1000000000000004E-3]
["Mountain Mail Newspaper",null,null,null,"2018-02-15","156 mm Mono Solar Cell ",1.39,0.86,0.93,-5.0000000000000001E-3,-5.3E-3]
["Mysuru City Corporation finally takes the solar route",null,null,null,null,"China Poly Cell Per Watt ","Visit here for more detail Cell price information"]
["The Hindu",null,null,null,"2018-02-14","Non (TW or CN) Poly Cell Per Watt","Visit here for more detail Cell price information"]
["Billionaire Trump Foe Behind Solar Energy Measures in Arizona ...",null,null,null,null,"Unit: USD ","more",null,"Last Update: 2018-02-14"]
["Phoenix New Times",null,null,null,"2018-02-14","Solar PV Module Weekly Spot Price "]
["Iowa solar advocates fear proposals would stunt industry growth",null,null,null,null,"Item ","High ","Low ","Average ","AvgChg ","AvgChg % "]
["Quad City Times",null,null,null,"2018-02-14","Poly Silicon Solar Module ",0.41,0.27,0.309,0,0]
["'PDO aims to be leading player in solar energy development in region'",null,null,null,null,"Poly High Eff / PERC Module ",0.45,0.32,0.36599999999999999,-1E-3,-2.7000000000000001E-3]
["Muscat Daily",null,null,null,"2018-02-14","Mono High Eff / PERC Module ",0.55000000000000004,0.33,0.39300000000000002,-1E-3,-2.5000000000000001E-3]
["Last Update: 2018-Feb- 15 07:00 (GMT+8)",null,null,null,null,"ThinFilm Solar Module ",0.42,0.28999999999999998,0.33,0,0]
[null,null,null,null,null,"US Multi Solar Module","Visit here for more detail module price information"]
[null,null,null,null,null,"Mono Silicon Solar Module","Visit here for more detail module price information"]
[null,null,null,null,null,"India Poly Module","Visit here for more detail module price information"]
[null,null,null,null,null,"Unit: USD / Watt ","more",null,"Last Update: 2018-02-14"]
[null,null,null,null,null,"All Spot Prices are Tax excluded and updated on Wednesday "]
[]
[]
[]
[]
["Price Methodology","Terms of Use","Privacy Policy ","About Us ","Contact Us ","Site Map"]
["Copyright © 2018 PVinsights.com All rights reserved"]

{"sheet":"pvinsights 09 04 18","index":31,"n_rows":62,"n_cols":13,"rows_kept":62,"cut":false,"hidden":false,"merged":[[4,0,5,4],[8,0,8,2],[9,0,9,1],[10,0,10,2],[11,0,11,1],[17,0,17,1],[7,0,7,2],[20,0,20,4],[21,0,21,3],[22,0,22,4],[12,0,12,2],[13,0,13,1],[14,0,14,2],[15,0,15,1],[16,0,16,2],[23,0,23,3],[24,0,24,4],[25,0,25,3],[26,0,26,4],[27,0,27,3],[28,0,28,4],[29,0,29,3],[30,0,30,4],[31,0,31,3],[32,0,32,4],[40,0,40,4],[41,0,41,3],[42,0,42,4],[33,0,33,3],[34,0,34,4],[35,0,35,3],[36,0,36,4],[37,0,37,3],[48,0,48,4],[49,0,49,3],[51,6,51,10],[50,0,50,4],[18,0,19,4],[24,6,24,10],[25,6,25,10],[44,6,44,7],[44,8,44,10],[43,0,43,3],[44,0,44,4],[45,0,45,3],[46,0,46,4],[47,0,47,3],[38,0,38,4],[39,0,39,3],[54,0,54,4],[55,0,55,4],[56,0,56,4],[52,6,52,10],[53,6,53,10],[54,6,54,7],[54,8,54,10],[57,0,57,4],[58,0,58,4],[59,0,59,4],[55,5,55,10],[56,5,59,10],[4,11,13,11],[14,11,23,11],[51,0,51,4],[52,0,52,4],[53,0,53,4],[3,5,6,10],[28,5,31,10],[26,8,26,10],[42,6,42,10],[43,6,43,10],[26,6,26,7],[11,6,11,9],[12,6,12,9],[13,6,13,7],[13,8,13,10],[23,6,23,10]]}
[null,"Login","Register","Member Center"]
[]
["Home","Why Solar","Retailer Price","Contract Price","Inverter Price","Weekly Snapshots","Price Download","Monthly Insights","Weekly Forecast","Price Forecast","Premier Insights","Premier Data","Advertising"]
[]
["Key Date of The US 2017 Section 201 Safeguard Investigation"]
[]
[]
["Solar PV Corporate News Release",null,null,null,null,"PV Poly Silicon Weekly Spot Price"]
["Canadian Solar Reports Fourth Quarter and Full Year 2017 Results",null,null,null,null,"Item ","High ","Low ","Average ","AvgChg ","AvgChg% "]
["Canadian Sol",null,"2018-03-19",null,null,"PV Grade PolySilicon (9N/9N+) ",17.7,13,15.41,0.5,3.3500000000000002E-2]
["First Solar, Inc. Announces Fourth Quarter & Full Year 2017 Financial Results ",null,null,null,null,"2nd Grade PolySilicon (6N-8N) ",15.8,11,12.92,0.44,3.5299999999999998E-2]
["First Solar",null,"2018-02-23",null,null,"PV Grade PolySilicon in China (9N/9N+) ","Visit here for more Poly-Si price",null,null,null,"%"]
["SunPower Reports Fourth Quarter and FY 2017 Results",null,null,null,null,"PV Grade PolySilicon Outside China (9N/9N+) ","Visit here for more Poly-Si price",null,null,null,"%"]
["Sunpower",null,"2018-02-15",null,null,"Unit: USD/Kg ","more",null,"Last Update: 2018-04-04"]
["Panasonic Solar Promotes First Group of Authorized Installers to Premium Level",null,null,null,null,"Definition of PV Grade: Poly silicon chunk with high purity can be directly produced to Solar PV Ingots / Bricks"]
["Panasonic",null,"2017-07-26",null,null,"Definition of 2nd Grade: Poly silicon chunk must be mixed with high purity polysilicon, when producing Solar PV Ingots / Bricks."]
["Benefiting from the Leading Edge Technology, TZS Announced Mono-Crystalline Wafer Price Modification",null,null,null,null,"PolySilicon Price In China: The Price is surveyed by RMB term with Tax and then shown in USD term without 17% of VAT."]
["TZS",null,"2017-07-18",null,null,"Solar PV Wafer Weekly Spot Price "]
["Latest Solar PV News",null,null,null,null,"Item ","High ","Low ","Average ","AvgChg ","AvgChg% "]
[null,null,null,null,null,"156 mm Multi Solar Wafer ",0.57999999999999996,0.48,0.503,-1E-3,-2E-3]
["Google Say Renewable Energy Purchases Exceeded Consumption ...",null,null,null,null,"156 mm High Eff Multi Solar Wafer ",0.57999999999999996,0.49,0.50900000000000001,-1E-3,-2E-3]
["eWeek",null,null,null,"2018-04-09","156 mm Mono Solar Wafer ",0.72,0.57999999999999996,0.61499999999999999,0,0]
["Sydney man touts household energy bill that is cheaper than his ...",null,null,null,null,"156 mm Mono Wafer Outside China ",0.72,0.57999999999999996,0.62,0,0]
["NEWS.com.au",null,null,null,"2018-04-09","156 mm Multi Wafer Outside China","Visit here for more detail wafer price information"]
["Solar farms receive more cash from green subsidies than selling the ...",null,null,null,null,"156mm DiamondWire Poly Wafer","Visit here for more detail wafer price information"]
["Daily Mail",null,null,null,"2018-04-09","156 mm N-Mono Wafer","Visit here for more detail"]
["81000 solar panels: Washington's largest solar farm planned near ...",null,null,null,null,"Unit: USD ","more",null,"Last Update: 2018-04-04"]
["The Spokesman",null,null,null,"2018-04-09","Wafer Prices In China: The Prices are surveyed by RMB term with Tax and then shown in USD term without 17% of VAT."]
["Salt Lake City rises above many other American cities for solar energy"]
["WTVA",null,null,null,"2018-04-09"]
["Solar Energy Leads New Investments in Power Generation, Says ..."]
["Prensa Latina",null,null,null,"2018-04-09"]
["Melbourne solar panel users ditching major retailers for a ...",null,null,null,null,"Solar PV Cell Weekly Spot Price "]
["Herald Sun",null,null,null,"2018-04-09","Item ","High ","Low ","Average ","AvgChg ","AvgChg % "]
["Montana's largest utility overpays for rooftop solar energy, study ...",null,null,null,null,"Multi Cell Price Per Watt ",0.24,0.16,0.17699999999999999,0,0]
["Billings Gazette",null,null,null,"2018-04-09","Non China Poly Cell Per Watt ",0.24,0.16,0.17899999999999999,0,0]
["Solar array set for old Troy landfill",null,null,null,null,"Poly PERC Cell Per Watt ",0.24,0.18,0.19400000000000001,0,0]
["Troy Record",null,null,null,"2018-04-09","Non China Poly PERC Cell Per Watt ",0.24,0.18,0.19500000000000001,0,0]
["How Standing Rock Is Leading by Example on Renewable Energy",null,null,null,null,"Mono PERC Cell Per Watt ",0.26,0.2,0.21,-1E-3,-4.7000000000000002E-3]
["Truth",null,null,null,"2018-04-09","Non China Mono PERC Cell Per Watt ",0.26,0.2,0.21299999999999999,-1E-3,-4.7000000000000002E-3]
["China becomes driving force for global surge in solar energy ...",null,null,null,null,"156 mm Multi Solar Cell ",1.1000000000000001,0.7,0.80800000000000005,0,0]
["Xinhua",null,null,null,"2018-04-09","156 mm Mono Solar Cell ",1.33,0.82,0.90500000000000003,0,0]
["Big push for renewable energy as companies plan to invest more ...",null,null,null,null,"China Poly Cell Per Watt ","Visit here for more detail Cell price information"]
["The Nation",null,null,null,"2018-04-09","Non (TW or CN) Poly Cell Per Watt","Visit here for more detail Cell price information"]
["$5m Solar Energy Park Planned For Grand Bahama",null,null,null,null,"Unit: USD ","more",null,"Last Update: 2018-04-04"]
["Bahamas Tribune",null,null,null,"2018-04-07","Solar PV Module Weekly Spot Price "]
["FGCU using solar energy, go-karts to further sustainability initiatives",null,null,null,null,"Item ","High ","Low ","Average ","AvgChg ","AvgChg % "]
["Wink News",null,null,null,"2018-04-07","Poly Silicon Solar Module ",0.41,0.27,0.30199999999999999,0,0]
["EnergyAustralia launches trial to boost solar energy installations",null,null,null,null,"Poly High Eff / PERC Module ",0.45,0.32,0.35399999999999998,-2E-3,-5.5999999999999999E-3]
["Herald Sun",null,null,null,"2018-04-07","Mono High Eff / PERC Module ",0.55000000000000004,0.33,0.38100000000000001,-2E-3,-5.1999999999999998E-3]
["Last Update: 2018-Apr- 09 23:00 (GMT+8)",null,null,null,null,"ThinFilm Solar Module ",0.42,0.28999999999999998,0.32200000000000001,-1E-3,-3.0999999999999999E-3]
[null,null,null,null,null,"US Multi Solar Module","Visit here for more detail module price information"]
[null,null,null,null,null,"Mono Silicon Solar Module","Visit here for more detail module price information"]
[null,null,null,null,null,"India Poly Module","Visit here for more detail module price information"]
[null,null,null,null,null,"Unit: USD / Watt ","more",null,"Last Update: 2018-04-04"]
[null,null,null,null,null,"All Spot Prices are Tax excluded and updated on Wednesday "]
[]
[]
[]
[]
["Price Methodology","Terms of Use","Privacy Policy ","About Us ","Contact Us ","Site Map"]
["Copyright © 2018 PVinsights.com All rights reserved"]

{"sheet":"pvinsights 05 06 18","index":32,"n_rows":58,"n_cols":13,"rows_kept":58,"cut":false,"hidden":false,"merged":[[4,0,5,4],[8,0,8,2],[9,0,9,1],[10,0,10,2],[11,0,11,1],[17,0,17,1],[7,0,7,2],[20,0,20,4],[21,0,21,3],[22,0,22,4],[12,0,12,2],[13,0,13,1],[14,0,14,2],[15,0,15,1],[16,0,16,2],[23,0,23,3],[24,0,24,4],[25,0,25,3],[26,0,26,4],[27,0,27,3],[28,0,28,4],[29,0,29,3],[30,0,30,4],[31,0,31,3],[32,0,32,4],[33,0,33,3],[34,0,34,4],[35,0,35,3],[36,0,36,4],[37,0,37,3],[38,0,38,4],[39,0,39,3],[40,0,40,4],[41,0,41,3],[42,0,42,4],[7,6,7,9],[8,6,8,9],[9,6,9,7],[9,8,9,10],[19,6,19,10],[47,6,47,10],[48,0,48,4],[49,0,49,3],[50,0,50,4],[18,0,19,4],[20,6,20,10],[21,6,21,10],[22,6,22,7],[50,6,50,7],[50,8,50,10],[24,5,27,10],[43,0,43,3],[44,0,44,4],[45,0,45,3],[46,0,46,4],[47,0,47,3],[52,5,55,10],[4,11,13,11],[14,11,23,11],[51,0,51,4],[52,0,52,4],[53,0,53,4],[54,0,54,4],[55,0,55,4],[48,6,48,10],[49,6,49,10],[51,5,51,10],[22,8,22,10],[38,6,38,10],[39,6,39,10],[40,6,40,7],[40,8,40,10]]}
[null,"Login","Register","Member Center"]
[]
["Home","Why Solar","Retailer Price","Contract Price","Inverter Price","Weekly Snapshots","Price Download","Monthly Insights","Weekly Forecast","Price Forecast","Premier Insights","Premier Data","Advertising"]
[null,null,null,null,null,"PV Poly Silicon Weekly Spot Price"]
["Key Date of The US 2017 Section 201 Safeguard Investigation",null,null,null,null,"Item ","High ","Low ","Average ","AvgChg ","AvgChg% "]
[null,null,null,null,null,"PV Grade PolySilicon (9N/9N+) ",16.43,12.9,14.65,-0.49,-3.2399999999999998E-2]
[null,null,null,null,null,"2nd Grade PolySilicon (6N-8N) ",14.75,11,12.3,-0.38,-0.03]
["Solar PV Corporate News Release",null,null,null,null,"PV Grade PolySilicon in China (9N/9N+) ","Visit here for more Poly-Si price",null,null,null,"%"]
["Canadian Solar Reports First Quarter 2018 Results",null,null,null,null,"PV Grade PolySilicon Outside China (9N/9N+) ","Visit here for more Poly-Si price",null,null,null,"%"]
["Canadian Sol",null,"2018-05-16",null,null,"Unit: USD/Kg ","more",null,"Last Update: 2018-05-30"]
["With 4GW advance PERC capacity, Aiko Solar is now the best and largest PERC cell supplier over the world",null,null,null,null,"Definition of PV Grade: Poly silicon chunk with high purity can be directly produced to Solar PV Ingots / Bricks"]
["Aiko Solar",null,"2018-05-14",null,null,"Definition of 2nd Grade: Poly silicon chunk must be mixed with high purity polysilicon, when producing Solar PV Ingots / Bricks."]
["Hanwha Q CELLS Reports First Quarter 2018 Results",null,null,null,null,"PolySilicon Price In China: The Price is surveyed by RMB term with Tax and then shown in USD term without 16% of VAT after May 1, 2018 and 17% of VAT before May 1, 2018."]
["Hanwha Q-Cel",null,"2018-05-14",null,null,"Solar PV Wafer Weekly Spot Price "]
["JA Solar Announces Fourth Quarter and Fiscal Year 2017 Results",null,null,null,null,"Item ","High ","Low ","Average ","AvgChg ","AvgChg% "]
["JA Solar",null,"2018-04-30",null,null,"156 mm Multi Solar Wafer ",0.47,0.39,0.41499999999999998,-0.03,-6.7400000000000002E-2]
["First Solar, Inc. Announces First Quarter 2018 Financial Results",null,null,null,null,"156 mm High Eff Multi Solar Wafer ",0.47,0.4,0.42,-0.03,-6.6699999999999995E-2]
["First Solar",null,"2018-04-27",null,null,"156 mm Mono Solar Wafer ",0.64,0.54,0.56799999999999995,-2.1999999999999999E-2,-3.73E-2]
["Latest Solar PV News",null,null,null,null,"156 mm Mono Wafer Outside China ",0.64,0.54,0.57799999999999996,-2.1999999999999999E-2,-3.6700000000000003E-2]
[null,null,null,null,null,"156 mm Multi Wafer Outside China","Visit here for more detail wafer price information"]
["Video: 'Finger' Solar Power Project Signing",null,null,null,null,"156mm DiamondWire Poly Wafer","Visit here for more detail wafer price information"]
["Bernews",null,null,null,"2018-06-05","156 mm N-Mono Wafer","Visit here for more detail"]
["Florida community enjoys near-free solar power",null,null,null,null,"Unit: USD ","more",null,"Last Update: 2018-05-30"]
["FOX 13 News, Tampa Bay",null,null,null,"2018-06-05","Wafer Prices In China: The Prices are surveyed by RMB term with Tax and then shown in USD term without 16% of VAT after May 1, 2018 and 17% of VAT before May 1, 2018."]
["Solar energy transforming agricultural scenario in MP"]
["Daily Pioneer",null,null,null,"2018-06-05"]
["Warning about solar panels after fire in Wellbrooke Gardens"]
["Daily Echo",null,null,null,"2018-06-05"]
["PPL acquires solar power company",null,null,null,null,"Solar PV Cell Weekly Spot Price "]
["Reading Eagle",null,null,null,"2018-06-05","Item ","High ","Low ","Average ","AvgChg ","AvgChg % "]
["Ulverstone Neighbourhood House gets solar power grant from ...",null,null,null,null,"Multi Cell Price Per Watt ",0.24,0.15,0.17,-2E-3,-1.1599999999999999E-2]
["The Advocate",null,null,null,"2018-06-05","Non China Poly Cell Per Watt ",0.24,0.15,0.17,-2E-3,-1.1599999999999999E-2]
["China Focus: China fuels clean energy growth",null,null,null,null,"Poly PERC Cell Per Watt ",0.24,0.18,0.191,-2E-3,-1.04E-2]
["Xinhua",null,null,null,"2018-06-05","Non China Poly PERC Cell Per Watt ",0.24,0.18,0.193,-2E-3,-1.03E-2]
["Inside the New Technology That Could Transform the Solar Power ...",null,null,null,null,"Mono PERC Cell Per Watt ",0.26,0.2,0.20699999999999999,-2E-3,-9.5999999999999992E-3]
["TIME",null,null,null,"2018-06-05","Non China Mono PERC Cell Per Watt ",0.26,0.2,0.20899999999999999,-2E-3,-9.4999999999999998E-3]
["Solar energy systems installed at three NYSDOT locations in WNY",null,null,null,null,"156 mm Multi Solar Cell ",1.1000000000000001,0.66,0.77600000000000002,-6.0000000000000001E-3,-7.7000000000000002E-3]
["WIVB",null,null,null,"2018-06-05","156 mm Mono Solar Cell ",1.33,0.82,0.89,-0.01,-1.11E-2]
["Solar power plant deal signed",null,null,null,null,"China Poly Cell Per Watt ","Visit here for more detail Cell price information"]
["Royal Gazette",null,null,null,"2018-06-05","Non (TW or CN) Poly Cell Per Watt","Visit here for more detail Cell price information"]
["Discoms to buy 750 MW solar power",null,null,null,null,"Unit: USD ","more",null,"Last Update: 2018-05-30"]
["The Hindu",null,null,null,"2018-06-05","Solar PV Module Weekly Spot Price "]
["Your Town Minocqua: Lakeland HS solar panels educate students ...",null,null,null,null,"Item ","High ","Low ","Average ","AvgChg ","AvgChg % "]
["WSAW",null,null,null,"2018-06-05","Poly Silicon Solar Module ",0.41,0.27,0.29199999999999998,-3.0000000000000001E-3,-1.0200000000000001E-2]
["Off the grid",null,null,null,null,"Poly High Eff / PERC Module ",0.45,0.31,0.34100000000000003,-3.0000000000000001E-3,-8.6999999999999994E-3]
["BlueRidgeNow.com",null,null,null,"2018-06-05","Mono High Eff / PERC Module ",0.55000000000000004,0.32,0.36599999999999999,-2E-3,-5.4000000000000003E-3]
["Renewable energy sector sees increasing appeal among job ...",null,null,null,null,"ThinFilm Solar Module ",0.42,0.28999999999999998,0.314,-1E-3,-3.2000000000000002E-3]
["United News of India",null,null,null,"2018-06-04","US Multi Solar Module","Visit here for more detail module price information"]
["Renewable energy reaches record high in 2017, research shows",null,null,null,null,"Mono Silicon Solar Module","Visit here for more detail module price information"]
["Business Review",null,null,null,"2018-06-04","India Poly Module","Visit here for more detail module price information"]
["Last Update: 2018-Jun- 05 23:00 (GMT+8)",null,null,null,null,"Unit: USD / Watt ","more",null,"Last Update: 2018-05-30"]
[null,null,null,null,null,"All Spot Prices are Tax excluded and updated on Wednesday "]
[]
[]
[]
[]
["Price Methodology","Terms of Use","Privacy Policy ","About Us ","Contact Us ","Site Map"]
["Copyright © 2018 PVinsights.com All rights reserved"]

{"sheet":"pvinsights 09 07 18","index":33,"n_rows":54,"n_cols":13,"rows_kept":54,"cut":false,"hidden":false,"merged":[[4,11,13,11],[14,11,23,11],[51,0,51,4],[48,6,48,10],[49,6,49,10],[50,6,50,7],[50,8,50,10],[3,5,6,10],[51,5,51,10],[26,8,26,10],[47,6,47,10],[50,0,50,4],[47,0,47,3],[48,0,48,4],[49,0,49,3],[11,6,11,9],[12,6,12,9],[13,6,13,7],[13,8,13,10],[23,6,23,10],[46,0,46,4],[38,0,38,4],[39,0,39,3],[40,0,40,4],[41,0,41,3],[42,0,42,4],[24,6,24,10],[25,6,25,10],[26,6,26,7],[44,0,44,4],[45,0,45,3],[38,6,38,10],[39,6,39,10],[40,6,40,7],[40,8,40,10],[31,0,31,3],[43,0,43,3],[32,0,32,4],[33,0,33,3],[34,0,34,4],[35,0,35,3],[36,0,36,4],[37,0,37,3],[26,0,26,4],[27,0,27,3],[28,0,28,4],[29,0,29,3],[30,0,30,4],[24,0,24,4],[25,0,25,3],[13,0,13,1],[14,0,14,2],[15,0,15,1],[16,0,16,2],[17,0,17,1],[18,0,19,4],[20,0,20,4],[21,0,21,3],[22,0,22,4],[23,0,23,3],[12,0,12,2],[7,0,7,2],[4,0,5,4],[8,0,8,2],[9,0,9,1],[10,0,10,2],[11,0,11,1]]}
[null,"Login","Register","Member Center"]
[]
["Home","Why Solar","Retailer Price","Contract Price","Inverter Price","Weekly Snapshots","Price Download","Monthly Insights","Weekly Forecast","Price Forecast","Premier Insights","Premier Data","Advertising"]
[]
["Key Date of The US 2017 Section 201 Safeguard Investigation"]
[]
[]
["Solar PV Corporate News Release",null,null,null,null,"PV Poly Silicon Weekly Spot Price"]
["JinkoSolar Announces First Quarter 2018 Financial Results",null,null,null,null,"Item ","High ","Low ","Average ","AvgChg ","AvgChg% "]
["Jinko",null,"2018-06-26",null,null,"PV Grade PolySilicon (9N/9N+) ",12.89,9.77,11.16,-0.13,-1.15E-2]
["Canadian Solar Reports First Quarter 2018 Results",null,null,null,null,"2nd Grade PolySilicon (6N-8N) ",10.9,7.35,8.94,-0.11,-1.2200000000000001E-2]
["Canadian Sol",null,"2018-05-16",null,null,"PV Grade PolySilicon in China (9N/9N+) ","Visit here for more Poly-Si price",null,null,null,"%"]
["With 4GW advance PERC capacity, Aiko Solar is now the best and largest PERC cell supplier over the world",null,null,null,null,"PV Grade PolySilicon Outside China (9N/9N+) ","Visit here for more Poly-Si price",null,null,null,"%"]
["Aiko Solar",null,"2018-05-14",null,null,"Unit: USD/Kg ","more",null,"Last Update: 2018-07-04"]
["Hanwha Q CELLS Reports First Quarter 2018 Results",null,null,null,null,"Definition of PV Grade: Poly silicon chunk with high purity can be directly produced to Solar PV Ingots / Bricks"]
["Hanwha Q-Cel",null,"2018-05-14",null,null,"Definition of 2nd Grade: Poly silicon chunk must be mixed with high purity polysilicon, when producing Solar PV Ingots / Bricks."]
["JA Solar Announces Fourth Quarter and Fiscal Year 2017 Results",null,null,null,null,"PolySilicon Price In China: The Price is surveyed by RMB term with Tax and then shown in USD term without 16% of VAT after May 1, 2018 and 17% of VAT before May 1, 2018."]
["JA Solar",null,"2018-04-30",null,null,"Solar PV Wafer Weekly Spot Price "]
["Latest Solar PV News",null,null,null,null,"Item ","High ","Low ","Average ","AvgChg ","AvgChg% "]
[null,null,null,null,null,"156 mm Multi Solar Wafer ",0.36,0.28000000000000003,0.308,-0.01,-3.1399999999999997E-2]
["Rajasthan: Solar energy is now the preferred source of power",null,null,null,null,"156 mm High Eff Multi Solar Wafer ",0.36,0.28999999999999998,0.313,-0.01,-3.1E-2]
["Daily News & Analysis",null,null,null,"2018-07-09","156 mm Mono Solar Wafer ",0.47,0.4,0.42799999999999999,-4.0000000000000001E-3,-9.2999999999999992E-3]
["Solar Energy Informational Meeting Set for Thursday",null,null,null,null,"156 mm Mono Wafer Outside China ",0.47,0.4,0.43,-4.0000000000000001E-3,-9.1999999999999998E-3]
["KNIA / KRLS Radio",null,null,null,"2018-07-09","156 mm Multi Wafer Outside China","Visit here for more detail wafer price information"]
["Grants fund solar power for schools",null,null,null,null,"156mm DiamondWire Poly Wafer","Visit here for more detail wafer price information"]
["Rocky Mount Telegram",null,null,null,"2018-07-09","156 mm N-Mono Wafer","Visit here for more detail"]
["Couple plans for renewable energy of solar panels to live off-grid",null,null,null,null,"Unit: USD ","more",null,"Last Update: 2018-07-04"]
["Record",null,null,null,"2018-07-09","Wafer Prices In China: The Prices are surveyed by RMB term with Tax and then shown in USD term without 16% of VAT after May 1, 2018 and 17% of VAT before May 1, 2018."]
["Study looks at boosting solar energy's future in Pennsylvania",null,null,null,null,"Solar PV Cell Weekly Spot Price "]
["Reading Eagle",null,null,null,"2018-07-09","Item ","High ","Low ","Average ","AvgChg ","AvgChg % "]
["Duke Energy Solar Rebates Now Available In NC",null,null,null,null,"Multi Cell Price Per Watt ",0.18,0.12,0.13200000000000001,-3.0000000000000001E-3,-2.2200000000000001E-2]
["WFAE",null,null,null,"2018-07-09","Non China Poly Cell Per Watt ",0.18,0.12,0.13200000000000001,-3.0000000000000001E-3,-2.2200000000000001E-2]
["Gwyn Morgan: Renewable energy is no quick fix for oil pipelines",null,null,null,null,"Poly PERC Cell Per Watt ",0.18,0.14000000000000001,0.156,-4.0000000000000001E-3,-2.5000000000000001E-2]
["Times Colonist",null,null,null,"2018-07-09","Non China Poly PERC Cell Per Watt ",0.18,0.15,0.16200000000000001,-2E-3,-1.2200000000000001E-2]
["Energy boost: Yakima County could soon use sun, wind to its ...",null,null,null,null,"Mono PERC Cell Per Watt ",0.23,0.15,0.16700000000000001,-5.0000000000000001E-3,-2.9100000000000001E-2]
["Yakima Herald",null,null,null,"2018-07-09","Non China Mono PERC Cell Per Watt ",0.23,0.16,0.17399999999999999,-4.0000000000000001E-3,-2.2499999999999999E-2]
["Wind and solar are called clean for a reason",null,null,null,null,"156 mm Multi Solar Cell ",0.84,0.54,0.60899999999999999,-1.4999999999999999E-2,-2.4E-2]
["The Hill",null,null,null,"2018-07-09","156 mm Mono Solar Cell ",1.18,0.67,0.73699999999999999,-3.7999999999999999E-2,-4.9000000000000002E-2]
["Town of Canton considering moratorium on solar power development",null,null,null,null,"China Poly Cell Per Watt ","Visit here for more detail Cell price information"]
["WatertownDailyTimes.com",null,null,null,"2018-07-09","Non (TW or CN) Poly Cell Per Watt","Visit here for more detail Cell price information"]
["The roiled solar power market shows how Trump's tariffs can disrupt ...",null,null,null,null,"Unit: USD ","more",null,"Last Update: 2018-07-04"]
["Los Angeles Times",null,null,null,"2018-07-09","Solar PV Module Weekly Spot Price "]
["New Zealand's changing energy landscape to include solar micro ...",null,null,null,null,"Item ","High ","Low ","Average ","AvgChg ","AvgChg % "]
["Stuff.co.nz",null,null,null,"2018-07-09","Poly Silicon Solar Module ",0.41,0.24,0.26600000000000001,-4.0000000000000001E-3,-1.4800000000000001E-2]
["'Waterworld' folk tap solar power for clean drink",null,null,null,null,"Poly High Eff / PERC Module ",0.45,0.27,0.32100000000000001,-5.0000000000000001E-3,-1.5299999999999999E-2]
["Inquirer.net",null,null,null,"2018-07-09","Mono High Eff / PERC Module ",0.54,0.3,0.34599999999999997,-6.0000000000000001E-3,-1.7000000000000001E-2]
["Revised renewable energy goal to go before Concord City Council",null,null,null,null,"ThinFilm Solar Module ",0.42,0.26,0.29599999999999999,-4.0000000000000001E-3,-1.3299999999999999E-2]
["Concord Monitor",null,null,null,"2018-07-09","US Multi Solar Module","Visit here for more detail module price information"]
["Solar power users relying on more utilities with rainy days",null,null,null,null,"Mono Silicon Solar Module","Visit here for more detail module price information"]
["WHSV",null,null,null,"2018-07-07","India Poly Module","Visit here for more detail module price information"]
["Last Update: 2018-Jul- 09 23:00 (GMT+8)",null,null,null,null,"Unit: USD / Watt ","more",null,"Last Update: 2018-07-04"]
[null,null,null,null,null,"All Spot Prices are Tax excluded and updated on Wednesday "]
["Price Methodology","Terms of Use","Privacy Policy ","About Us ","Contact Us ","Site Map"]
["Copyright © 2018 PVinsights.com All rights reserved"]

{"sheet":"pvinsights 31 08 18","index":34,"n_rows":56,"n_cols":13,"rows_kept":56,"cut":false,"hidden":false,"merged":[[4,0,5,4],[8,0,8,2],[9,0,9,1],[10,0,10,2],[11,0,11,1],[17,0,17,1],[7,0,7,2],[20,0,20,4],[21,0,21,3],[22,0,22,4],[12,0,12,2],[13,0,13,1],[14,0,14,2],[15,0,15,1],[16,0,16,2],[23,0,23,3],[24,0,24,4],[25,0,25,3],[26,0,26,4],[27,0,27,3],[28,0,28,4],[29,0,29,3],[30,0,30,4],[31,0,31,3],[32,0,32,4],[41,0,41,3],[42,0,42,4],[33,0,33,3],[34,0,34,4],[35,0,35,3],[36,0,36,4],[37,0,37,3],[11,6,11,9],[12,6,12,9],[13,6,13,7],[13,8,13,10],[23,6,23,10],[49,6,49,10],[48,0,48,4],[49,0,49,3],[50,0,50,4],[18,0,19,4],[24,6,24,10],[25,6,25,10],[26,6,26,7],[43,0,43,3],[44,0,44,4],[45,0,45,3],[46,0,46,4],[47,0,47,3],[38,0,38,4],[39,0,39,3],[40,0,40,4],[4,11,13,11],[14,11,23,11],[51,0,51,4],[52,0,52,4],[53,0,53,4],[50,6,50,10],[51,6,51,10],[52,6,52,7],[52,8,52,10],[3,5,6,10],[53,5,53,10],[26,8,26,10],[38,6,38,10],[39,6,39,10],[40,6,40,7],[40,8,40,10]]}
[null,"Login","Register","Member Center"]
[]
["Home","Why Solar","Retailer Price","Contract Price","Inverter Price","Weekly Snapshots","Price Download","Monthly Insights","Weekly Forecast","Price Forecast","Premier Insights","Premier Data","Advertising"]
[]
["Key Date of The US 2017 Section 201 Safeguard Investigation"]
[]
[]
["Solar PV Corporate News Release",null,null,null,null,"PV Poly Silicon Weekly Spot Price"]
["Hanwha Q CELLS Reports Second Quarter 2018 Results",null,null,null,null,"Item ","High ","Low ","Average ","AvgChg ","AvgChg% "]
["Hanwha Q-Cel",null,"2018-08-13",null,null,"PV Grade PolySilicon (9N/9N+) ",13.3,9.85,11.26,-0.03,-2.7000000000000001E-3]
["JinkoSolar Announces Second Quarter 2018 Financial Results",null,null,null,null,"2nd Grade PolySilicon (6N-8N) ",10.9,7.5,9.02,-0.03,-3.3E-3]
["Jinko",null,"2018-08-13",null,null,"PV Grade PolySilicon in China (9N/9N+) ","Visit here for more Poly-Si price",null,null,null,"%"]
["SunPower Reports Second Quarter 2018 Results",null,null,null,null,"PV Grade PolySilicon Outside China (9N/9N+) ","Visit here for more Poly-Si price",null,null,null,"%"]
["Sunpower",null,"2018-07-31",null,null,"Unit: USD/Kg ","more",null,"Last Update: 2018-08-29"]
["First Solar, Inc. Announces Second Quarter 2018 Financial Results",null,null,null,null,"Definition of PV Grade: Poly silicon chunk with high purity can be directly produced to Solar PV Ingots / Bricks"]
["First Solar",null,"2018-07-27",null,null,"Definition of 2nd Grade: Poly silicon chunk must be mixed with high purity polysilicon, when producing Solar PV Ingots / Bricks."]
["JinkoSolar Announces First Quarter 2018 Financial Results",null,null,null,null,"PolySilicon Price In China: The Price is surveyed by RMB term with Tax and then shown in USD term without 16% of VAT after May 1, 2018 and 17% of VAT before May 1, 2018."]
["Jinko",null,"2018-06-26",null,null,"Solar PV Wafer Weekly Spot Price "]
["Latest Solar PV News",null,null,null,null,"Item ","High ","Low ","Average ","AvgChg ","AvgChg% "]
[null,null,null,null,null,"156 mm Multi Solar Wafer ",0.35,0.28000000000000003,0.30199999999999999,-6.0000000000000001E-3,-1.95E-2]
["Solar panel maker to power DRC firms",null,null,null,null,"156 mm High Eff Multi Solar Wafer ",0.35,0.28999999999999998,0.307,-6.0000000000000001E-3,-1.9199999999999998E-2]
["Chinadaily USA",null,null,null,"2018-08-31","156 mm Mono Solar Wafer ",0.44,0.37,0.40100000000000002,0,0]
["Printed solar cells may help energy crisis",null,null,null,null,"156 mm Mono Wafer Outside China ",0.44,0.37,0.40799999999999997,0,0]
["Katherine Times",null,null,null,"2018-08-30","156 mm Multi Wafer Outside China","Visit here for more detail wafer price information"]
["Solar panels that are as thick as a ¡§packet of chips¡¨ power ...",null,null,null,null,"156mm DiamondWire Poly Wafer","Visit here for more detail wafer price information"]
["Newcastle Herald",null,null,null,"2018-08-30","156 mm N-Mono Wafer","Visit here for more detail"]
["Ultra thin solar panels",null,null,null,null,"Unit: USD ","more",null,"Last Update: 2018-08-29"]
["Newcastle Star",null,null,null,"2018-08-30","Wafer Prices In China: The Prices are surveyed by RMB term with Tax and then shown in USD term without 16% of VAT after May 1, 2018 and 17% of VAT before May 1, 2018."]
["Silfab Solar Invests in Itek Energy to Expand US Manufacturing",null,null,null,null,"Solar PV Cell Weekly Spot Price "]
["Hastings Tribune",null,null,null,"2018-08-30","Item ","High ","Low ","Average ","AvgChg ","AvgChg % "]
["Renewable energy advocates ask for changes to state law on solar",null,null,null,null,"Multi Cell Price Per Watt ",0.16,0.105,0.11899999999999999,-2E-3,-1.6500000000000001E-2]
["Spectrum News",null,null,null,"2018-08-30","Non China Poly Cell Per Watt ",0.16,0.11,0.12,-4.0000000000000001E-3,-3.2300000000000002E-2]
["PCC to offer learning lab in solar energy industry",null,null,null,null,"Poly PERC Cell Per Watt ",0.16,0.125,0.13,-2E-3,-1.52E-2]
["Pueblo Chieftain",null,null,null,"2018-08-30","Non China Poly PERC Cell Per Watt ",0.16,0.13500000000000001,0.14000000000000001,-2E-3,-1.41E-2]
["The economy of sunshine: Alaskans finding solar energy use ...",null,null,null,null,"Mono PERC Cell Per Watt ",0.18,0.14000000000000001,0.14199999999999999,0,0]
["KTUU.com",null,null,null,"2018-08-30","Non China Mono PERC Cell Per Watt ",0.17499999999999999,0.13500000000000001,0.14399999999999999,-6.0000000000000001E-3,-0.04]
["The economy of sunshine: Solar boom in Alaska proves prosperous",null,null,null,null,"156 mm Multi Solar Cell ",0.75,0.47,0.54700000000000004,-8.9999999999999993E-3,-1.6199999999999999E-2]
["KTUU.com",null,null,null,"2018-08-30","156 mm Mono Solar Cell ",0.9,0.53,0.59799999999999998,0,0]
["NYS renewable energy advocates want an easier to understand ...",null,null,null,null,"China Poly Cell Per Watt ","Visit here for more detail Cell price information"]
["WBFO",null,null,null,"2018-08-30","Non (TW or CN) Poly Cell Per Watt","Visit here for more detail Cell price information"]
["New solar cells offer you the chance to print out solar panels and ...",null,null,null,null,"Unit: USD ","more",null,"Last Update: 2018-08-29"]
["The Conversation AU",null,null,null,"2018-08-30","Solar PV Module Weekly Spot Price "]
["Ultralight solar cells created by University of Newcastle physicist ...",null,null,null,null,"Item ","High ","Low ","Average ","AvgChg ","AvgChg % "]
["Newcastle Herald",null,null,null,"2018-08-30","Poly Solar Module ",0.38,0.23,0.25,-2E-3,-7.9000000000000008E-3]
["Air pollution can put a dent in solar power",null,null,null,null,"Poly Module in China ",0.28000000000000003,0.23,0.23899999999999999,0,0]
["MIT News",null,null,null,"2018-08-29","Poly High Eff / PERC Module ",0.42,0.25,0.29199999999999998,-3.0000000000000001E-3,-1.0200000000000001E-2]
["Solar energy advocates want Cuomo to reinstate net metering for ...",null,null,null,null,"Mono High Eff / PERC Module ",0.5,0.27,0.31,-4.0000000000000001E-3,-1.2699999999999999E-2]
["WRVO Public Media",null,null,null,"2018-08-29","Mono High Eff / PERC Module in China ",0.31,0.27,0.27500000000000002,0,0]
["Kyushu Electric mulls cutback on solar power",null,null,null,null,"ThinFilm Solar Module ",0.42,0.25,0.27400000000000002,-2E-3,-7.1999999999999998E-3]
["Asahi Shimbun",null,null,null,"2018-08-29","US Multi Solar Module","Visit here for more detail module price information"]
["Last Update: 2018-Aug- 31 23:00 (GMT+8)",null,null,null,null,"Mono Silicon Solar Module","Visit here for more detail module price information"]
[null,null,null,null,null,"India Poly Module","Visit here for more detail module price information"]
[null,null,null,null,null,"Unit: USD / Watt ","more",null,"Last Update: 2018-08-29"]
[null,null,null,null,null,"All Spot Prices are Tax excluded and updated on Wednesday "]
["Price Methodology","Terms of Use","Privacy Policy ","About Us ","Contact Us ","Site Map"]
["Copyright © 2018 PVinsights.com All rights reserved"]

{"sheet":"pvinsights 21 09 18","index":35,"n_rows":58,"n_cols":13,"rows_kept":58,"cut":false,"hidden":false,"merged":[[4,0,5,4],[8,0,8,2],[9,0,9,1],[10,0,10,2],[11,0,11,1],[7,0,7,2],[20,0,20,4],[21,0,21,3],[22,0,22,4],[12,0,12,2],[13,0,13,1],[14,0,14,2],[15,0,15,1],[16,0,16,2],[18,0,19,4],[17,0,17,1],[23,0,23,3],[24,0,24,4],[25,0,25,3],[26,0,26,4],[27,0,27,3],[35,0,35,3],[36,0,36,4],[37,0,37,3],[28,0,28,4],[29,0,29,3],[30,0,30,4],[31,0,31,3],[32,0,32,4],[20,6,20,10],[21,6,21,10],[22,6,22,7],[50,8,50,10],[43,0,43,3],[44,0,44,4],[45,0,45,3],[46,0,46,4],[47,0,47,3],[38,0,38,4],[39,0,39,3],[40,0,40,4],[41,0,41,3],[42,0,42,4],[33,0,33,3],[34,0,34,4],[7,6,7,9],[8,6,8,9],[9,6,9,7],[9,8,9,10],[19,6,19,10],[38,8,38,10],[47,6,47,10],[48,0,48,4],[49,0,49,3],[50,0,50,4],[55,0,55,4],[4,11,13,11],[14,11,23,11],[51,0,51,4],[52,0,52,4],[53,0,53,4],[54,0,54,4],[48,6,48,10],[49,6,49,10],[50,6,50,7],[51,5,51,10],[52,5,55,10],[22,8,22,10],[36,6,36,10],[37,6,37,10],[38,6,38,7]]}
[null,"Login","Register","Member Center"]
[]
["Home","Why Solar","Retailer Price","Contract Price","Inverter Price","Weekly Snapshots","Price Download","Monthly Insights","Weekly Forecast","Price Forecast","Premier Insights","Premier Data","Advertising"]
[null,null,null,null,null,"PV Poly Silicon Weekly Spot Price"]
["Key Date of The US 2017 Section 201 Safeguard Investigation",null,null,null,null,"Item ","High ","Low ","Average ","AvgChg ","AvgChg% "]
[null,null,null,null,null,"PV Grade PolySilicon (9N/9N+) ",12.6,9.69,10.68,-0.1,-9.2999999999999992E-3]
[null,null,null,null,null,"2nd Grade PolySilicon (6N-8N) ",10.3,7.5,8.59,-0.09,-1.04E-2]
["Solar PV Corporate News Release",null,null,null,null,"PV Grade PolySilicon in China (9N/9N+) ","Visit here for more Poly-Si price",null,null,null,"%"]
["Hanwha Q CELLS Reports Second Quarter 2018 Results",null,null,null,null,"PV Grade PolySilicon Outside China (9N/9N+) ","Visit here for more Poly-Si price",null,null,null,"%"]
["Hanwha Q-Cel",null,"2018-08-13",null,null,"Unit: USD/Kg ","more",null,"Last Update: 2018-09-19"]
["JinkoSolar Announces Second Quarter 2018 Financial Results",null,null,null,null,"Definition of PV Grade: Poly silicon chunk with high purity can be directly produced to Solar PV Ingots / Bricks"]
["Jinko",null,"2018-08-13",null,null,"Definition of 2nd Grade: Poly silicon chunk must be mixed with high purity polysilicon, when producing Solar PV Ingots / Bricks."]
["SunPower Reports Second Quarter 2018 Results",null,null,null,null,"PolySilicon Price In China: The Price is surveyed by RMB term with Tax and then shown in USD term without 16% of VAT after May 1, 2018 and 17% of VAT before May 1, 2018."]
["Sunpower",null,"2018-07-31",null,null,"Solar PV Wafer Weekly Spot Price "]
["First Solar, Inc. Announces Second Quarter 2018 Financial Results",null,null,null,null,"Item ","High ","Low ","Average ","AvgChg ","AvgChg% "]
["First Solar",null,"2018-07-27",null,null,"156 mm Multi Solar Wafer ",0.34,0.27,0.28599999999999998,-6.0000000000000001E-3,-2.0500000000000001E-2]
["JinkoSolar Announces First Quarter 2018 Financial Results",null,null,null,null,"156 mm High Eff Multi Solar Wafer ",0.34,0.28000000000000003,0.29099999999999998,-6.0000000000000001E-3,-2.0199999999999999E-2]
["Jinko",null,"2018-06-26",null,null,"156 mm Mono Solar Wafer ",0.44,0.37,0.39400000000000002,-4.0000000000000001E-3,-1.01E-2]
["Latest Solar PV News",null,null,null,null,"156 mm Mono Wafer Outside China ",0.44,0.37,0.40200000000000002,-3.0000000000000001E-3,-7.4000000000000003E-3]
[null,null,null,null,null,"156 mm Multi Wafer Outside China","Visit here for more detail wafer price information"]
["Solar energy company makes Pivot to new name, services as it ...",null,null,null,null,"156mm DiamondWire Poly Wafer","Visit here for more detail wafer price information"]
["The Denver Post",null,null,null,"2018-09-21","156 mm N-Mono Wafer","Visit here for more detail"]
["Rooftop solar power expands in Zhejiang",null,null,null,null,"Unit: USD ","more",null,"Last Update: 2018-09-19"]
["Power Technology",null,null,null,"2018-09-21","Wafer Prices In China: The Prices are surveyed by RMB term with Tax and then shown in USD term without 16% of VAT after May 1, 2018 and 17% of VAT before May 1, 2018."]
["Solar-Log® Headliners at Solar Power International",null,null,null,null,"Solar PV Cell Weekly Spot Price "]
["AltEnergyMag (press release)",null,null,null,"2018-09-21","Item ","High ","Low ","Average ","AvgChg ","AvgChg % "]
["Mission Solar Energy will debut four new solar panels at SPI",null,null,null,null,"Multi Cell Price Per Watt ",0.16,9.5000000000000001E-2,0.111,-3.0000000000000001E-3,-2.63E-2]
["Solar Power World",null,null,null,"2018-09-21","Non China Poly Cell Per Watt ",0.16,0.1,0.112,-3.0000000000000001E-3,-2.6100000000000002E-2]
["Standard Solar boosts community solar portfolio through acquisition ...",null,null,null,null,"Poly PERC Cell Per Watt ",0.16,0.11,0.121,0,0]
["pv magazine USAETEnergyworld.com",null,null,null,"2018-09-21","Non China Poly PERC Cell Per Watt ",0.16,0.12,0.13100000000000001,0,0]
["Crystal Lake home one stop on Illinois Solar Tour",null,null,null,null,"Mono PERC Cell Per Watt ",0.17499999999999999,0.13500000000000001,0.14199999999999999,0,0]
["Northwest Herald",null,null,null,"2018-09-21","Non China Mono PERC Cell Per Watt ",0.17499999999999999,0.13500000000000001,0.14199999999999999,0,0]
["Taylor incurs wrath of community solar groups, including in his own ...",null,null,null,null,"High Eff Mono PERC Cell Per Watt ",0.17499999999999999,0.14000000000000001,0.14699999999999999,0,0]
["RenewEconomy",null,null,null,"2018-09-21","Bi-Facial Mono PERC Cell Per Watt ",0.19,0.15,0.157,0,0]
["Energising China's renewable power tariffs",null,null,null,null,"156 mm Multi Solar Cell ",0.75,0.42,0.50700000000000001,-1.4999999999999999E-2,-2.87E-2]
["East Asia Forum",null,null,null,"2018-09-21","156 mm Mono Solar Cell ",0.9,0.53,0.59799999999999998,0,0]
["UN Secretary General to visit India with focus on renewable energy",null,null,null,null,"China Poly Cell Per Watt ","Visit here for more detail Cell price information"]
["Economic Times",null,null,null,"2018-09-21","Non (TW or CN) Poly Cell Per Watt","Visit here for more detail Cell price information"]
["India's renewable energy sector hits a milestone but loses speed",null,null,null,null,"Unit: USD ","more",null,"Last Update: 2018-09-19"]
["Livemint",null,null,null,"2018-09-21","Solar PV Module Weekly Spot Price "]
["French Environment Minister Shakeup Dampens Renewable ...",null,null,null,null,"Item ","High ","Low ","Average ","AvgChg ","AvgChg % "]
["Greentech Media",null,null,null,"2018-09-21","Poly Solar Module ",0.36,0.22,0.24199999999999999,-4.0000000000000001E-3,-1.6299999999999999E-2]
["Saudi energy firm plans to invest Rs6 billion in solar power project",null,null,null,null,"Poly Module in China ",0.28000000000000003,0.22,0.23400000000000001,-4.0000000000000001E-3,-1.6799999999999999E-2]
["The News International",null,null,null,"2018-09-21","Poly High Eff / PERC Module ",0.4,0.24,0.28000000000000003,-7.0000000000000001E-3,-2.4400000000000002E-2]
["TVA, environmental groups duel over the future of solar energy",null,null,null,null,"Mono High Eff / PERC Module ",0.48,0.26,0.30199999999999999,-3.0000000000000001E-3,-9.7999999999999997E-3]
["Knoxville News Sentinel",null,null,null,"2018-09-21","Mono High Eff / PERC Module in China ",0.31,0.27,0.27300000000000002,-1E-3,-3.5999999999999999E-3]
["City considers partnerships to bring solar energy to Soledad",null,null,null,null,"ThinFilm Solar Module ",0.41,0.24,0.26500000000000001,-3.0000000000000001E-3,-1.12E-2]
["Soledad Bee",null,null,null,"2018-09-21","US Multi Solar Module","Visit here for more detail module price information"]
["Solar Energy Creating Value For A ¡§Just Energy Transition¡¨",null,null,null,null,"Mono Silicon Solar Module","Visit here for more detail module price information"]
["iAfrica.com",null,null,null,"2018-09-21","India Poly Module","Visit here for more detail module price information"]
["Last Update: 2018-Sep- 21 20:00 (GMT+8)",null,null,null,null,"Unit: USD / Watt ","more",null,"Last Update: 2018-09-19"]
[null,null,null,null,null,"All Spot Prices are Tax excluded and updated on Wednesday "]
[]
[]
[]
[]
["Price Methodology","Terms of Use","Privacy Policy ","About Us ","Contact Us ","Site Map"]
["Copyright © 2018 PVinsights.com All rights reserved"]

{"sheet":"pvinsights 31 10 18","index":36,"n_rows":54,"n_cols":13,"rows_kept":54,"cut":false,"hidden":false,"merged":[[51,0,51,4],[48,6,48,10],[49,6,49,10],[50,6,50,7],[50,8,50,10],[51,5,51,10],[48,0,48,4],[49,0,49,3],[4,11,13,11],[14,11,23,11],[22,8,22,10],[36,6,36,10],[37,6,37,10],[22,6,22,7],[7,6,7,9],[8,6,8,9],[9,6,9,7],[9,8,9,10],[19,6,19,10],[47,6,47,10],[50,0,50,4],[18,0,19,4],[20,6,20,10],[21,6,21,10],[38,6,38,7],[38,8,38,10],[43,0,43,3],[44,0,44,4],[45,0,45,3],[46,0,46,4],[47,0,47,3],[38,0,38,4],[39,0,39,3],[40,0,40,4],[41,0,41,3],[42,0,42,4],[33,0,33,3],[34,0,34,4],[35,0,35,3],[36,0,36,4],[37,0,37,3],[28,0,28,4],[29,0,29,3],[30,0,30,4],[31,0,31,3],[32,0,32,4],[23,0,23,3],[24,0,24,4],[25,0,25,3],[26,0,26,4],[27,0,27,3],[17,0,17,1],[7,0,7,2],[20,0,20,4],[21,0,21,3],[22,0,22,4],[12,0,12,2],[13,0,13,1],[14,0,14,2],[15,0,15,1],[16,0,16,2],[4,0,5,4],[8,0,8,2],[9,0,9,1],[10,0,10,2],[11,0,11,1]]}
[null,"Login","Register","Member Center"]
[]
["Home","Why Solar","Retailer Price","Contract Price","Inverter Price","Weekly Snapshots","Price Download","Monthly Insights","Weekly Forecast","Price Forecast","Premier Insights","Premier Data","Advertising"]
[null,null,null,null,null,"PV Poly Silicon Weekly Spot Price"]
["Key Date of The US 2017 Section 201 Safeguard Investigation",null,null,null,null,"Item ","High ","Low ","Average ","AvgChg ","AvgChg% "]
[null,null,null,null,null,"PV Grade PolySilicon (9N/9N+) ",12.25,8.6999999999999993,9.75,-0.26,-2.5999999999999999E-2]
[null,null,null,null,null,"2nd Grade PolySilicon (6N-8N) ",9.6,6.5,7.59,-0.33,-4.1700000000000001E-2]
["Solar PV Corporate News Release",null,null,null,null,"PV Grade PolySilicon in China (9N/9N+) ","Visit here for more Poly-Si price",null,null,null,"%"]
["First Solar, Inc. Announces Third Quarter 2018 Financial Results",null,null,null,null,"PV Grade PolySilicon Outside China (9N/9N+) ","Visit here for more Poly-Si price",null,null,null,"%"]
["First Solar",null,"Oct 26, 2018",null,null,"Unit: USD/Kg ","more",null,"Last Update: 2018-10-31"]
["Hanwha Q CELLS Reports Second Quarter 2018 Results",null,null,null,null,"Definition of PV Grade: Poly silicon chunk with high purity can be directly produced to Solar PV Ingots / Bricks"]
["Hanwha Q-Cel",null,"Aug 13, 2018",null,null,"Definition of 2nd Grade: Poly silicon chunk must be mixed with high purity polysilicon, when producing Solar PV Ingots / Bricks."]
["JinkoSolar Announces Second Quarter 2018 Financial Results",null,null,null,null,"PolySilicon Price In China: The Price is surveyed by RMB term with Tax and then shown in USD term without 16% of VAT after May 1, 2018 and 17% of VAT before May 1, 2018."]
["Jinko",null,"Aug 13, 2018",null,null,"Solar PV Wafer Weekly Spot Price "]
["SunPower Reports Second Quarter 2018 Results",null,null,null,null,"Item ","High ","Low ","Average ","AvgChg ","AvgChg% "]
["Sunpower",null,"Jul 31, 2018",null,null,"156 mm Multi Solar Wafer ",0.32,0.26,0.27,-1E-3,-3.7000000000000002E-3]
["First Solar, Inc. Announces Second Quarter 2018 Financial Results",null,null,null,null,"156 mm High Eff Multi Solar Wafer ",0.32,0.26500000000000001,0.27500000000000002,-1E-3,-3.5999999999999999E-3]
["First Solar",null,"Jul 27, 2018",null,null,"156 mm Mono Solar Wafer ",0.41,0.35,0.372,-5.0000000000000001E-3,-1.3299999999999999E-2]
["Latest Solar PV News",null,null,null,null,"156 mm Mono Wafer Outside China ",0.41,0.36,0.38500000000000001,-5.0000000000000001E-3,-1.2800000000000001E-2]
[null,null,null,null,null,"156 mm Multi Wafer Outside China","Visit here for more detail wafer price information"]
["Floating solar panels in Kranji could be option for private firms ...",null,null,null,null,"156mm DiamondWire Poly Wafer","Visit here for more detail wafer price information"]
["TODAYonline",null,null,null,"Oct 31, 2018","156 mm N-Mono Wafer","Visit here for more detail"]
["Solar panel, renewable energy discussion to take place in North Lufkin",null,null,null,null,"Unit: USD ","more",null,"Last Update: 2018-10-31"]
["KTRE",null,null,null,"Oct 31, 2018","Wafer Prices In China: The Prices are surveyed by RMB term with Tax and then shown in USD term without 16% of VAT after May 1, 2018 and 17% of VAT before May 1, 2018."]
["Solar energy lighting up the way to financial inclusion",null,null,null,null,"Solar PV Cell Weekly Spot Price "]
["Daily Monitor (press release) (blog)",null,null,null,"Oct 31, 2018","Item ","High ","Low ","Average ","AvgChg ","AvgChg % "]
["Floating solar energy transforming India into a greener nation",null,null,null,null,"Multi Cell Price Per Watt ",0.14000000000000001,8.5000000000000006E-2,0.10100000000000001,-1E-3,-9.7999999999999997E-3]
["ETEnergyworld.comGreen Matters",null,null,null,"Oct 31, 2018","Non China Poly Cell Per Watt ",0.14000000000000001,0.09,0.10100000000000001,-1E-3,-9.7999999999999997E-3]
["Solar experts talk benefits of solar energy in Hampton Roads",null,null,null,null,"Poly PERC Cell Per Watt ",0.14000000000000001,0.1,0.109,-2E-3,-1.7999999999999999E-2]
["wtkr.com",null,null,null,"Oct 31, 2018","Non China Poly PERC Cell Per Watt ",0.14000000000000001,0.11,0.12,-2E-3,-1.6400000000000001E-2]
["US, South Africa partner on solar energy storage",null,null,null,null,"Mono PERC Cell Per Watt ",0.17,0.13500000000000001,0.14000000000000001,0,0]
["ESI Africa",null,null,null,"Oct 31, 2018","Non China Mono PERC Cell Per Watt ",0.17,0.13500000000000001,0.14000000000000001,0,0]
["Solar power 101",null,null,null,null,"High Eff Mono PERC Cell Per Watt ",0.17,0.14000000000000001,0.14499999999999999,0,0]
["Tri-City Herald",null,null,null,"Oct 31, 2018","Bi-Facial Mono PERC Cell Per Watt ",0.18,0.15,0.155,0,0]
["Solar Renewable Energy Advocate",null,null,null,null,"156 mm Multi Solar Cell ",0.65,0.38,0.46300000000000002,-6.0000000000000001E-3,-1.2800000000000001E-2]
["SustainableBusiness.com",null,null,null,"Oct 31, 2018","156 mm Mono Solar Cell ",0.87,0.53,0.59,0,0]
["Regina pledges to go to 100% renewable energy by 2050",null,null,null,null,"China Poly Cell Per Watt ","Visit here for more detail Cell price information"]
["CBC.ca",null,null,null,"Oct 31, 2018","Non (TW or CN) Poly Cell Per Watt","Visit here for more detail Cell price information"]
["Europe's largest floating solar system to be powered by 17MW of PV ...",null,null,null,null,"Unit: USD ","more",null,"Last Update: 2018-10-31"]
["Energy Industry Review (press release)",null,null,null,"Oct 31, 2018","Solar PV Module Weekly Spot Price "]
["Floating solar tech increases hydropower output, finds report",null,null,null,null,"Item ","High ","Low ","Average ","AvgChg ","AvgChg % "]
["ESI Africa",null,null,null,"Oct 31, 2018","Poly Solar Module ",0.33,0.2,0.224,-2E-3,-8.8000000000000005E-3]
["Trina Solar supplies 17MW to the largest floating PV system in Europe",null,null,null,null,"Poly Module in China ",0.26,0.2,0.21199999999999999,-2E-3,-9.2999999999999992E-3]
["PR Newswire (press release)",null,null,null,"Oct 31, 2018","Poly High Eff / PERC Module ",0.37,0.22,0.25600000000000001,-2E-3,-7.7999999999999996E-3]
["Growing Exponentially, Floating Solar Opens Up New Horizons for ...",null,null,null,null,"Mono High Eff / PERC Module ",0.42,0.24,0.27300000000000002,-3.0000000000000001E-3,-1.09E-2]
["The FINANCIAL",null,null,null,"Oct 31, 2018","Mono High Eff / PERC Module in China ",0.27,0.24,0.251,-1E-3,-4.0000000000000001E-3]
["Queens lawmakers push for increased usage of solar power",null,null,null,null,"ThinFilm Solar Module ",0.35,0.22,0.247,-3.0000000000000001E-3,-1.2E-2]
["TimesLedger",null,null,null,"Oct 31, 2018","US Multi Solar Module","Visit here for more detail module price information"]
["Solar Power Jobs Campaign Aims to Provide Education, Training for ...",null,null,null,null,"Mono Silicon Solar Module","Visit here for more detail module price information"]
["Solar Magazine",null,null,null,"Oct 31, 2018","India Poly Module","Visit here for more detail module price information"]
["Last Update: 2018-Oct- 31 23:00 (GMT+8)",null,null,null,null,"Unit: USD / Watt ","more",null,"Last Update: 2018-10-31"]
[null,null,null,null,null,"All Spot Prices are Tax excluded and updated on Wednesday "]
["Price Methodology","Terms of Use","Privacy Policy ","About Us ","Contact Us ","Site Map"]
["Copyright © 2018 PVinsights.com All rights reserved"]

{"sheet":"pvinsights 02 12 18","index":37,"n_rows":54,"n_cols":13,"rows_kept":54,"cut":false,"hidden":false,"merged":[[4,0,5,4],[8,0,8,2],[9,0,9,1],[10,0,10,2],[11,0,11,1],[17,0,17,1],[7,0,7,2],[20,0,20,4],[21,0,21,3],[22,0,22,4],[12,0,12,2],[13,0,13,1],[14,0,14,2],[15,0,15,1],[16,0,16,2],[23,0,23,3],[24,0,24,4],[25,0,25,3],[26,0,26,4],[27,0,27,3],[28,0,28,4],[29,0,29,3],[30,0,30,4],[31,0,31,3],[32,0,32,4],[42,0,42,4],[33,0,33,3],[34,0,34,4],[35,0,35,3],[36,0,36,4],[37,0,37,3],[47,6,47,10],[50,0,50,4],[18,0,19,4],[20,6,20,10],[21,6,21,10],[37,6,37,7],[37,8,37,10],[43,0,43,3],[44,0,44,4],[45,0,45,3],[46,0,46,4],[47,0,47,3],[38,0,38,4],[39,0,39,3],[40,0,40,4],[41,0,41,3],[4,11,13,11],[14,11,23,11],[22,8,22,10],[35,6,35,10],[36,6,36,10],[22,6,22,7],[7,6,7,9],[8,6,8,9],[9,6,9,7],[9,8,9,10],[19,6,19,10],[51,0,51,4],[48,6,48,10],[49,6,49,10],[50,6,50,7],[50,8,50,10],[51,5,51,10],[48,0,48,4],[49,0,49,3]]}
[null,"Login","Register","Member Center"]
[]
["Home","Why Solar","Retailer Price","Contract Price","Inverter Price","Weekly Snapshots","Price Download","Monthly Insights","Weekly Forecast","Price Forecast","Premier Insights","Premier Data","Advertising"]
[null,null,null,null,null,"PV Poly Silicon Weekly Spot Price"]
["Key Date of The US 2017 Section 201 Safeguard Investigation",null,null,null,null,"Item ","High ","Low ","Average ","AvgChg ","AvgChg% "]
[null,null,null,null,null,"PV Grade PolySilicon (9N/9N+) ",11.8,8.6999999999999993,9.5299999999999994,-0.03,-3.0999999999999999E-3]
[null,null,null,null,null,"2nd Grade PolySilicon (6N-8N) ",9.3000000000000007,6.5,7.4,-0.03,-4.0000000000000001E-3]
["Solar PV Corporate News Release",null,null,null,null,"PV Grade PolySilicon in China (9N/9N+) ","Visit here for more Poly-Si price",null,null,null,"%"]
["JinkoSolar Announces Third Quarter 2018 Financial Results",null,null,null,null,"PV Grade PolySilicon Outside China (9N/9N+) ","Visit here for more Poly-Si price",null,null,null,"%"]
["JinkoSolar",null,"Nov 26, 2018",null,null,"Unit: USD/Kg ","more",null,"Last Update: 2018-11-28"]
["CANADIAN SOLAR REPORTS THIRD QUARTER 2018 RESULTS",null,null,null,null,"Definition of PV Grade: Poly silicon chunk with high purity can be directly produced to Solar PV Ingots / Bricks"]
["CanadianSola",null,"Nov 15, 2018",null,null,"Definition of 2nd Grade: Poly silicon chunk must be mixed with high purity polysilicon, when producing Solar PV Ingots / Bricks."]
["SunPower Reports Third Quarter 2018 Results",null,null,null,null,"PolySilicon Price In China: The Price is surveyed by RMB term with Tax and then shown in USD term without 16% of VAT after May 1, 2018 and 17% of VAT before May 1, 2018."]
["Sunpower",null,"Oct 31, 2018",null,null,"Solar PV Wafer Weekly Spot Price "]
["First Solar, Inc. Announces Third Quarter 2018 Financial Results",null,null,null,null,"Item ","High ","Low ","Average ","AvgChg ","AvgChg% "]
["First Solar",null,"Oct 26, 2018",null,null,"156 mm Multi Solar Wafer ",0.31,0.26,0.27,2E-3,7.4999999999999997E-3]
["Hanwha Q CELLS Reports Second Quarter 2018 Results",null,null,null,null,"156 mm High Eff Multi Solar Wafer ",0.31,0.26500000000000001,0.27500000000000002,2E-3,7.3000000000000001E-3]
["Hanwha Q-Cel",null,"Aug 13, 2018",null,null,"156 mm Mono Solar Wafer ",0.41,0.35,0.371,0,0]
["Latest Solar PV News",null,null,null,null,"156 mm Mono Wafer Outside China ",0.41,0.36,0.38400000000000001,0,0]
[null,null,null,null,null,"156 mm Multi Wafer Outside China","Visit here for more detail wafer price information"]
["China Targets Cut in Wind-, Solar-Power Blocked From Grid Access",null,null,null,null,"156mm DiamondWire Poly Wafer","Visit here for more detail wafer price information"]
["Bloomberg",null,null,null,"Dec 01, 2018","156 mm N-Mono Wafer","Visit here for more detail"]
["Kenya secures funding for solar energy development",null,null,null,null,"Unit: USD ","more",null,"Last Update: 2018-11-28"]
["New Business Ethiopia",null,null,null,"Dec 01, 2018","Wafer Prices In China: The Prices are surveyed by RMB term with Tax and then shown in USD term without 16% of VAT after May 1, 2018 and 17% of VAT before May 1, 2018."]
["Solar energy farm proposals for 250 acres of green fields",null,null,null,null,"Solar PV Cell Weekly Spot Price "]
["The Northern Echo",null,null,null,"Dec 01, 2018","Item ","High ","Low ","Average ","AvgChg ","AvgChg % "]
["Iron-based molecule could replace rarer metals in solar power ...",null,null,null,null,"Multi Cell Price Per Watt ",0.13500000000000001,0.09,0.10100000000000001,2E-3,2.0199999999999999E-2]
["Market Business News",null,null,null,"Dec 01, 2018","Non China Poly Cell Per Watt ",0.14000000000000001,0.09,0.10100000000000001,2E-3,2.0199999999999999E-2]
["New Brilliant Iron Molecule May Be the Key to Cheap Solar Energy",null,null,null,null,"Poly PERC Cell Per Watt ",0.13500000000000001,0.105,0.109,2E-3,1.8700000000000001E-2]
["Interesting Engineering",null,null,null,"Dec 01, 2018","Non China Poly PERC Cell Per Watt ",0.13500000000000001,0.115,0.12,2E-3,1.6899999999999998E-2]
["What Changed In The Solar Energy Industry In November?",null,null,null,null,"Mono PERC Cell Per Watt ",0.17,0.14000000000000001,0.14499999999999999,5.0000000000000001E-3,3.5700000000000003E-2]
["CleanTechnica",null,null,null,"Dec 01, 2018","Non China Mono PERC Cell Per Watt ",0.17,0.14000000000000001,0.14499999999999999,5.0000000000000001E-3,3.5700000000000003E-2]
["Windy weather carries Britain to renewable energy record",null,null,null,null,"High Eff Mono PERC Cell Per Watt ",0.17,0.14499999999999999,0.15,5.0000000000000001E-3,3.4500000000000003E-2]
["The Guardian",null,null,null,"Dec 01, 2018","156 mm Multi Solar Cell ",0.63,0.4,0.46200000000000002,6.0000000000000001E-3,1.32E-2]
["IRC at Buckhorn to use solar power",null,null,null,null,"156 mm Mono Solar Cell ",0.87,0.53,0.6,0.01,1.6899999999999998E-2]
["Altoona Mirror",null,null,null,"Dec 01, 2018","China Poly Cell Per Watt ","Visit here for more detail Cell price information"]
["Build A Bridge, Not A Wall: US Companies Have Renewable Energy ...",null,null,null,null,"Non (TW or CN) Poly Cell Per Watt","Visit here for more detail Cell price information"]
["CleanTechnica",null,null,null,"Dec 01, 2018","Unit: USD ","more",null,"Last Update: 2018-11-28"]
["RPT-FEATURE-In Mexico, resistance to solar projects bodes badly ...",null,null,null,null,"High Efficency Mono PERC Cell: The Prices are mainly represented to solar cells for 21.7% efficiency with less than 2% of CTM efficiency lost."]
["Reuters",null,null,null,"Dec 01, 2018","Solar PV Module Weekly Spot Price "]
["Texas and Mexico have a perfect partnership opportunity ...",null,null,null,null,"Item ","High ","Low ","Average ","AvgChg ","AvgChg % "]
["Dallas News (blog)",null,null,null,"Dec 01, 2018","Poly Solar Module ",0.33,0.19,0.217,-3.0000000000000001E-3,-1.3599999999999999E-2]
["How Using Solar Power Energy Can Help Make Crypto Mining ...",null,null,null,null,"Poly Module in China ",0.24,0.19,0.20399999999999999,-4.0000000000000001E-3,-1.9199999999999998E-2]
["Bitcoin Exchange Guide",null,null,null,"Dec 01, 2018","Poly High Eff / PERC Module ",0.37,0.22,0.252,0,0]
["Clean energy technologies threaten to overwhelm the grid. Here's ...",null,null,null,null,"Mono High Eff / PERC Module ",0.42,0.24,0.26900000000000002,0,0]
["Vox",null,null,null,"Dec 01, 2018","Mono High Eff / PERC Module in China ",0.27,0.24,0.249,0,0]
["Future of solar power looks bright",null,null,null,null,"ThinFilm Solar Module ",0.35,0.22,0.24299999999999999,-1E-3,-4.1000000000000003E-3]
["Lethbridge Herald",null,null,null,"Dec 01, 2018","US Multi Solar Module","Visit here for more detail module price information"]
["Solar power, brightening up your world",null,null,null,null,"Mono Silicon Solar Module","Visit here for more detail module price information"]
["The New Indian Express",null,null,null,"Dec 01, 2018","India Poly Module","Visit here for more detail module price information"]
["Last Update: 2018-Dec- 02 14:00 (GMT+8)",null,null,null,null,"Unit: USD / Watt ","more",null,"Last Update: 2018-11-28"]
[null,null,null,null,null,"All Spot Prices are Tax excluded and updated on Wednesday "]
["Price Methodology","Terms of Use","Privacy Policy ","About Us ","Contact Us ","Site Map"]
["Copyright © 2018 PVinsights.com All rights reserved"]

{"sheet":"pvinsights 02 01 19","index":38,"n_rows":54,"n_cols":13,"rows_kept":54,"cut":false,"hidden":false,"merged":[[51,0,51,4],[48,6,48,10],[49,6,49,10],[50,6,50,7],[50,8,50,10],[51,5,51,10],[48,0,48,4],[49,0,49,3],[4,11,13,11],[22,8,22,10],[35,6,35,10],[36,6,36,10],[37,6,37,7],[37,8,37,10],[22,6,22,7],[7,6,7,9],[8,6,8,9],[9,6,9,7],[9,8,9,10],[19,6,19,10],[47,6,47,10],[50,0,50,4],[18,0,19,4],[20,6,20,10],[21,6,21,10],[43,0,43,3],[44,0,44,4],[45,0,45,3],[46,0,46,4],[47,0,47,3],[38,0,38,4],[39,0,39,3],[40,0,40,4],[41,0,41,3],[42,0,42,4],[33,0,33,3],[34,0,34,4],[35,0,35,3],[36,0,36,4],[37,0,37,3],[28,0,28,4],[29,0,29,3],[30,0,30,4],[31,0,31,3],[32,0,32,4],[23,0,23,3],[24,0,24,4],[25,0,25,3],[26,0,26,4],[27,0,27,3],[17,0,17,1],[7,0,7,2],[20,0,20,4],[21,0,21,3],[22,0,22,4],[12,0,12,2],[13,0,13,1],[14,0,14,2],[15,0,15,1],[16,0,16,2],[4,0,5,4],[8,0,8,2],[9,0,9,1],[10,0,10,2],[11,0,11,1]]}
[null,"Login","Register","Member Center"]
[]
["Home","Why Solar","Retailer Price","Contract Price","Inverter Price","Weekly Snapshots","Price Download","Monthly Insights","Weekly Forecast","Price Forecast","Premier Insights","Premier Data","Advertising"]
[null,null,null,null,null,"PV Poly Silicon Weekly Spot Price"]
["Key Date of The US 2017 Section 201 Safeguard Investigation",null,null,null,null,"Item ","High ","Low ","Average ","AvgChg ","AvgChg% "]
[null,null,null,null,null,"PV Grade PolySilicon (9N/9N+) ",11.5,8.4499999999999993,9.26,-0.27,-2.8299999999999999E-2]
[null,null,null,null,null,"2nd Grade PolySilicon (6N-8N) ",9,6.25,7.16,-0.24,-3.2399999999999998E-2]
["Solar PV Corporate News Release",null,null,null,null,"PV Grade PolySilicon in China (9N/9N+) ","Visit here for more Poly-Si price",null,null,null,"%"]
["JinkoSolar Announces Third Quarter 2018 Financial Results",null,null,null,null,"PV Grade PolySilicon Outside China (9N/9N+) ","Visit here for more Poly-Si price",null,null,null,"%"]
["JinkoSolar",null,"Nov 26, 2018",null,null,"Unit: USD/Kg ","more",null,"Last Update: 2019-01-02"]
["CANADIAN SOLAR REPORTS THIRD QUARTER 2018 RESULTS",null,null,null,null,"Definition of PV Grade: Poly silicon chunk with high purity can be directly produced to Solar PV Ingots / Bricks"]
["CanadianSola",null,"Nov 15, 2018",null,null,"Definition of 2nd Grade: Poly silicon chunk must be mixed with high purity polysilicon, when producing Solar PV Ingots / Bricks."]
["SunPower Reports Third Quarter 2018 Results",null,null,null,null,"PolySilicon Price In China: The Price is surveyed by RMB term with Tax and then shown in USD term without 16% of VAT after May 1, 2018 and 17% of VAT before May 1, 2018."]
["Sunpower",null,"Oct 31, 2018",null,null,"Solar PV Wafer Weekly Spot Price "]
["First Solar, Inc. Announces Third Quarter 2018 Financial Results",null,null,null,null,"Item ","High ","Low ","Average ","AvgChg ","AvgChg% "]
["First Solar",null,"Oct 26, 2018",null,null,"156 mm Multi Solar Wafer ",0.3,0.26,0.27200000000000002,-2E-3,-7.3000000000000001E-3]
["Hanwha Q CELLS Reports Second Quarter 2018 Results",null,null,null,null,"156 mm High Eff Multi Solar Wafer ",0.3,0.27,0.27700000000000002,-2E-3,-7.1999999999999998E-3]
["Hanwha Q-Cel",null,"Aug 13, 2018",null,null,"156 mm Mono Solar Wafer ",0.41,0.36,0.378,0,0]
["Latest Solar PV News",null,null,null,null,"156 mm Mono Wafer Outside China ",0.41,0.36,0.38900000000000001,0,0]
[null,null,null,null,null,"156 mm Multi Wafer Outside China","Visit here for more detail wafer price information"]
["Spotsylvania planners to address proposed solar power facility ...",null,null,null,null,"156mm DiamondWire Poly Wafer","Visit here for more detail wafer price information"]
["Fredericksburg.com",null,null,null,"Jan 03, 2019","156 mm N-Mono Wafer","Visit here for more detail"]
["Staring down tariffs and rollbacks, US renewables rang in a record ...",null,null,null,null,"Unit: USD ","more",null,"Last Update: 2019-01-02"]
["Utility Dive",null,null,null,"Jan 03, 2019","Wafer Prices In China: The Prices are surveyed by RMB term with Tax and then shown in USD term without 16% of VAT after May 1, 2018 and 17% of VAT before May 1, 2018."]
["Coalition Releases '100 Day Clean Energy Agenda' For South ...",null,null,null,null,"Solar PV Cell Weekly Spot Price "]
["Solar Industry",null,null,null,"Jan 03, 2019","Item ","High ","Low ","Average ","AvgChg ","AvgChg % "]
["Watch: Why farmers are unhappy with Karnataka's big bet on solar ...",null,null,null,null,"Multi Cell Price Per Watt ",0.13500000000000001,0.09,0.105,0,0]
["The News Minute",null,null,null,"Jan 03, 2019","Non China Poly Cell Per Watt ",0.14000000000000001,0.09,0.105,0,0]
["Commercial Solar Outlook: A Q&A with GE Solar",null,null,null,null,"Poly PERC Cell Per Watt ",0.13500000000000001,0.105,0.113,0,0]
["Energy Manager Today",null,null,null,"Jan 03, 2019","Non China Poly PERC Cell Per Watt ",0.13500000000000001,0.115,0.124,0,0]
["SECI begins process for installation of solar power projects in Ladakh",null,null,null,null,"Mono PERC Cell Per Watt ",0.17,0.14499999999999999,0.152,0,0]
["Daily Excelsior",null,null,null,"Jan 03, 2019","Non China Mono PERC Cell Per Watt ",0.17,0.14499999999999999,0.151,0,0]
["Installation of 7.5 GW solar power projects begins in Ladakh",null,null,null,null,"High Eff Mono PERC Cell Per Watt ",0.17,0.15,0.16200000000000001,2E-3,1.2500000000000001E-2]
["Greater Kashmir",null,null,null,"Jan 03, 2019","156 mm Multi Solar Cell ",0.63,0.4,0.48099999999999998,0,0]
["What's In Store for US Solar Energy in 2019?",null,null,null,null,"156 mm Mono Solar Cell ",0.87,0.53,0.61499999999999999,0,0]
["State of the Planet (press release) (blog)",null,null,null,"Jan 03, 2019","China Poly Cell Per Watt ","Visit here for more detail Cell price information"]
["How To Go Solar If You Cannot Put Panels On Your Roof",null,null,null,null,"Non (TW or CN) Poly Cell Per Watt","Visit here for more detail Cell price information"]
["Forbes",null,null,null,"Jan 03, 2019","Unit: USD ","more",null,"Last Update: 2019-01-02"]
["Thin-film PV company Sunflare readies production boost with big ...",null,null,null,null,"High Efficency Mono PERC Cell: The Prices are mainly represented to solar cells for 21.8% efficiency with less than 1.5% of CTM efficiency lost or 22.0% with less than 2% of CTM efficiency lost."]
["Solar Builder (press release) (blog)",null,null,null,"Jan 03, 2019","Solar PV Module Weekly Spot Price "]
["Midsummer receives major order from US solar panel manufacturer ...",null,null,null,null,"Item ","High ","Low ","Average ","AvgChg ","AvgChg % "]
["Renewable Energy Magazine (press release)",null,null,null,"Jan 03, 2019","Poly Solar Module ",0.33,0.19,0.219,0,0]
["Tanzania: Renewable Energy - a Friendly Source of Power",null,null,null,null,"Poly Module in China ",0.24,0.19,0.20799999999999999,0,0]
["AllAfrica.com",null,null,null,"Jan 03, 2019","Poly High Eff / PERC Module ",0.37,0.22,0.255,0,0]
["UltraTech forms joint venture with PE-backed firm to boost solar ...",null,null,null,null,"Mono High Eff / PERC Module ",0.42,0.24,0.27300000000000002,0,0]
["VCCircle",null,null,null,"Jan 03, 2019","Mono High Eff / PERC Module in China ",0.27,0.24,0.25600000000000001,0,0]
["Surging summer solar helped UK to another renewables record in ...",null,null,null,null,"ThinFilm Solar Module ",0.35,0.22,0.246,0,0]
["Solar Power Portal",null,null,null,"Jan 03, 2019","US Multi Solar Module","Visit here for more detail module price information"]
["Renewable Energy Market Trends to Watch in 2019",null,null,null,null,"Mono Silicon Solar Module","Visit here for more detail module price information"]
["AltEnergyMag (press release)",null,null,null,"Jan 03, 2019","India Poly Module","Visit here for more detail module price information"]
["Last Update: 2019-Jan- 03 07:00 (GMT+8)",null,null,null,null,"Unit: USD / Watt ","more",null,"Last Update: 2019-01-02"]
[null,null,null,null,null,"All Spot Prices are Tax excluded and updated on Wednesday "]
["Price Methodology","Terms of Use","Privacy Policy ","About Us ","Contact Us ","Site Map"]
["Copyright © 2019 PVinsights.com All rights reserved"]

{"sheet":"pvinsights 29 01 19","index":39,"n_rows":54,"n_cols":13,"rows_kept":54,"cut":false,"hidden":false,"merged":[[4,0,5,4],[8,0,8,2],[9,0,9,1],[10,0,10,2],[11,0,11,1],[17,0,17,1],[7,0,7,2],[20,0,20,4],[21,0,21,3],[22,0,22,4],[12,0,12,2],[13,0,13,1],[14,0,14,2],[15,0,15,1],[16,0,16,2],[23,0,23,3],[24,0,24,4],[25,0,25,3],[26,0,26,4],[27,0,27,3],[34,0,34,4],[35,0,35,3],[36,0,36,4],[37,0,37,3],[28,0,28,4],[29,0,29,3],[30,0,30,4],[31,0,31,3],[32,0,32,4],[47,6,47,10],[50,0,50,4],[18,0,19,4],[20,6,20,10],[21,6,21,10],[43,0,43,3],[44,0,44,4],[45,0,45,3],[46,0,46,4],[47,0,47,3],[38,0,38,4],[39,0,39,3],[40,0,40,4],[41,0,41,3],[42,0,42,4],[33,0,33,3],[4,11,13,11],[22,8,22,10],[35,6,35,10],[36,6,36,10],[37,6,37,7],[37,8,37,10],[22,6,22,7],[7,6,7,9],[8,6,8,9],[9,6,9,7],[9,8,9,10],[19,6,19,10],[51,0,51,4],[48,6,48,10],[49,6,49,10],[50,6,50,7],[50,8,50,10],[51,5,51,10],[48,0,48,4],[49,0,49,3]]}
[null,"Login","Register","Member Center"]
[]
["Home","Why Solar","Retailer Price","Contract Price","Inverter Price","Weekly Snapshots","Price Download","Monthly Insights","Weekly Forecast","Price Forecast","Premier Insights","Premier Data","Advertising"]
[null,null,null,null,null,"PV Poly Silicon Weekly Spot Price"]
["Key Date of The US 2017 Section 201 Safeguard Investigation",null,null,null,null,"Item ","High ","Low ","Average ","AvgChg ","AvgChg% "]
[null,null,null,null,null,"PV Grade PolySilicon (9N/9N+) ",11.1,8.4,8.9,-0.05,-5.5999999999999999E-3]
[null,null,null,null,null,"2nd Grade PolySilicon (6N-8N) ",8.5,6.2,6.85,-0.06,-8.6999999999999994E-3]
["Solar PV Corporate News Release",null,null,null,null,"PV Grade PolySilicon in China (9N/9N+) ","Visit here for more Poly-Si price",null,null,null,"%"]
["JinkoSolar Announces Third Quarter 2018 Financial Results",null,null,null,null,"PV Grade PolySilicon Outside China (9N/9N+) ","Visit here for more Poly-Si price",null,null,null,"%"]
["JinkoSolar",null,"Nov 26, 2018",null,null,"Unit: USD/Kg ","more",null,"Last Update: 2019-01-23"]
["CANADIAN SOLAR REPORTS THIRD QUARTER 2018 RESULTS",null,null,null,null,"Definition of PV Grade: Poly silicon chunk with high purity can be directly produced to Solar PV Ingots / Bricks"]
["CanadianSola",null,"Nov 15, 2018",null,null,"Definition of 2nd Grade: Poly silicon chunk must be mixed with high purity polysilicon, when producing Solar PV Ingots / Bricks."]
["SunPower Reports Third Quarter 2018 Results",null,null,null,null,"PolySilicon Price In China: The Price is surveyed by RMB term with Tax and then shown in USD term without 16% of VAT after May 1, 2018 and 17% of VAT before May 1, 2018."]
["Sunpower",null,"Oct 31, 2018",null,null,"Solar PV Wafer Weekly Spot Price "]
["First Solar, Inc. Announces Third Quarter 2018 Financial Results",null,null,null,null,"Item ","High ","Low ","Average ","AvgChg ","AvgChg% "]
["First Solar",null,"Oct 26, 2018",null,null,"156 mm Multi Solar Wafer ",0.3,0.26,0.27100000000000002,-1E-3,-3.7000000000000002E-3]
["Hanwha Q CELLS Reports Second Quarter 2018 Results",null,null,null,null,"156 mm High Eff Multi Solar Wafer ",0.3,0.27,0.27600000000000002,-1E-3,-3.5999999999999999E-3]
["Hanwha Q-Cel",null,"Aug 13, 2018",null,null,"156 mm Mono Solar Wafer ",0.41,0.36,0.38100000000000001,-1E-3,-2.5999999999999999E-3]
["Latest Solar PV News",null,null,null,null,"156 mm Mono Wafer Outside China ",0.41,0.36,0.38800000000000001,-1E-3,-2.5999999999999999E-3]
[null,null,null,null,null,"156 mm Multi Wafer Outside China","Visit here for more detail wafer price information"]
["Is solar energy still a good option for powering Utah homes?",null,null,null,null,"156mm DiamondWire Poly Wafer","Visit here for more detail wafer price information"]
["ABC 4",null,null,null,"Jan 30, 2019","156 mm N-Mono Wafer","Visit here for more detail"]
["This bill could revise a controversial Indiana solar power law",null,null,null,null,"Unit: USD ","more",null,"Last Update: 2019-01-23"]
["Evansville Courier & Press",null,null,null,"Jan 30, 2019","Wafer Prices In China: The Prices are surveyed by RMB term with Tax and then shown in USD term without 16% of VAT after May 1, 2018 and 17% of VAT before May 1, 2018."]
["State House Defines Solar Energy Permits",null,null,null,null,"Solar PV Cell Weekly Spot Price "]
["KELOLAND TV",null,null,null,"Jan 30, 2019","Item ","High ","Low ","Average ","AvgChg ","AvgChg % "]
["After busy 2018, Duke Energy plans to deliver more solar power this ...",null,null,null,null,"Multi Cell Price Per Watt ",0.13500000000000001,0.09,0.105,-1E-3,-9.4000000000000004E-3]
["Independent Tribune",null,null,null,"Jan 30, 2019","Non China Poly Cell Per Watt ",0.14000000000000001,0.09,0.105,-1E-3,-9.4000000000000004E-3]
["More than 3500 solar panels being installed at the city's water ...",null,null,null,null,"Poly PERC Cell Per Watt ",0.13500000000000001,0.105,0.113,-1E-3,-8.8000000000000005E-3]
["Chicago Tribune",null,null,null,"Jan 30, 2019","Non China Poly PERC Cell Per Watt ",0.13500000000000001,0.115,0.124,-1E-3,-8.0000000000000002E-3]
["Column: Appearances do matter, even with the installation of solar ...",null,null,null,null,"Mono PERC Cell Per Watt ",0.17,0.14499999999999999,0.153,-1E-3,-6.4999999999999997E-3]
["Chicago Tribune",null,null,null,"Jan 30, 2019","Non China Mono PERC Cell Per Watt ",0.17,0.14499999999999999,0.152,-1E-3,-6.4999999999999997E-3]
["Florida Power & Light Hits 1 GW Solar Milestone",null,null,null,null,"High Eff Mono PERC Cell Per Watt ",0.17,0.15,0.16200000000000001,-1E-3,-6.1000000000000004E-3]
["Solar Industry",null,null,null,"Jan 30, 2019","156 mm Multi Solar Cell ",0.63,0.4,0.48099999999999998,-4.0000000000000001E-3,-8.2000000000000007E-3]
["Florida solar powers to 1GW",null,null,null,null,"156 mm Mono Solar Cell ",0.87,0.53,0.61,-0.01,-1.61E-2]
["reNEWS",null,null,null,"Jan 30, 2019","China Poly Cell Per Watt ","Visit here for more detail Cell price information"]
["pvMB 1/29/19: FPL exceeds 1 GW of solar, Enphase loan payoff ...",null,null,null,null,"Non (TW or CN) Poly Cell Per Watt","Visit here for more detail Cell price information"]
["pv magazine USA",null,null,null,"Jan 30, 2019","Unit: USD ","more",null,"Last Update: 2019-01-23"]
["FPL's solar generation surpasses 1000MW",null,null,null,null,"High Efficency Mono PERC Cell: The Prices are mainly represented to solar cells for 21.8% efficiency with less than 1.5% of CTM efficiency lost or 22.0% with less than 2% of CTM efficiency lost."]
["Energy Digital",null,null,null,"Jan 30, 2019","Solar PV Module Weekly Spot Price "]
["Two new Pivot Energy community solar gardens now online in Denver",null,null,null,null,"Item ","High ","Low ","Average ","AvgChg ","AvgChg % "]
["Solar Power World",null,null,null,"Jan 30, 2019","Poly Solar Module ",0.33,0.19,0.218,-1E-3,-4.5999999999999999E-3]
["Costs are falling for renewable energy stored in batteries",null,null,null,null,"Poly Module in China ",0.24,0.19,0.20699999999999999,-1E-3,-4.7999999999999996E-3]
["Marketplace.org",null,null,null,"Jan 30, 2019","Poly High Eff / PERC Module ",0.37,0.22,0.254,-1E-3,-3.8999999999999998E-3]
["GoviEx Exploring Renewable, Lower-Cost, Solar Energy Solutions ...",null,null,null,null,"Mono High Eff / PERC Module ",0.42,0.24,0.27200000000000002,-1E-3,-3.7000000000000002E-3]
["MarketWatch",null,null,null,"Jan 30, 2019","Mono High Eff / PERC Module in China ",0.27,0.24,0.254,-2E-3,-7.7999999999999996E-3]
["India Cuts Size Of Biggest Solar Tender To A Third After Tepid ...",null,null,null,null,"ThinFilm Solar Module ",0.35,0.22,0.245,-1E-3,-4.1000000000000003E-3]
["BloombergQuint",null,null,null,"Jan 30, 2019","US Multi Solar Module","Visit here for more detail module price information"]
["Indian Railways Planning 4 Gigawatts Solar Power Capacity",null,null,null,null,"Mono Silicon Solar Module","Visit here for more detail module price information"]
["CleanTechnica",null,null,null,"Jan 30, 2019","India Poly Module","Visit here for more detail module price information"]
["Last Update: 2019-Jan- 30 07:00 (GMT+8)",null,null,null,null,"Unit: USD / Watt ","more",null,"Last Update: 2019-01-23"]
[null,null,null,null,null,"All Spot Prices are Tax excluded and updated on Wednesday "]
["Price Methodology","Terms of Use","Privacy Policy ","About Us ","Contact Us ","Site Map"]
["Copyright © 2019 PVinsights.com All rights reserved"]

{"sheet":"pvinsights 05 03 19","index":40,"n_rows":54,"n_cols":13,"rows_kept":54,"cut":false,"hidden":false,"merged":[[51,0,51,4],[48,6,48,10],[49,6,49,10],[50,6,50,7],[50,8,50,10],[51,5,51,10],[48,0,48,4],[49,0,49,3],[4,11,13,11],[22,8,22,10],[35,6,35,10],[36,6,36,10],[37,6,37,7],[37,8,37,10],[22,6,22,7],[7,6,7,9],[8,6,8,9],[9,6,9,7],[9,8,9,10],[19,6,19,10],[47,6,47,10],[50,0,50,4],[18,0,19,4],[20,6,20,10],[21,6,21,10],[43,0,43,3],[44,0,44,4],[45,0,45,3],[46,0,46,4],[47,0,47,3],[38,0,38,4],[39,0,39,3],[40,0,40,4],[41,0,41,3],[42,0,42,4],[33,0,33,3],[34,0,34,4],[35,0,35,3],[36,0,36,4],[37,0,37,3],[28,0,28,4],[29,0,29,3],[30,0,30,4],[31,0,31,3],[32,0,32,4],[23,0,23,3],[24,0,24,4],[25,0,25,3],[26,0,26,4],[27,0,27,3],[17,0,17,1],[7,0,7,2],[20,0,20,4],[21,0,21,3],[22,0,22,4],[12,0,12,2],[13,0,13,1],[14,0,14,2],[15,0,15,1],[16,0,16,2],[4,0,5,4],[8,0,8,2],[9,0,9,1],[10,0,10,2],[11,0,11,1]]}
[null,"Login","Register","Member Center"]
[]
["Home","Why Solar","Retailer Price","Contract Price","Inverter Price","Weekly Snapshots","Price Download","Monthly Insights","Weekly Forecast","Price Forecast","Premier Insights","Premier Data","Advertising"]
[null,null,null,null,null,"PV Poly Silicon Weekly Spot Price"]
["The US 2018 AD & CVD Sunset Reviews",null,null,null,null,"Item ","High ","Low ","Average ","AvgChg ","AvgChg% "]
[null,null,null,null,null,"PV Grade PolySilicon (9N/9N+) ",10.8,8.8000000000000007,9.0399999999999991,0.15,1.6899999999999998E-2]
[null,null,null,null,null,"2nd Grade PolySilicon (6N-8N) ",8.5,6.5,6.94,0.1,1.46E-2]
["Solar PV Corporate News Release",null,null,null,null,"PV Grade PolySilicon in China (9N/9N+) ","Visit here for more Poly-Si price",null,null,null,"%"]
["FIRST SOLAR, INC. ANNOUNCES FOURTH QUARTER & FULL YEAR 2018 FINANCIAL RESULTS",null,null,null,null,"PV Grade PolySilicon Outside China (9N/9N+) ","Visit here for more Poly-Si price",null,null,null,"%"]
["First Solar",null,"Feb 22, 2019",null,null,"Unit: USD/Kg ","more",null,"Last Update: 2019-02-27"]
["SunPower Reports Fourth Quarter and Fiscal Year 2018 Results",null,null,null,null,"Definition of PV Grade: Poly silicon chunk with high purity can be directly produced to Solar PV Ingots / Bricks"]
["Sunpower",null,"Feb 14, 2019",null,null,"Definition of 2nd Grade: Poly silicon chunk must be mixed with high purity polysilicon, when producing Solar PV Ingots / Bricks."]
["JinkoSolar Announces Third Quarter 2018 Financial Results",null,null,null,null,"PolySilicon Price In China: The Price is surveyed by RMB term with Tax and then shown in USD term without 16% of VAT after May 1, 2018 and 17% of VAT before May 1, 2018."]
["JinkoSolar",null,"Nov 26, 2018",null,null,"Solar PV Wafer Weekly Spot Price "]
["CANADIAN SOLAR REPORTS THIRD QUARTER 2018 RESULTS",null,null,null,null,"Item ","High ","Low ","Average ","AvgChg ","AvgChg% "]
["CanadianSola",null,"Nov 15, 2018",null,null,"156 mm Multi Solar Wafer ",0.3,0.27,0.27600000000000002,2E-3,7.3000000000000001E-3]
["SunPower Reports Third Quarter 2018 Results",null,null,null,null,"156 mm High Eff Multi Solar Wafer ",0.3,0.27500000000000002,0.28100000000000003,2E-3,7.1999999999999998E-3]
["Sunpower",null,"Oct 31, 2018",null,null,"156 mm Mono Solar Wafer ",0.42,0.375,0.39500000000000002,5.0000000000000001E-3,1.2800000000000001E-2]
["Latest Solar PV News",null,null,null,null,"156 mm Mono Wafer Outside China ",0.42,0.375,0.40200000000000002,5.0000000000000001E-3,1.26E-2]
[null,null,null,null,null,"156 mm Multi Wafer Outside China","Visit here for more detail wafer price information"]
["SunPower is promoting a 400-watt residential solar panel, the A ...",null,null,null,null,"156mm DiamondWire Poly Wafer","Visit here for more detail wafer price information"]
["Solar Builder (press release) (blog)Solar Power World",null,null,null,"Mar 06, 2019","156 mm N-Mono Wafer","Visit here for more detail"]
["SunPower launches up-to-415-W solar panel for US homeowners",null,null,null,null,"Unit: USD ","more",null,"Last Update: 2019-02-27"]
["Renewables Now",null,null,null,"Mar 06, 2019","Wafer Prices In China: The Prices are surveyed by RMB term with Tax and then shown in USD term without 16% of VAT after May 1, 2018 and 17% of VAT before May 1, 2018."]
["SunPower Launches Industry's First 400-Plus-Watt Home Solar ...",null,null,null,null,"Solar PV Cell Weekly Spot Price "]
["PRNewswire (press release)",null,null,null,"Mar 06, 2019","Item ","High ","Low ","Average ","AvgChg ","AvgChg % "]
["3 Top Renewable Energy Stocks to Watch This Month",null,null,null,null,"Multi Cell Price Per Watt ",0.13500000000000001,0.1,0.11,2E-3,1.8499999999999999E-2]
["Motley Fool",null,null,null,"Mar 06, 2019","Non China Poly Cell Per Watt ",0.14000000000000001,0.1,0.109,1E-3,9.2999999999999992E-3]
["Park Ridge explores removing 'barriers' to solar energy installation",null,null,null,null,"Poly PERC Cell Per Watt ",0.13500000000000001,0.115,0.11700000000000001,2E-3,1.7399999999999999E-2]
["Chicago Tribune",null,null,null,"Mar 06, 2019","Non China Poly PERC Cell Per Watt ",0.13500000000000001,0.125,0.127,1E-3,7.9000000000000008E-3]
["Green Party peer accuses UK government of 'state theft' over solar ...",null,null,null,null,"Mono PERC Cell Per Watt ",0.17,0.14499999999999999,0.152,-1E-3,-6.4999999999999997E-3]
["E&T Magazine",null,null,null,"Mar 06, 2019","Non China Mono PERC Cell Per Watt ",0.17,0.14499999999999999,0.153,-1E-3,-6.4999999999999997E-3]
["Your favorite beer, powered by solar energy",null,null,null,null,"High Eff Mono PERC Cell Per Watt ",0.17,0.15,0.16,-2E-3,-1.23E-2]
["Marin Independent Journal",null,null,null,"Mar 06, 2019","156 mm Multi Solar Cell ",0.63,0.45,0.504,8.9999999999999993E-3,1.8200000000000001E-2]
["Your silicon solar panels are limited to around 30pc efficiency, but ...",null,null,null,null,"156 mm Mono Solar Cell ",0.87,0.53,0.61499999999999999,0,0]
["ABC News",null,null,null,"Mar 06, 2019","China Poly Cell Per Watt ","Visit here for more detail Cell price information"]
["FPL's Parrish power plant to double solar energy-generating ...",null,null,null,null,"Non (TW or CN) Poly Cell Per Watt","Visit here for more detail Cell price information"]
["Bradenton HeraldSpaceCoastDaily.com",null,null,null,"Mar 06, 2019","Unit: USD ","more",null,"Last Update: 2019-02-27"]
["FPL announces four new solar power plants",null,null,null,null,"High Efficency Mono PERC Cell: The Prices are mainly represented to solar cells for 21.8% efficiency with less than 1.5% of CTM efficiency lost or 22.0% with less than 2% of CTM efficiency lost."]
["Florida Politics (blog)",null,null,null,"Mar 06, 2019","Solar PV Module Weekly Spot Price "]
["China Plans To Build The World's First Solar Power Station In Space",null,null,null,null,"Item ","High ","Low ","Average ","AvgChg ","AvgChg % "]
["Forbes",null,null,null,"Mar 06, 2019","Poly Solar Module ",0.31,0.2,0.216,3.0000000000000001E-3,1.41E-2]
["Berlin missing opportunity by leaving solar power out of new school ...",null,null,null,null,"Poly Module in China ",0.24,0.2,0.20699999999999999,2E-3,9.7999999999999997E-3]
["Clean Energy Wire",null,null,null,"Mar 06, 2019","Poly High Eff / PERC Module ",0.35,0.23,0.25700000000000001,6.0000000000000001E-3,2.3900000000000001E-2]
["BluEarth Renewables acquires 23-MW Midwest solar portfolio",null,null,null,null,"Mono High Eff / PERC Module ",0.4,0.25,0.27700000000000002,7.0000000000000001E-3,2.5899999999999999E-2]
["Solar Power World",null,null,null,"Mar 06, 2019","Mono High Eff / PERC Module in China ",0.27,0.25,0.25600000000000001,3.0000000000000001E-3,1.1900000000000001E-2]
["City of Binghamton Offering No-Cost Community Solar Energy",null,null,null,null,"ThinFilm Solar Module ",0.33,0.23,0.24399999999999999,2E-3,8.3000000000000001E-3]
["WICZ",null,null,null,"Mar 06, 2019","US Multi Solar Module","Visit here for more detail module price information"]
["Solar and Renewable Energy Policy Roundup from February 2019",null,null,null,null,"Mono Silicon Solar Module","Visit here for more detail module price information"]
["Mercom Indiachinadialogue",null,null,null,"Mar 06, 2019","India Poly Module","Visit here for more detail module price information"]
["Last Update: 2019-Mar- 06 07:00 (GMT+8)",null,null,null,null,"Unit: USD / Watt ","more",null,"Last Update: 2019-02-27"]
[null,null,null,null,null,"All Spot Prices are Tax excluded and updated on Wednesday "]
["Price Methodology","Terms of Use","Privacy Policy ","About Us ","Contact Us ","Site Map"]
["Copyright © 2019 PVinsights.com All rights reserved"]

{"sheet":"pvinsights 07 05 19","index":41,"n_rows":53,"n_cols":13,"rows_kept":53,"cut":false,"hidden":false,"merged":[[4,11,13,11],[24,8,24,10],[33,6,33,10],[34,6,34,10],[35,6,35,7],[35,8,35,10],[24,6,24,7],[8,6,8,9],[9,6,9,9],[10,6,10,7],[10,8,10,10],[21,6,21,10],[48,0,48,4],[49,0,49,3],[45,6,45,10],[50,0,50,4],[18,0,19,4],[22,6,22,10],[23,6,23,10],[50,5,50,10],[46,6,46,10],[47,6,47,10],[48,6,48,7],[48,8,48,10],[49,5,49,10],[43,0,43,3],[44,0,44,4],[45,0,45,3],[46,0,46,4],[47,0,47,3],[38,0,38,4],[39,0,39,3],[40,0,40,4],[41,0,41,3],[42,0,42,4],[33,0,33,3],[34,0,34,4],[35,0,35,3],[36,0,36,4],[37,0,37,3],[28,0,28,4],[29,0,29,3],[30,0,30,4],[31,0,31,3],[32,0,32,4],[23,0,23,3],[24,0,24,4],[25,0,25,3],[26,0,26,4],[27,0,27,3],[17,0,17,1],[7,0,7,2],[20,0,20,4],[21,0,21,3],[22,0,22,4],[12,0,12,2],[13,0,13,1],[14,0,14,2],[15,0,15,1],[16,0,16,2],[4,0,5,4],[8,0,8,2],[9,0,9,1],[10,0,10,2],[11,0,11,1]]}
[null,"Login","Register","Member Center"]
[]
["Home","Why Solar","Retailer Price","Contract Price","Inverter Price","Weekly Snapshots","Price Download","Monthly Insights","Weekly Forecast","Price Forecast","Premier Insights","Premier Data","Advertising"]
[null,null,null,null,null,"PV Poly Silicon Weekly Spot Price"]
["The US 2018 AD & CVD Sunset Reviews",null,null,null,null,"Item ","High ","Low ","Average ","AvgChg ","AvgChg% "]
[null,null,null,null,null,"PV Grade PolySilicon (9N/9N+) ",10,7.4,8.42,0,0]
[null,null,null,null,null,"2nd Grade PolySilicon (6N-8N) ",7.8,5.8,6.15,0,0]
["Solar PV Corporate News Release",null,null,null,null,"PV Mono Grade PolySilicon in China (11N/11N+) ",10,9,9.32,0,0]
["JinkoSolar Announces Fourth Quarter and Full Year 2018 Financial Results",null,null,null,null,"PV Grade PolySilicon in China (9N/9N+) ","Visit here for more Poly-Si price",null,null,null,"%"]
["JinkoSolar",null,"Mar 22, 2019",null,null,"PV Grade PolySilicon Outside China (9N/9N+) ","Visit here for more Poly-Si price",null,null,null,"%"]
["Canadian Solar Reports Fourth Quarter and Full Year 2018 Results",null,null,null,null,"Unit: USD/Kg ","more",null,"Last Update: 2019-05-01"]
["CanadianSola",null,"Mar 21, 2019",null,null,"Definition of PV Grade: Poly silicon chunk with high purity can be directly produced to Solar PV Ingots / Bricks"]
["FIRST SOLAR, INC. ANNOUNCES FOURTH QUARTER & FULL YEAR 2018 FINANCIAL RESULTS",null,null,null,null,"Definition of 2nd Grade: Poly silicon chunk must be mixed with high purity polysilicon, when producing Solar PV Ingots / Bricks."]
["First Solar",null,"Feb 22, 2019",null,null,"PolySilicon Price In China: The Price is surveyed by RMB term with Tax and then shown in USD term without 13% of VAT after Apri 1, 2019, 16% of VAT after May 1, 2018 and 17% of VAT before May 1, 2018."]
["SunPower Reports Fourth Quarter and Fiscal Year 2018 Results",null,null,null,null,"Solar PV Wafer Weekly Spot Price "]
["Sunpower",null,"Feb 14, 2019",null,null,"Item ","High ","Low ","Average ","AvgChg ","AvgChg% "]
["JinkoSolar Announces Third Quarter 2018 Financial Results",null,null,null,null,"156 mm Multi Solar Wafer ",0.28999999999999998,0.26,0.26600000000000001,0,0]
["JinkoSolar",null,"Nov 26, 2018",null,null,"156 mm High Eff Multi Solar Wafer ",0.28999999999999998,0.26,0.26600000000000001,0,0]
["Latest Solar PV News",null,null,null,null,"156 mm Mono Solar Wafer ",0.43,0.375,0.39900000000000002,0,0]
[null,null,null,null,null,"180um Mono Wafer Outside China ",0.43,0.40500000000000003,0.41099999999999998,0,0]
["Solar energy to power GAC Dubai's warehouses",null,null,null,null,"158.75 / 161.75mm Mono Wafer ",0.46,0.41499999999999998,0.434,0,0]
["Logistics Middle East",null,null,null,"May 07, 2019","156 mm Multi Wafer Outside China","Visit here for more detail wafer price information"]
["India solar capacity tops 30GW",null,null,null,null,"156mm DiamondWire Poly Wafer","Visit here for more detail wafer price information"]
["reNEWS",null,null,null,"May 07, 2019","156 mm N-Mono Wafer","Visit here for more detail"]
["Eyeing investment, India considers new solar tender with focus on ...",null,null,null,null,"Unit: USD ","more",null,"Last Update: 2019-05-01"]
["Business Standard",null,null,null,"May 07, 2019","Wafer Prices In China: The Prices are surveyed by RMB term with Tax and then shown in USD term without 13% of VAT after April 1, 2019, 16% of VAT after May 1, 2018 and 17% of VAT before May 1, 2018."]
["India mulls new solar tender with focus on factories",null,null,null,null,"Solar PV Cell Weekly Spot Price "]
["Economic Times",null,null,null,"May 07, 2019","Item ","High ","Low ","Average ","AvgChg ","AvgChg % "]
["How to Switch to Renewable, Sustainable Energy in Connecticut",null,null,null,null,"Multi Cell Price ",0.13500000000000001,9.5000000000000001E-2,0.107,3.0000000000000001E-3,2.8799999999999999E-2]
["NBC Connecticut",null,null,null,"May 07, 2019","Non China Poly Cell ",0.14000000000000001,0.1,0.107,3.0000000000000001E-3,2.8799999999999999E-2]
["C2 Energy Capital To Build Up C&I Solar Portfolio To 400 Megawatts",null,null,null,null,"Poly PERC Cell ",0.13500000000000001,0.11,0.11799999999999999,3.0000000000000001E-3,2.6100000000000002E-2]
["CleanTechnica",null,null,null,"May 07, 2019","Non China Poly PERC Cell ",0.13500000000000001,0.12,0.128,3.0000000000000001E-3,2.4E-2]
["What if We Turned The Sahara Desert Into a Giant Solar Farm?",null,null,null,null,"158.75/161.75mm Mono PERC Cell ",0.18,0.16,0.16300000000000001,0,0]
["ScienceAlert",null,null,null,"May 07, 2019","China Poly Cell Per Watt ","Visit here for more detail Cell price information"]
["Tesla Makes a Last-Gasp Effort to Revive Its Solar Energy Business",null,null,null,null,"Non (TW or CN) Poly Cell Per Watt","Visit here for more detail Cell price information"]
["Yahoo Finance",null,null,null,"May 07, 2019","Unit: USD / Watt","more",null,"Last Update: 2019-05-01"]
["How Virginia is breaking logjams around solar energy legislation",null,null,null,null,"High Efficency Mono PERC Cell: The Prices are mainly represented to solar cells for 21.8% efficiency with less than 1.5% of CTM efficiency lost or 22.0% with less than 2% of CTM efficiency lost."]
["Energy News Network",null,null,null,"May 07, 2019","Solar PV Module Weekly Spot Price "]
["Daintree Rainforest solar to hydrogen microgrid an Australian first",null,null,null,null,"Item ","High ","Low ","Average ","AvgChg ","AvgChg % "]
["Energy Matters",null,null,null,"May 07, 2019","Poly Solar Module ",0.31,0.2,0.214,0,0]
["May 7 Letters: Solar energy is not a primary source",null,null,null,null,"Poly Module in China ",0.24,0.2,0.20599999999999999,0,0]
["Daily Press",null,null,null,"May 07, 2019","Poly High Eff / PERC Module ",0.35,0.23,0.25600000000000001,2E-3,7.9000000000000008E-3]
["Renewable energy growth stalled last year",null,null,null,null,"Mono High Eff / PERC Module ",0.4,0.24,0.27600000000000002,3.0000000000000001E-3,1.0999999999999999E-2]
["Chron.com",null,null,null,"May 07, 2019","Mono High Eff / PERC Module in China ",0.27,0.24,0.253,0,0]
["Solar panel operation and maintenance: Popular packages ...",null,null,null,null,"ThinFilm Solar Module ",0.33,0.23,0.246,3.0000000000000001E-3,1.23E-2]
["Economic Times",null,null,null,"May 07, 2019","US Multi Solar Module","Visit here for more detail module price information"]
["Federal Labor solar battery rebate in sync with renewable energy ...",null,null,null,null,"Mono Silicon Solar Module","Visit here for more detail module price information"]
["Energy MattersThe Hindu BusinessLine",null,null,null,"May 07, 2019","India Poly Module","Visit here for more detail module price information"]
["Commercial solar power plants: Installation process and related ...",null,null,null,null,"Unit: USD / Watt ","more",null,"Last Update: 2019-05-01"]
["Economic Times",null,null,null,"May 07, 2019","All Spot Prices are Tax excluded and updated on Wednesday "]
["Last Update: 2019-May- 07 20:00 (GMT+8)"]
["Price Methodology","Terms of Use","Privacy Policy ","About Us ","Contact Us ","Site Map"]
["Copyright © 2019 PVinsights.com All rights reserved"]

{"sheet":"pvinsights 19 05 19","index":42,"n_rows":53,"n_cols":13,"rows_kept":53,"cut":false,"hidden":false,"merged":[[4,0,5,4],[8,0,8,2],[9,0,9,1],[10,0,10,2],[11,0,11,1],[17,0,17,1],[7,0,7,2],[20,0,20,4],[21,0,21,3],[22,0,22,4],[12,0,12,2],[13,0,13,1],[14,0,14,2],[15,0,15,1],[16,0,16,2],[23,0,23,3],[24,0,24,4],[25,0,25,3],[26,0,26,4],[27,0,27,3],[28,0,28,4],[29,0,29,3],[30,0,30,4],[31,0,31,3],[32,0,32,4],[33,0,33,3],[34,0,34,4],[35,0,35,3],[36,0,36,4],[37,0,37,3],[46,0,46,4],[47,0,47,3],[38,0,38,4],[39,0,39,3],[40,0,40,4],[41,0,41,3],[42,0,42,4],[48,0,48,4],[49,0,49,3],[45,6,45,10],[50,0,50,4],[18,0,19,4],[22,6,22,10],[23,6,23,10],[50,5,50,10],[46,6,46,10],[47,6,47,10],[48,6,48,7],[48,8,48,10],[49,5,49,10],[43,0,43,3],[44,0,44,4],[45,0,45,3],[4,11,13,11],[24,8,24,10],[33,6,33,10],[34,6,34,10],[35,6,35,7],[35,8,35,10],[24,6,24,7],[8,6,8,9],[9,6,9,9],[10,6,10,7],[10,8,10,10],[21,6,21,10]]}
[null,"Login","Register","Member Center"]
[]
["Home","Why Solar","Retailer Price","Contract Price","Inverter Price","Weekly Snapshots","Price Download","Monthly Insights","Weekly Forecast","Price Forecast","Premier Insights","Premier Data","Advertising"]
[null,null,null,null,null,"PV Poly Silicon Weekly Spot Price"]
["The US 2018 AD & CVD Sunset Reviews",null,null,null,null,"Item ","High ","Low ","Average ","AvgChg ","AvgChg% "]
[null,null,null,null,null,"PV Grade PolySilicon (9N/9N+) ",10,7.3,8.34,-0.08,-9.4999999999999998E-3]
[null,null,null,null,null,"2nd Grade PolySilicon (6N-8N) ",7.8,5.7,6.09,-0.06,-9.7999999999999997E-3]
["Solar PV Corporate News Release",null,null,null,null,"PV Mono Grade PolySilicon in China (11N/11N+) ",10,8.9,9.23,-0.09,-9.7000000000000003E-3]
["JinkoSolar Announces Fourth Quarter and Full Year 2018 Financial Results",null,null,null,null,"PV Grade PolySilicon in China (9N/9N+) ","Visit here for more Poly-Si price",null,null,null,"%"]
["JinkoSolar",null,"Mar 22, 2019",null,null,"PV Grade PolySilicon Outside China (9N/9N+) ","Visit here for more Poly-Si price",null,null,null,"%"]
["Canadian Solar Reports Fourth Quarter and Full Year 2018 Results",null,null,null,null,"Unit: USD/Kg ","more",null,"Last Update: 2019-05-15"]
["CanadianSola",null,"Mar 21, 2019",null,null,"Definition of PV Grade: Poly silicon chunk with high purity can be directly produced to Solar PV Ingots / Bricks"]
["FIRST SOLAR, INC. ANNOUNCES FOURTH QUARTER & FULL YEAR 2018 FINANCIAL RESULTS",null,null,null,null,"Definition of 2nd Grade: Poly silicon chunk must be mixed with high purity polysilicon, when producing Solar PV Ingots / Bricks."]
["First Solar",null,"Feb 22, 2019",null,null,"PolySilicon Price In China: The Price is surveyed by RMB term with Tax and then shown in USD term without 13% of VAT after Apri 1, 2019, 16% of VAT after May 1, 2018 and 17% of VAT before May 1, 2018."]
["SunPower Reports Fourth Quarter and Fiscal Year 2018 Results",null,null,null,null,"Solar PV Wafer Weekly Spot Price "]
["Sunpower",null,"Feb 14, 2019",null,null,"Item ","High ","Low ","Average ","AvgChg ","AvgChg% "]
["JinkoSolar Announces Third Quarter 2018 Financial Results",null,null,null,null,"156 mm Multi Solar Wafer ",0.28999999999999998,0.25,0.26200000000000001,-3.0000000000000001E-3,-1.1299999999999999E-2]
["JinkoSolar",null,"Nov 26, 2018",null,null,"156 mm High Eff Multi Solar Wafer ",0.28999999999999998,0.25,0.26200000000000001,-3.0000000000000001E-3,-1.1299999999999999E-2]
["Latest Solar PV News",null,null,null,null,"156 mm Mono Solar Wafer ",0.43,0.37,0.39600000000000002,-2E-3,-5.0000000000000001E-3]
[null,null,null,null,null,"180um Mono Wafer Outside China ",0.43,0.4,0.40899999999999997,-1E-3,-2.3999999999999998E-3]
["Know Your Madisonian: Fatherhood changed perspective for solar ...",null,null,null,null,"158.75 / 161.75mm Mono Wafer ",0.46,0.41,0.432,-1E-3,-2.3E-3]
["Madison.comGhanaWeb",null,null,null,"May 18, 2019","156 mm Multi Wafer Outside China","Visit here for more detail wafer price information"]
["India Installs Just 55% Of Target Renewable Energy Capacity In ...",null,null,null,null,"156mm DiamondWire Poly Wafer","Visit here for more detail wafer price information"]
["CleanTechnica",null,null,null,"May 18, 2019","156 mm N-Mono Wafer","Visit here for more detail"]
["Solar companies concerned with Alberta rebate program uncertainty",null,null,null,null,"Unit: USD ","more",null,"Last Update: 2019-05-15"]
["Globalnews.ca",null,null,null,"May 18, 2019","Wafer Prices In China: The Prices are surveyed by RMB term with Tax and then shown in USD term without 13% of VAT after April 1, 2019, 16% of VAT after May 1, 2018 and 17% of VAT before May 1, 2018."]
["Dominion plans six new solar power plants to generate 'clean ...",null,null,null,null,"Solar PV Cell Weekly Spot Price "]
["Richmond.comGrist",null,null,null,"May 18, 2019","Item ","High ","Low ","Average ","AvgChg ","AvgChg % "]
["Renewable Energy Job Boom Creates Economic Opportunity As ...",null,null,null,null,"Multi Cell Price ",0.13500000000000001,9.5000000000000001E-2,0.106,-1E-3,-9.2999999999999992E-3]
["Forbes",null,null,null,"May 18, 2019","Non China Poly Cell ",0.14000000000000001,0.1,0.106,-1E-3,-9.2999999999999992E-3]
["How wind and solar became America's cheapest energy source",null,null,null,null,"Poly PERC Cell ",0.13500000000000001,0.11,0.11700000000000001,-1E-3,-8.5000000000000006E-3]
["CBS News",null,null,null,"May 18, 2019","Non China Poly PERC Cell ",0.13500000000000001,0.12,0.128,0,0]
["A Brief History of Solar Panels",null,null,null,null,"158.75/161.75mm Mono PERC Cell ",0.18,0.155,0.16,-2E-3,-1.23E-2]
["Smithsonian",null,null,null,"May 18, 2019","China Poly Cell Per Watt ","Visit here for more detail Cell price information"]
["Renewable energy capacity in Texas REC program grew by almost ...",null,null,null,null,"Non (TW or CN) Poly Cell Per Watt","Visit here for more detail Cell price information"]
["S&P Global PlattsCaixin Global",null,null,null,"May 18, 2019","Unit: USD / Watt","more",null,"Last Update: 2019-05-15"]
["Vote Solar report finds Gov. Cuomo's 6-GW solar goal would create ...",null,null,null,null,"High Efficency Mono PERC Cell: The Prices are mainly represented to solar cells for 21.8% efficiency with less than 1.5% of CTM efficiency lost or 22.0% with less than 2% of CTM efficiency lost."]
["Solar Power World",null,null,null,"May 18, 2019","Solar PV Module Weekly Spot Price "]
["It just became much easier for businesses to move off Eskom's grid ...",null,null,null,null,"Item ","High ","Low ","Average ","AvgChg ","AvgChg % "]
["Business Insider South Africa",null,null,null,"May 18, 2019","Poly Solar Module ",0.31,0.2,0.21299999999999999,-1E-3,-4.7000000000000002E-3]
["Why Tesla is offering rock-bottom solar panel prices",null,null,null,null,"Poly Module in China ",0.24,0.2,0.20399999999999999,-1E-3,-4.8999999999999998E-3]
["CNN",null,null,null,"May 18, 2019","Poly High Eff / PERC Module ",0.35,0.22500000000000001,0.25600000000000001,-1E-3,-3.8999999999999998E-3]
["Czech Republic Wins 4 Cases Over Solar Energy Incentives",null,null,null,null,"Mono High Eff / PERC Module ",0.4,0.24,0.27700000000000002,-1E-3,-3.5999999999999999E-3]
["Law360",null,null,null,"May 18, 2019","Mono High Eff / PERC Module in China ",0.27,0.24,0.251,-1E-3,-4.0000000000000001E-3]
["Minnesota's solar program sees opposition despite popularity",null,null,null,null,"ThinFilm Solar Module ",0.33,0.23,0.248,0,0]
["Minneapolis Star Tribune",null,null,null,"May 18, 2019","US Multi Solar Module","Visit here for more detail module price information"]
["Walmart in big solar power deal",null,null,null,null,"Mono Silicon Solar Module","Visit here for more detail module price information"]
["Chain Store AgeUMN News",null,null,null,"May 18, 2019","India Poly Module","Visit here for more detail module price information"]
["Solar Panel Art Series Unveils The Exclusive Transition Edition In ...",null,null,null,null,"Unit: USD / Watt ","more",null,"Last Update: 2019-05-15"]
["CleanTechnica",null,null,null,"May 18, 2019","All Spot Prices are Tax excluded and updated on Wednesday "]
["Last Update: 2019-May- 19 14:00 (GMT+8)"]
["Price Methodology","Terms of Use","Privacy Policy ","About Us ","Contact Us ","Site Map"]
["Copyright © 2019 PVinsights.com All rights reserved"]

{"sheet":"pvinsights 27 06 19","index":43,"n_rows":53,"n_cols":13,"rows_kept":53,"cut":false,"hidden":false,"merged":[[4,11,13,11],[23,8,23,10],[32,6,32,10],[33,6,33,10],[34,6,34,7],[34,8,34,10],[23,6,23,7],[8,6,8,9],[9,6,9,9],[10,6,10,7],[10,8,10,10],[20,6,20,10],[48,0,48,4],[49,0,49,3],[44,6,44,10],[50,0,50,4],[18,0,19,4],[21,6,21,10],[22,6,22,10],[49,5,49,10],[50,5,50,10],[45,6,45,10],[46,6,46,10],[47,6,47,7],[47,8,47,10],[48,5,48,10],[43,0,43,3],[44,0,44,4],[45,0,45,3],[46,0,46,4],[47,0,47,3],[38,0,38,4],[39,0,39,3],[40,0,40,4],[41,0,41,3],[42,0,42,4],[33,0,33,3],[34,0,34,4],[35,0,35,3],[36,0,36,4],[37,0,37,3],[28,0,28,4],[29,0,29,3],[30,0,30,4],[31,0,31,3],[32,0,32,4],[23,0,23,3],[24,0,24,4],[25,0,25,3],[26,0,26,4],[27,0,27,3],[17,0,17,1],[7,0,7,2],[20,0,20,4],[21,0,21,3],[22,0,22,4],[12,0,12,2],[13,0,13,1],[14,0,14,2],[15,0,15,1],[16,0,16,2],[4,0,5,4],[8,0,8,2],[9,0,9,1],[10,0,10,2],[11,0,11,1]]}
[null,"Login","Register","Member Center"]
[]
["Home","Why Solar","Retailer Price","Contract Price","Inverter Price","Weekly Snapshots","Price Download","Monthly Insights","Weekly Forecast","Price Forecast","Premier Insights","Premier Data","Advertising"]
[null,null,null,null,null,"PV Poly Silicon Weekly Spot Price"]
["The US 2018 AD & CVD Sunset Reviews",null,null,null,null,"Item ","High ","Low ","Average ","AvgChg ","AvgChg% "]
[null,null,null,null,null,"PV Grade PolySilicon (9N/9N+) ",10,7.3,8.14,-0.02,-2.5000000000000001E-3]
[null,null,null,null,null,"2nd Grade PolySilicon (6N-8N) ",7.6,5.7,6,-0.02,-3.3E-3]
["Solar PV Corporate News Release",null,null,null,null,"PV Mono Grade PolySilicon in China (11N/11N+) ",10,9,9.35,0,0]
["CANADIAN SOLAR REPORTS FIRST QUARTER 2019 RESULTS",null,null,null,null,"PV Grade PolySilicon in China (9N/9N+) ","Visit here for more Poly-Si price",null,null,null,"%"]
["CanadianSol",null,"May 30, 2019",null,null,"PV Grade PolySilicon Outside China (9N/9N+) ","Visit here for more Poly-Si price",null,null,null,"%"]
["SunPower Reports First Quarter 2019 Results",null,null,null,null,"Unit: USD/Kg ","more",null,"Last Update: 2019-06-26"]
["Sunpower",null,"May 10, 2019",null,null,"Definition of PV Grade: Poly silicon chunk with high purity can be directly produced to Solar PV Ingots / Bricks"]
["First Solar, Inc. Announces First Quarter 2019 Financial Results",null,null,null,null,"Definition of 2nd Grade: Poly silicon chunk must be mixed with high purity polysilicon, when producing Solar PV Ingots / Bricks."]
["First Solar",null,"May 03, 2019",null,null,"PolySilicon Price In China: The Price is surveyed by RMB term with Tax and then shown in USD term without 13% of VAT after Apri 1, 2019, 16% of VAT after May 1, 2018 and 17% of VAT before May 1, 2018."]
["JinkoSolar Announces Fourth Quarter and Full Year 2018 Financial Results",null,null,null,null,"Solar PV Wafer Weekly Spot Price "]
["JinkoSolar",null,"Mar 22, 2019",null,null,"Item ","High ","Low ","Average ","AvgChg ","AvgChg% "]
["Canadian Solar Reports Fourth Quarter and Full Year 2018 Results",null,null,null,null,"156 mm Multi Solar Wafer ",0.28000000000000003,0.25,0.25800000000000001,-2E-3,-7.7000000000000002E-3]
["CanadianSola",null,"Mar 21, 2019",null,null,"156 mm High Eff Multi Solar Wafer ",0.28000000000000003,0.25,0.25800000000000001,-2E-3,-7.7000000000000002E-3]
["Latest Solar PV News",null,null,null,null,"156 mm Mono Solar Wafer ",0.43,0.37,0.39200000000000002,-2E-3,-5.1000000000000004E-3]
[null,null,null,null,null,"158.75 / 161.75mm Mono Wafer ",0.46,0.41,0.42699999999999999,-3.0000000000000001E-3,-7.0000000000000001E-3]
["The Lightyear One 'Solar Car' Is Amazing But Isn't Quite What You ...",null,null,null,null,"156 mm Multi Wafer Outside China","Visit here for more detail wafer price information"]
["Jalopnik",null,null,null,"Jun 27, 2019","156mm DiamondWire Poly Wafer","Visit here for more detail wafer price information"]
["Dutch company develops partly solar powered car",null,null,null,null,"156 mm N-Mono Wafer","Visit here for more detail"]
["CNN",null,null,null,"Jun 27, 2019","Unit: USD ","more",null,"Last Update: 2019-06-26"]
["Tufts University Adds New Solar Energy Systems",null,null,null,null,"Wafer Prices In China: The Prices are surveyed by RMB term with Tax and then shown in USD term without 13% of VAT after April 1, 2019, 16% of VAT after May 1, 2018 and 17% of VAT before May 1, 2018."]
["Renewable Energy Magazine (press release)",null,null,null,"Jun 27, 2019","Solar PV Cell Weekly Spot Price "]
["Tufts adds new solar energy systems, expands its commitment to ...",null,null,null,null,"Item ","High ","Low ","Average ","AvgChg ","AvgChg % "]
["Tufts Now",null,null,null,"Jun 27, 2019","Multi Cell Price ",0.13500000000000001,9.5000000000000001E-2,0.111,-1E-3,-8.8999999999999999E-3]
["The reality behind solar power's next star material",null,null,null,null,"Non China Poly Cell ",0.14000000000000001,0.1,0.111,-1E-3,-8.8999999999999999E-3]
["Nature.com",null,null,null,"Jun 27, 2019","Poly PERC Cell ",0.13500000000000001,0.11,0.12,-1E-3,-8.3000000000000001E-3]
["There's a looming waste crisis from Australia's solar energy boom",null,null,null,null,"Non China Poly PERC Cell ",0.13500000000000001,0.12,0.129,-1E-3,-7.7000000000000002E-3]
["The Conversation AU",null,null,null,"Jun 27, 2019","158.75/161.75mm Mono PERC Cell ",0.18,0.15,0.154,-5.0000000000000001E-3,-3.1399999999999997E-2]
["Charge your phone with solar power as a first step to going green",null,null,null,null,"China Poly Cell Per Watt ","Visit here for more detail Cell price information"]
["CNET",null,null,null,"Jun 27, 2019","Non (TW or CN) Poly Cell Per Watt","Visit here for more detail Cell price information"]
["Governor signs renewable energy and climate change bills into law",null,null,null,null,"Unit: USD / Watt","more",null,"Last Update: 2019-06-26"]
["WAGM",null,null,null,"Jun 27, 2019","High Efficency Mono PERC Cell: The Prices are mainly represented to solar cells for 21.8% efficiency with less than 1.5% of CTM efficiency lost or 22.0% with less than 2% of CTM efficiency lost."]
["Maine governor signs sweeping renewable energy bills",null,null,null,null,"Solar PV Module Weekly Spot Price "]
["WMTW Portland",null,null,null,"Jun 27, 2019","Item ","High ","Low ","Average ","AvgChg ","AvgChg % "]
["Mills signs 3 bills to boost renewable energy in Maine",null,null,null,null,"Poly Solar Module ",0.31,0.2,0.214,-1E-3,-4.7000000000000002E-3]
["Kennebec Journal & Morning Sentinel",null,null,null,"Jun 27, 2019","Poly Module in China ",0.24,0.2,0.21199999999999999,-1E-3,-4.7000000000000002E-3]
["Southern states lead 2019's stock market solar rally",null,null,null,null,"Poly High Eff / PERC Module ",0.35,0.22500000000000001,0.252,-2E-3,-7.9000000000000008E-3]
["Axios",null,null,null,"Jun 27, 2019","Mono High Eff / PERC Module ",0.4,0.24,0.27200000000000002,-2E-3,-7.3000000000000001E-3]
["Ghana considers use of solar energy at airports",null,null,null,null,"Mono High Eff / PERC Module in China ",0.27,0.24,0.249,-1E-3,-4.0000000000000001E-3]
["Myjoyonline.com",null,null,null,"Jun 27, 2019","ThinFilm Solar Module ",0.33,0.23,0.248,-1E-3,-4.0000000000000001E-3]
["Renewables surpassed coal for power production in April for first time",null,null,null,null,"US Multi Solar Module","Visit here for more detail module price information"]
["Chron.com",null,null,null,"Jun 27, 2019","Mono Silicon Solar Module","Visit here for more detail module price information"]
["UK wind, solar 'hit Q1 high'",null,null,null,null,"India Poly Module","Visit here for more detail module price information"]
["reNEWS",null,null,null,"Jun 27, 2019","Unit: USD / Watt ","more",null,"Last Update: 2019-06-26"]
["Renewable energy exceeded coal-fired generation in April",null,null,null,null,"All Spot Prices are Tax excluded and updated on Wednesday "]
["talkbusiness.net",null,null,null,"Jun 27, 2019"]
["Last Update: 2019-Jun- 27 23:00 (GMT+8)"]
["Price Methodology","Terms of Use","Privacy Policy ","About Us ","Contact Us ","Site Map"]
["Copyright © 2019 PVinsights.com All rights reserved"]

{"sheet":"pvinsights 12 08 19","index":44,"n_rows":53,"n_cols":13,"rows_kept":53,"cut":false,"hidden":false,"merged":[[4,0,5,4],[8,0,8,2],[9,0,9,1],[10,0,10,2],[11,0,11,1],[17,0,17,1],[7,0,7,2],[20,0,20,4],[21,0,21,3],[22,0,22,4],[12,0,12,2],[13,0,13,1],[14,0,14,2],[15,0,15,1],[16,0,16,2],[23,0,23,3],[24,0,24,4],[25,0,25,3],[26,0,26,4],[27,0,27,3],[28,0,28,4],[29,0,29,3],[30,0,30,4],[31,0,31,3],[32,0,32,4],[33,0,33,3],[34,0,34,4],[35,0,35,3],[36,0,36,4],[37,0,37,3],[45,0,45,3],[46,0,46,4],[47,0,47,3],[38,0,38,4],[39,0,39,3],[40,0,40,4],[41,0,41,3],[42,0,42,4],[48,0,48,4],[49,0,49,3],[44,6,44,10],[50,0,50,4],[18,0,19,4],[21,6,21,10],[22,6,22,10],[49,5,49,10],[50,5,50,10],[45,6,45,10],[46,6,46,10],[47,6,47,7],[47,8,47,10],[48,5,48,10],[43,0,43,3],[44,0,44,4],[4,11,13,11],[23,8,23,10],[32,6,32,10],[33,6,33,10],[34,6,34,7],[34,8,34,10],[23,6,23,7],[8,6,8,9],[9,6,9,9],[10,6,10,7],[10,8,10,10],[20,6,20,10]]}
[null,"Login","Register","Member Center"]
[]
["Home","Why Solar","Retailer Price","Contract Price","Inverter Price","Weekly Snapshots","Price Download","Monthly Insights","Weekly Forecast","Price Forecast","Premier Insights","Premier Data","Advertising"]
[null,null,null,null,null,"PV Poly Silicon Weekly Spot Price"]
["The US 2018 AD & CVD Sunset Reviews",null,null,null,null,"Item ","High ","Low ","Average ","AvgChg ","AvgChg% "]
[null,null,null,null,null,"PV Grade PolySilicon (9N/9N+) ",10,6.95,7.92,-0.11,-1.37E-2]
[null,null,null,null,null,"2nd Grade PolySilicon (6N-8N) ",7.6,5.45,5.76,-0.13,-2.2100000000000002E-2]
["Solar PV Corporate News Release",null,null,null,null,"PV Mono Grade PolySilicon in China (11N/11N+) ",10,8.9,9.25,-0.1,-1.0699999999999999E-2]
["JinkoSolar Announces First Quarter 2019 Financial Results",null,null,null,null,"PV Grade PolySilicon in China (9N/9N+) ","Visit here for more Poly-Si price",null,null,null,"%"]
["JinkoSolar",null,"2019-06-28",null,null,"PV Grade PolySilicon Outside China (9N/9N+) ","Visit here for more Poly-Si price",null,null,null,"%"]
["CANADIAN SOLAR REPORTS FIRST QUARTER 2019 RESULTS",null,null,null,null,"Unit: USD/Kg ","more",null,"Last Update: 2019-08-07"]
["CanadianSol",null,"2019-05-30",null,null,"Definition of PV Grade: Poly silicon chunk with high purity can be directly produced to Solar PV Ingots / Bricks"]
["SunPower Reports First Quarter 2019 Results",null,null,null,null,"Definition of 2nd Grade: Poly silicon chunk must be mixed with high purity polysilicon, when producing Solar PV Ingots / Bricks."]
["Sunpower",null,"2019-05-10",null,null,"PolySilicon Price In China: The Price is surveyed by RMB term with Tax and then shown in USD term without 13% of VAT after Apri 1, 2019, 16% of VAT after May 1, 2018 and 17% of VAT before May 1, 2018."]
["First Solar, Inc. Announces First Quarter 2019 Financial Results",null,null,null,null,"Solar PV Wafer Weekly Spot Price "]
["First Solar",null,"2019-05-03",null,null,"Item ","High ","Low ","Average ","AvgChg ","AvgChg% "]
["JinkoSolar Announces Fourth Quarter and Full Year 2018 Financial Results",null,null,null,null,"156 mm Multi Solar Wafer ",0.26,0.23499999999999999,0.24399999999999999,-4.0000000000000001E-3,-1.61E-2]
["JinkoSolar",null,"2019-03-22",null,null,"156 mm High Eff Multi Solar Wafer ",0.26,0.23499999999999999,0.24399999999999999,-4.0000000000000001E-3,-1.61E-2]
["Latest Solar PV News",null,null,null,null,"156 mm Mono Solar Wafer ",0.43,0.37,0.38900000000000001,-3.0000000000000001E-3,-7.7000000000000002E-3]
[null,null,null,null,null,"158.75 / 161.75mm Mono Wafer ",0.46,0.4,0.42399999999999999,-3.0000000000000001E-3,-7.0000000000000001E-3]
["Recto eyes solar panels in all govt buildings",null,null,null,null,"156 mm Multi Wafer Outside China","Visit here for more detail wafer price information"]
["The Manila Times",null,null,null,"2019-08-13","156mm DiamondWire Poly Wafer","Visit here for more detail wafer price information"]
["Frankston's Biggest Solar Power Project Complete",null,null,null,null,"156 mm N-Mono Wafer","Visit here for more detail"]
["Solar Quotes (blog)",null,null,null,"2019-08-13","Unit: USD ","more",null,"Last Update: 2019-08-07"]
["Solar now 'cheaper than grid electricity' in every Chinese city, study ...",null,null,null,null,"Wafer Prices In China: The Prices are surveyed by RMB term with Tax and then shown in USD term without 13% of VAT after April 1, 2019, 16% of VAT after May 1, 2018 and 17% of VAT before May 1, 2018."]
["Carbon Brief",null,null,null,"2019-08-13","Solar PV Cell Weekly Spot Price "]
["Ralphs Installs Solar Panels at Automated Distribution Center",null,null,null,null,"Item ","High ","Low ","Average ","AvgChg ","AvgChg % "]
["Progressive Grocer",null,null,null,"2019-08-13","Multi Cell Price ",0.13500000000000001,0.09,0.10199999999999999,-2E-3,-1.9199999999999998E-2]
["Ralphs Completes Solar Power Installation At 555000-Square-Foot ...",null,null,null,null,"Poly PERC Cell ",0.15,0.105,0.112,-2E-3,-1.7500000000000002E-2]
["MarketWatch",null,null,null,"2019-08-13","Mono PERC Cell ",0.18,0.11,0.122,-4.0000000000000001E-3,-3.1699999999999999E-2]
["Kroger in largest solar energy project yet",null,null,null,null,"China Mono PERC Cell ",0.15,0.11,0.11600000000000001,-4.0000000000000001E-3,-3.3300000000000003E-2]
["Chain Store Age",null,null,null,"2019-08-13","158.75/161.75mm Mono PERC Cell ",0.185,0.115,0.126,-4.0000000000000001E-3,-3.0800000000000001E-2]
["State firms' solar energy program to cost $1b",null,null,null,null,"China Poly Cell Per Watt ","Visit here for more detail Cell price information"]
["Jakarta Post",null,null,null,"2019-08-13","Non (TW or CN) Poly Cell Per Watt","Visit here for more detail Cell price information"]
["How To Have Solar Power And Eat, Too",null,null,null,null,"Unit: USD / Watt","more",null,"Last Update: 2019-08-07"]
["WFYI",null,null,null,"2019-08-13","High Efficency Mono PERC Cell: The Prices are mainly represented to solar cells for 21.8% efficiency with less than 1.5% of CTM efficiency lost or 22.0% with less than 2% of CTM efficiency lost."]
["Christopher Hayes '19 Researches Solar Energy at Brookhaven ...",null,null,null,null,"Solar PV Module Weekly Spot Price "]
["Stony Brook News (press release)",null,null,null,"2019-08-13","Item ","High ","Low ","Average ","AvgChg ","AvgChg % "]
["Vattenfall commits to Dutch hybrid play",null,null,null,null,"Poly Solar Module ",0.3,0.19,0.20699999999999999,-1E-3,-4.7999999999999996E-3]
["reNEWS",null,null,null,"2019-08-13","Poly Module in China ",0.24,0.19,0.20399999999999999,-3.0000000000000001E-3,-1.4500000000000001E-2]
["Vattenfall to build large scale wind-solar-storage plant in the ...",null,null,null,null,"Poly High Eff / PERC Module ",0.34,0.215,0.24299999999999999,-1E-3,-4.1000000000000003E-3]
["pv magazine International",null,null,null,"2019-08-13","Mono High Eff / PERC Module ",0.39,0.23499999999999999,0.26,-1E-3,-3.8E-3]
["Vattenfall combines wind, solar, batteries in Netherlands energy park",null,null,null,null,"Mono High Eff / PERC Module in China ",0.26,0.23499999999999999,0.23899999999999999,-2E-3,-8.3000000000000001E-3]
["Electric Light & Power",null,null,null,"2019-08-13","ThinFilm Solar Module ",0.33,0.23,0.245,0,0]
["Northam announces solar installations at 3 state facilities",null,null,null,null,"US Multi Solar Module","Visit here for more detail module price information"]
["Prince William Times",null,null,null,"2019-08-13","Mono Silicon Solar Module","Visit here for more detail module price information"]
["Lithuania boosts solar power funding to 18 million euro",null,null,null,null,"India Poly Module","Visit here for more detail module price information"]
["TheMayorEU (press release)",null,null,null,"2019-08-13","Unit: USD / Watt ","more",null,"Last Update: 2019-08-07"]
["Amazon announces new renewable energy projects in the US and ...",null,null,null,null,"All Spot Prices are Tax excluded and updated on Wednesday "]
["CNBC",null,null,null,"2019-08-12"]
["Last Update: 2019-Aug- 13 07:01 (GMT+8)"]
["Price Methodology","Terms of Use","Privacy Policy ","About Us ","Contact Us ","Site Map"]
["Copyright © 2019 PVinsights.com All rights reserved"]

{"sheet":"pvinsights 07 09 19","index":45,"n_rows":53,"n_cols":13,"rows_kept":53,"cut":false,"hidden":false,"merged":[[4,11,13,11],[23,8,23,10],[32,6,32,10],[33,6,33,10],[34,6,34,7],[34,8,34,10],[23,6,23,7],[8,6,8,9],[9,6,9,9],[10,6,10,7],[10,8,10,10],[20,6,20,10],[48,0,48,4],[49,0,49,3],[44,6,44,10],[50,0,50,4],[18,0,19,4],[21,6,21,10],[22,6,22,10],[49,5,49,10],[50,5,50,10],[45,6,45,10],[46,6,46,10],[47,6,47,7],[47,8,47,10],[48,5,48,10],[43,0,43,3],[44,0,44,4],[45,0,45,3],[46,0,46,4],[47,0,47,3],[38,0,38,4],[39,0,39,3],[40,0,40,4],[41,0,41,3],[42,0,42,4],[33,0,33,3],[34,0,34,4],[35,0,35,3],[36,0,36,4],[37,0,37,3],[28,0,28,4],[29,0,29,3],[30,0,30,4],[31,0,31,3],[32,0,32,4],[23,0,23,3],[24,0,24,4],[25,0,25,3],[26,0,26,4],[27,0,27,3],[17,0,17,1],[7,0,7,2],[20,0,20,4],[21,0,21,3],[22,0,22,4],[12,0,12,2],[13,0,13,1],[14,0,14,2],[15,0,15,1],[16,0,16,2],[4,0,5,4],[8,0,8,2],[9,0,9,1],[10,0,10,2],[11,0,11,1]]}
[null,"Login","Register","Member Center"]
[]
["Home","Why Solar","Retailer Price","Contract Price","Inverter Price","Weekly Snapshots","Price Download","Monthly Insights","Weekly Forecast","Price Forecast","Premier Insights","Premier Data","Advertising"]
[null,null,null,null,null,"PV Poly Silicon Weekly Spot Price"]
["The US 2018 AD & CVD Sunset Reviews",null,null,null,null,"Item ","High ","Low ","Average ","AvgChg ","AvgChg% "]
[null,null,null,null,null,"PV Grade PolySilicon (9N/9N+) ",9.6999999999999993,6.85,7.66,-0.1,-1.29E-2]
[null,null,null,null,null,"2nd Grade PolySilicon (6N-8N) ",7.35,5.35,5.58,-0.05,-8.8999999999999999E-3]
["Solar PV Corporate News Release",null,null,null,null,"PV Mono Grade PolySilicon in China (11N/11N+) ",9.6999999999999993,8.8000000000000007,8.9499999999999993,-0.15,-1.6500000000000001E-2]
["JinkoSolar Announces First Quarter 2019 Financial Results",null,null,null,null,"PV Grade PolySilicon in China (9N/9N+) ","Visit here for more Poly-Si price",null,null,null,"%"]
["JinkoSolar",null,"2019-06-28",null,null,"PV Grade PolySilicon Outside China (9N/9N+) ","Visit here for more Poly-Si price",null,null,null,"%"]
["CANADIAN SOLAR REPORTS FIRST QUARTER 2019 RESULTS",null,null,null,null,"Unit: USD/Kg ","more",null,"Last Update: 2019-09-04"]
["CanadianSol",null,"2019-05-30",null,null,"Definition of PV Grade: Poly silicon chunk with high purity can be directly produced to Solar PV Ingots / Bricks"]
["SunPower Reports First Quarter 2019 Results",null,null,null,null,"Definition of 2nd Grade: Poly silicon chunk must be mixed with high purity polysilicon, when producing Solar PV Ingots / Bricks."]
["Sunpower",null,"2019-05-10",null,null,"PolySilicon Price In China: The Price is surveyed by RMB term with Tax and then shown in USD term without 13% of VAT after Apri 1, 2019, 16% of VAT after May 1, 2018 and 17% of VAT before May 1, 2018."]
["First Solar, Inc. Announces First Quarter 2019 Financial Results",null,null,null,null,"Solar PV Wafer Weekly Spot Price "]
["First Solar",null,"2019-05-03",null,null,"Item ","High ","Low ","Average ","AvgChg ","AvgChg% "]
["JinkoSolar Announces Fourth Quarter and Full Year 2018 Financial Results",null,null,null,null,"156 mm Multi Solar Wafer ",0.25,0.22500000000000001,0.23200000000000001,-2E-3,-8.5000000000000006E-3]
["JinkoSolar",null,"2019-03-22",null,null,"156 mm High Eff Multi Solar Wafer ",0.25,0.22500000000000001,0.23200000000000001,-2E-3,-8.5000000000000006E-3]
["Latest Solar PV News",null,null,null,null,"156 mm Mono Solar Wafer ",0.43,0.35499999999999998,0.379,-3.0000000000000001E-3,-7.9000000000000008E-3]
[null,null,null,null,null,"158.75 / 161.75mm Mono Wafer ",0.46,0.39,0.41899999999999998,0,0]
["The Age of Solar Energy Abundance Is Coming in Hot",null,null,null,null,"156 mm Multi Wafer Outside China","Visit here for more detail wafer price information"]
["Singularity Hub",null,null,null,"2019-09-07","156mm DiamondWire Poly Wafer","Visit here for more detail wafer price information"]
["Renewable energy surges as power emissions keep rising: UN",null,null,null,null,"156 mm N-Mono Wafer","Visit here for more detail"]
["Yahoo NewsPV-Tech",null,null,null,"2019-09-07","Unit: USD ","more",null,"Last Update: 2019-09-04"]
["Solar energy: India needs a globally competitive solar panel industry",null,null,null,null,"Wafer Prices In China: The Prices are surveyed by RMB term with Tax and then shown in USD term without 13% of VAT after April 1, 2019, 16% of VAT after May 1, 2018 and 17% of VAT before May 1, 2018."]
["Financial Express",null,null,null,"2019-09-07","Solar PV Cell Weekly Spot Price "]
["UN headquarters get solar panel on its roof as a gift from India",null,null,null,null,"Item ","High ","Low ","Average ","AvgChg ","AvgChg % "]
["New Delhi Times",null,null,null,"2019-09-07","Multi Cell Price ",0.13,0.09,9.9000000000000005E-2,1E-3,1.0200000000000001E-2]
["¡§A Gift From India¡¨: United Nations Office In US Gets Solar Panels",null,null,null,null,"Poly PERC Cell ",0.14499999999999999,0.105,0.11,2E-3,1.8499999999999999E-2]
["Herald Publicist",null,null,null,"2019-09-07","Mono PERC Cell ",0.18,0.11,0.11799999999999999,3.0000000000000001E-3,2.6100000000000002E-2]
["India Gifts Solar Panels To United Nations Headquarters In New ...",null,null,null,null,"China Mono PERC Cell ",0.14000000000000001,0.11,0.113,3.0000000000000001E-3,2.7300000000000001E-2]
["India Times",null,null,null,"2019-09-07","158.75/161.75mm Mono PERC Cell ",0.185,0.115,0.123,3.0000000000000001E-3,2.5000000000000001E-2]
["\"A Gift From India\": UN Headquarters Gets Solar Panels On Its Roof",null,null,null,null,"China Poly Cell Per Watt ","Visit here for more detail Cell price information"]
["NDTV",null,null,null,"2019-09-07","Non (TW or CN) Poly Cell Per Watt","Visit here for more detail Cell price information"]
["Why Solar Execs Say the Game Is Already Over for Non-Renewable ...",null,null,null,null,"Unit: USD / Watt","more",null,"Last Update: 2019-09-04"]
["Fortune",null,null,null,"2019-09-07","High Efficency Mono PERC Cell: The Prices are mainly represented to solar cells for 21.8% efficiency with less than 1.5% of CTM efficiency lost or 22.0% with less than 2% of CTM efficiency lost."]
["CleanChoice Energy, Hartz Solar open 1.9MW of community solar ...",null,null,null,null,"Solar PV Module Weekly Spot Price "]
["Maryland Daily Record",null,null,null,"2019-09-07","Item ","High ","Low ","Average ","AvgChg ","AvgChg % "]
["Crops under solar panels can be a win-win",null,null,null,null,"Poly Solar Module ",0.3,0.19,0.20200000000000001,-1E-3,-4.8999999999999998E-3]
["Ars Technica",null,null,null,"2019-09-07","Poly Module in China ",0.24,0.19,0.2,0,0]
["Gibson Farms moves to renewable energy",null,null,null,null,"Poly High Eff / PERC Module ",0.34,0.21,0.23699999999999999,-1E-3,-4.1999999999999997E-3]
["Benitolink: San Benito County News",null,null,null,"2019-09-07","Mono High Eff / PERC Module ",0.39,0.22,0.251,-2E-3,-7.9000000000000008E-3]
["The Zacks Analyst Blog Highlights: First Solar, Enviva, Renewable ...",null,null,null,null,"Mono High Eff / PERC Module in China ",0.26,0.22,0.22900000000000001,-1E-3,-4.3E-3]
["Yahoo FinanceInsideClimate News",null,null,null,"2019-09-07","ThinFilm Solar Module ",0.33,0.23,0.24299999999999999,0,0]
["Australia has met its renewable energy target. But don't pop the ...",null,null,null,null,"US Multi Solar Module","Visit here for more detail module price information"]
["The Conversation AU",null,null,null,"2019-09-07","Mono Silicon Solar Module","Visit here for more detail module price information"]
["Global Renewable Energy Has Quadrupled Over the Past Decade",null,null,null,null,"India Poly Module","Visit here for more detail module price information"]
["Truthout",null,null,null,"2019-09-07","Unit: USD / Watt ","more",null,"Last Update: 2019-09-04"]
["Solar, energy storage, renewables: Where do the top Democratic ...",null,null,null,null,"All Spot Prices are Tax excluded and updated on Wednesday "]
["PV-TechTech Xplore",null,null,null,"2019-09-07"]
["Last Update: 2019-Sep- 08 07:02 (GMT+8)"]
["Price Methodology","Terms of Use","Privacy Policy ","About Us ","Contact Us ","Site Map"]
["Copyright © 2019 PVinsights.com All rights reserved"]

{"sheet":"pvinsights 24 11 19","index":46,"n_rows":53,"n_cols":13,"rows_kept":53,"cut":false,"hidden":false,"merged":[[4,0,5,4],[8,0,8,2],[9,0,9,1],[10,0,10,2],[11,0,11,1],[17,0,17,1],[7,0,7,2],[20,0,20,4],[21,0,21,3],[22,0,22,4],[12,0,12,2],[13,0,13,1],[14,0,14,2],[15,0,15,1],[16,0,16,2],[23,0,23,3],[24,0,24,4],[25,0,25,3],[26,0,26,4],[27,0,27,3],[28,0,28,4],[29,0,29,3],[30,0,30,4],[31,0,31,3],[32,0,32,4],[33,0,33,3],[34,0,34,4],[35,0,35,3],[36,0,36,4],[37,0,37,3],[45,0,45,3],[46,0,46,4],[47,0,47,3],[38,0,38,4],[39,0,39,3],[40,0,40,4],[41,0,41,3],[42,0,42,4],[48,0,48,4],[49,0,49,3],[44,6,44,10],[50,0,50,4],[18,0,19,4],[21,6,21,10],[22,6,22,10],[49,5,49,10],[50,5,50,10],[45,6,45,10],[46,6,46,10],[47,6,47,7],[47,8,47,10],[48,5,48,10],[43,0,43,3],[44,0,44,4],[4,11,13,11],[23,8,23,10],[32,6,32,10],[33,6,33,10],[34,6,34,7],[34,8,34,10],[23,6,23,7],[8,6,8,9],[9,6,9,9],[10,6,10,7],[10,8,10,10],[20,6,20,10]]}
[null,"Login","Register","Member Center"]
[]
["Home","Why Solar","Retailer Price","Contract Price","Inverter Price","Weekly Snapshots","Price Download","Monthly Insights","Weekly Forecast","Price Forecast","Premier Insights","Premier Data","Advertising"]
[null,null,null,null,null,"PV Poly Silicon Weekly Spot Price"]
["The US 2018 AD & CVD Sunset Reviews",null,null,null,null,"Item ","High ","Low ","Average ","AvgChg ","AvgChg% "]
[null,null,null,null,null,"PV Grade PolySilicon (9N/9N+) ",9.6999999999999993,6.75,7.5,-0.03,-4.0000000000000001E-3]
[null,null,null,null,null,"2nd Grade PolySilicon (6N-8N) ",7.35,5.15,5.46,-0.03,-5.4999999999999997E-3]
["Solar PV Corporate News Release",null,null,null,null,"PV Mono Grade PolySilicon in China (11N/11N+) ",9.6999999999999993,8.5,8.68,-0.03,-3.3999999999999998E-3]
["JinkoSolar Announces First Quarter 2019 Financial Results",null,null,null,null,"PV Grade PolySilicon in China (9N/9N+) ","Visit here for more Poly-Si price",null,null,null,"%"]
["JinkoSolar",null,"2019-06-28",null,null,"PV Grade PolySilicon Outside China (9N/9N+) ","Visit here for more Poly-Si price",null,null,null,"%"]
["CANADIAN SOLAR REPORTS FIRST QUARTER 2019 RESULTS",null,null,null,null,"Unit: USD/Kg ","more",null,"Last Update: 2019-11-20"]
["CanadianSol",null,"2019-05-30",null,null,"Definition of PV Grade: Poly silicon chunk with high purity can be directly produced to Solar PV Ingots / Bricks"]
["SunPower Reports First Quarter 2019 Results",null,null,null,null,"Definition of 2nd Grade: Poly silicon chunk must be mixed with high purity polysilicon, when producing Solar PV Ingots / Bricks."]
["Sunpower",null,"2019-05-10",null,null,"PolySilicon Price In China: The Price is surveyed by RMB term with Tax and then shown in USD term without 13% of VAT after Apri 1, 2019, 16% of VAT after May 1, 2018 and 17% of VAT before May 1, 2018."]
["First Solar, Inc. Announces First Quarter 2019 Financial Results",null,null,null,null,"Solar PV Wafer Weekly Spot Price "]
["First Solar",null,"2019-05-03",null,null,"Item ","High ","Low ","Average ","AvgChg ","AvgChg% "]
["JinkoSolar Announces Fourth Quarter and Full Year 2018 Financial Results",null,null,null,null,"156 mm Multi Solar Wafer ",0.25,0.2,0.21199999999999999,-0.01,-4.4999999999999998E-2]
["JinkoSolar",null,"2019-03-22",null,null,"156 mm High Eff Multi Solar Wafer ",0.25,0.21,0.218,-4.0000000000000001E-3,-1.7999999999999999E-2]
["Latest Solar PV News",null,null,null,null,"156 mm Mono Solar Wafer ",0.42,0.35,0.37,-1E-3,-2.7000000000000001E-3]
[null,null,null,null,null,"158.75 / 161.75mm Mono Wafer ",0.45,0.38,0.40400000000000003,-1E-3,-2.5000000000000001E-3]
["Ouachita Electric's Mark Cayce Says Power Lines Drawn for Solar ...",null,null,null,null,"156 mm Multi Wafer Outside China","Visit here for more detail wafer price information"]
["Arkansas Business Online",null,null,null,"2019-11-18","156mm DiamondWire Poly Wafer","Visit here for more detail wafer price information"]
["Renewable power will grow 50% in next 5 years, IEA says",null,null,null,null,"156 mm N-Mono Wafer","Visit here for more detail"]
["CBC.ca",null,null,null,"2019-11-18","Unit: USD ","more",null,"Last Update: 2019-11-20"]
["Renewable capacity set for 50% growth over next few years, IEA says",null,null,null,null,"Wafer Prices In China: The Prices are surveyed by RMB term with Tax and then shown in USD term without 13% of VAT after April 1, 2019, 16% of VAT after May 1, 2018 and 17% of VAT before May 1, 2018."]
["CNBC",null,null,null,"2019-11-18","Solar PV Cell Weekly Spot Price "]
["US Solar Panel Prices Continue Dropping, Solar+Storage ...",null,null,null,null,"Item ","High ","Low ","Average ","AvgChg ","AvgChg % "]
["CleanTechnica",null,null,null,"2019-11-18","Multi Cell Price ",0.125,0.08,8.5000000000000006E-2,-4.0000000000000001E-3,-4.4900000000000002E-2]
["Delaware's legislative baby steps towards a renewable future",null,null,null,null,"Poly PERC Cell ",0.14000000000000001,9.5000000000000001E-2,0.104,-3.0000000000000001E-3,-2.8000000000000001E-2]
["University of Delaware Review",null,null,null,"2019-11-18","Mono PERC Cell ",0.17,0.11,0.12,4.0000000000000001E-3,3.4500000000000003E-2]
["Renewable Energy Holds Huge Potential to Replace Fossil Fuels ...",null,null,null,null,"China Mono PERC Cell ",0.14000000000000001,0.11,0.11899999999999999,4.0000000000000001E-3,3.4799999999999998E-2]
["Via News Agency",null,null,null,"2019-11-18","158.75/161.75mm Mono PERC Cell ",0.17499999999999999,0.115,0.123,2E-3,1.6500000000000001E-2]
["Storage for advanced concentrated solar power (CSP) plants",null,null,null,null,"China Poly Cell Per Watt ","Visit here for more detail Cell price information"]
["REVE (press release)",null,null,null,"2019-11-18","Non (TW or CN) Poly Cell Per Watt","Visit here for more detail Cell price information"]
["Airport Solar Power Market Research Report (2019-2025): SWOT ...",null,null,null,null,"Unit: USD / Watt","more",null,"Last Update: 2019-11-20"]
["The Connect Report",null,null,null,"2019-11-18","High Efficency Mono PERC Cell: The Prices are mainly represented to solar cells for 21.8% efficiency with less than 1.5% of CTM efficiency lost or 22.0% with less than 2% of CTM efficiency lost."]
["Scientists plan to capture energy from Solar Panel waste",null,null,null,null,"Solar PV Module Weekly Spot Price "]
["ELE Times (press release)",null,null,null,"2019-11-18","Item ","High ","Low ","Average ","AvgChg ","AvgChg % "]
["Yemenis seek solar energy in response to supply shortage",null,null,null,null,"Poly Solar Module ",0.3,0.18,0.19400000000000001,-1E-3,-5.1000000000000004E-3]
["The Daily Star",null,null,null,"2019-11-18","Poly Module in China ",0.24,0.18,0.19400000000000001,-1E-3,-5.1000000000000004E-3]
["How the humble chairlift could revolutionize renewable energy",null,null,null,null,"Poly High Eff / PERC Module ",0.35,0.2,0.22,-2E-3,-8.9999999999999993E-3]
["Grist",null,null,null,"2019-11-18","Mono High Eff / PERC Module ",0.39,0.21,0.23,-3.0000000000000001E-3,-1.29E-2]
["Coal-addicted India's solar and wind farms save more lives than ...",null,null,null,null,"Mono High Eff / PERC Module in China ",0.25,0.21,0.21299999999999999,-3.0000000000000001E-3,-1.3899999999999999E-2]
["Quartz",null,null,null,"2019-11-18","ThinFilm Solar Module ",0.33,0.23,0.23699999999999999,0,0]
["$150M Calhoun County solar energy center gets local approval",null,null,null,null,"US Multi Solar Module","Visit here for more detail module price information"]
["Battle Creek Enquirer",null,null,null,"2019-11-18","Mono Silicon Solar Module","Visit here for more detail module price information"]
["Jerry Clifton speaks on renewable energy, cars, air pollution",null,null,null,null,"India Poly Module","Visit here for more detail module price information"]
["University of Delaware Review",null,null,null,"2019-11-18","Unit: USD / Watt ","more",null,"Last Update: 2019-11-20"]
["Protermosolar: Luis Crespo inaugurates the congress Concentrated ...",null,null,null,null,"All Spot Prices are Tax excluded and updated on Wednesday "]
["REVE (press release)",null,null,null,"2019-11-18"]
["Last Update: 2019-Nov- 24 23:00 (GMT+8)"]
["Price Methodology","Terms of Use","Privacy Policy ","About Us ","Contact Us ","Site Map"]
["Copyright © 2019 PVinsights.com All rights reserved"]

{"sheet":"pvinsights 13 12 19","index":47,"n_rows":53,"n_cols":13,"rows_kept":53,"cut":false,"hidden":false,"merged":[[4,11,13,11],[23,8,23,10],[32,6,32,10],[33,6,33,10],[34,6,34,7],[34,8,34,10],[23,6,23,7],[8,6,8,9],[9,6,9,9],[10,6,10,7],[10,8,10,10],[20,6,20,10],[48,0,48,4],[49,0,49,3],[44,6,44,10],[50,0,50,4],[18,0,19,4],[21,6,21,10],[22,6,22,10],[49,5,49,10],[50,5,50,10],[45,6,45,10],[46,6,46,10],[47,6,47,7],[47,8,47,10],[48,5,48,10],[43,0,43,3],[44,0,44,4],[45,0,45,3],[46,0,46,4],[47,0,47,3],[38,0,38,4],[39,0,39,3],[40,0,40,4],[41,0,41,3],[42,0,42,4],[33,0,33,3],[34,0,34,4],[35,0,35,3],[36,0,36,4],[37,0,37,3],[28,0,28,4],[29,0,29,3],[30,0,30,4],[31,0,31,3],[32,0,32,4],[23,0,23,3],[24,0,24,4],[25,0,25,3],[26,0,26,4],[27,0,27,3],[17,0,17,1],[7,0,7,2],[20,0,20,4],[21,0,21,3],[22,0,22,4],[12,0,12,2],[13,0,13,1],[14,0,14,2],[15,0,15,1],[16,0,16,2],[4,0,5,4],[8,0,8,2],[9,0,9,1],[10,0,10,2],[11,0,11,1]]}
[null,"Login","Register","Member Center"]
[]
["Home","Why Solar","Retailer Price","Contract Price","Inverter Price","Weekly Snapshots","Price Download","Monthly Insights","Weekly Forecast","Price Forecast","Premier Insights","Premier Data","Advertising"]
[null,null,null,null,null,"PV Poly Silicon Weekly Spot Price"]
["The US 2018 AD & CVD Sunset Reviews",null,null,null,null,"Item ","High ","Low ","Average ","AvgChg ","AvgChg% "]
[null,null,null,null,null,"PV Grade PolySilicon (9N/9N+) ",9.6999999999999993,6.05,7.41,-0.02,-2.7000000000000001E-3]
[null,null,null,null,null,"2nd Grade PolySilicon (6N-8N) ",7.35,4.5,5.32,-0.03,-5.5999999999999999E-3]
["Solar PV Corporate News Release",null,null,null,null,"PV Mono Grade PolySilicon in China (11N/11N+) ",9.6999999999999993,8.4,8.61,-0.01,-1.1999999999999999E-3]
["JinkoSolar Announces First Quarter 2019 Financial Results",null,null,null,null,"PV Grade PolySilicon in China (9N/9N+) ","Visit here for more Poly-Si price",null,null,null,"%"]
["JinkoSolar",null,"2019-06-28",null,null,"PV Grade PolySilicon Outside China (9N/9N+) ","Visit here for more Poly-Si price",null,null,null,"%"]
["CANADIAN SOLAR REPORTS FIRST QUARTER 2019 RESULTS",null,null,null,null,"Unit: USD/Kg ","more",null,"Last Update: 2019-12-11"]
["CanadianSol",null,"2019-05-30",null,null,"Definition of PV Grade: Poly silicon chunk with high purity can be directly produced to Solar PV Ingots / Bricks"]
["SunPower Reports First Quarter 2019 Results",null,null,null,null,"Definition of 2nd Grade: Poly silicon chunk must be mixed with high purity polysilicon, when producing Solar PV Ingots / Bricks."]
["Sunpower",null,"2019-05-10",null,null,"PolySilicon Price In China: The Price is surveyed by RMB term with Tax and then shown in USD term without 13% of VAT after Apri 1, 2019, 16% of VAT after May 1, 2018 and 17% of VAT before May 1, 2018."]
["First Solar, Inc. Announces First Quarter 2019 Financial Results",null,null,null,null,"Solar PV Wafer Weekly Spot Price "]
["First Solar",null,"2019-05-03",null,null,"Item ","High ","Low ","Average ","AvgChg ","AvgChg% "]
["JinkoSolar Announces Fourth Quarter and Full Year 2018 Financial Results",null,null,null,null,"156 mm Multi Solar Wafer ",0.23,0.18,0.192,-2E-3,-1.03E-2]
["JinkoSolar",null,"2019-03-22",null,null,"156 mm High Eff Multi Solar Wafer ",0.23,0.19500000000000001,0.2,-2E-3,-9.9000000000000008E-3]
["Latest Solar PV News",null,null,null,null,"156 mm Mono Solar Wafer ",0.42,0.35,0.36899999999999999,0,0]
[null,null,null,null,null,"158.75 / 161.75mm Mono Wafer ",0.45,0.38,0.40300000000000002,0,0]
["A way to achieve greater than 100% solar power in the U.S., without ...",null,null,null,null,"156 mm Multi Wafer Outside China","Visit here for more detail wafer price information"]
["pv magazine USA",null,null,null,"2019-12-13","156mm DiamondWire Poly Wafer","Visit here for more detail wafer price information"]
["Scientists build solar panels that act like sunflowers",null,null,null,null,"156 mm N-Mono Wafer","Visit here for more detail"]
["Sustainability Times",null,null,null,"2019-12-13","Unit: USD ","more",null,"Last Update: 2019-12-11"]
["In rural Colorado, the kids of coal miners learn to install solar panels",null,null,null,null,"Wafer Prices In China: The Prices are surveyed by RMB term with Tax and then shown in USD term without 13% of VAT after April 1, 2019, 16% of VAT after May 1, 2018 and 17% of VAT before May 1, 2018."]
["High Country News",null,null,null,"2019-12-13","Solar PV Cell Weekly Spot Price "]
["US adds 2.6 gigawatts of solar photovoltaics in third quarter, new figures show",null,null,null,null,"Item ","High ","Low ","Average ","AvgChg ","AvgChg % "]
["CNBC",null,null,null,"2019-12-13","Multi Cell Price ",0.12,7.0000000000000007E-2,7.6999999999999999E-2,-1E-3,-1.2800000000000001E-2]
["Revealed: the countries leading the way in renewable energy",null,null,null,null,"Poly PERC Cell ",0.13500000000000001,9.5000000000000001E-2,0.1,0,0]
["Smart Energy (press release)",null,null,null,"2019-12-13","Mono PERC Cell ",0.17,0.115,0.123,0,0]
["The 2019 Solar Energy Market in North America: Forecast to 2029 ...",null,null,null,null,"China Mono PERC Cell ",0.14000000000000001,0.115,0.121,0,0]
["PRNewswire (press release)",null,null,null,"2019-12-13","158.75/161.75mm Mono PERC Cell ",0.185,0.115,0.126,0,0]
["Once Hailed As A Renewable Mecca, Georgetown Hires Shell To ...",null,null,null,null,"China Poly Cell Per Watt ","Visit here for more detail Cell price information"]
["KUT",null,null,null,"2019-12-13","Non (TW or CN) Poly Cell Per Watt","Visit here for more detail Cell price information"]
["The Times Christmas appeal: solar-energy railways give ...",null,null,null,null,"Unit: USD / Watt","more",null,"Last Update: 2019-12-11"]
["The Times",null,null,null,"2019-12-13","High Efficency Mono PERC Cell: The Prices are mainly represented to solar cells for 21.8% efficiency with less than 1.5% of CTM efficiency lost or 22.0% with less than 2% of CTM efficiency lost."]
["1.5-megawatt solar energy system to be installed in Paris",null,null,null,null,"Solar PV Module Weekly Spot Price "]
["KATV",null,null,null,"2019-12-13","Item ","High ","Low ","Average ","AvgChg ","AvgChg % "]
["California has 1 million solar roofs. Are 1 million batteries next?",null,null,null,null,"Poly Solar Module ",0.3,0.18,0.192,0,0]
["Los Angeles Times",null,null,null,"2019-12-13","Poly Module in China ",0.24,0.18,0.192,0,0]
["COP25: Support for renewable energy: EIB and IM2 Energía Solar",null,null,null,null,"Poly High Eff / PERC Module ",0.35,0.2,0.217,-1E-3,-4.5999999999999999E-3]
["EU News",null,null,null,"2019-12-13","Mono High Eff / PERC Module ",0.39,0.20499999999999999,0.22500000000000001,-2E-3,-8.8000000000000005E-3]
["Best year since 2010: The sun shone on EU solar, will shine brighter ...",null,null,null,null,"Mono High Eff / PERC Module in China ",0.25,0.20499999999999999,0.21099999999999999,0,0]
["Smart Energy (press release)",null,null,null,"2019-12-13","ThinFilm Solar Module ",0.33,0.23,0.23599999999999999,0,0]
["Millheim moves forward with solar energy project for borough buildings",null,null,null,null,"US Multi Solar Module","Visit here for more detail module price information"]
["Centre Daily Times",null,null,null,"2019-12-13","Mono Silicon Solar Module","Visit here for more detail module price information"]
["TPI to install 1.5-megawatt solar energy system in Paris",null,null,null,null,"India Poly Module","Visit here for more detail module price information"]
["talkbusiness.net",null,null,null,"2019-12-13","Unit: USD / Watt ","more",null,"Last Update: 2019-12-11"]
["Residential complexes can now rent solar panels and just pay for ...",null,null,null,null,"All Spot Prices are Tax excluded and updated on Wednesday "]
["Business Insider South Africa",null,null,null,"2019-12-13"]
["Last Update: 2019-Dec- 13 20:00 (GMT+8)"]
["Price Methodology","Terms of Use","Privacy Policy ","About Us ","Contact Us ","Site Map"]
["Copyright © 2019 PVinsights.com All rights reserved"]

{"sheet":"pvinsights 22 12 19","index":48,"n_rows":53,"n_cols":13,"rows_kept":53,"cut":false,"hidden":false,"merged":[[4,0,5,4],[8,0,8,2],[9,0,9,1],[10,0,10,2],[11,0,11,1],[17,0,17,1],[7,0,7,2],[20,0,20,4],[21,0,21,3],[22,0,22,4],[12,0,12,2],[13,0,13,1],[14,0,14,2],[15,0,15,1],[16,0,16,2],[23,0,23,3],[24,0,24,4],[25,0,25,3],[26,0,26,4],[27,0,27,3],[28,0,28,4],[29,0,29,3],[30,0,30,4],[31,0,31,3],[32,0,32,4],[33,0,33,3],[34,0,34,4],[35,0,35,3],[36,0,36,4],[37,0,37,3],[45,0,45,3],[46,0,46,4],[47,0,47,3],[38,0,38,4],[39,0,39,3],[40,0,40,4],[41,0,41,3],[42,0,42,4],[48,0,48,4],[49,0,49,3],[44,6,44,10],[50,0,50,4],[18,0,19,4],[21,6,21,10],[22,6,22,10],[49,5,49,10],[50,5,50,10],[45,6,45,10],[46,6,46,10],[47,6,47,7],[47,8,47,10],[48,5,48,10],[43,0,43,3],[44,0,44,4],[4,11,13,11],[23,8,23,10],[32,6,32,10],[33,6,33,10],[34,6,34,7],[34,8,34,10],[23,6,23,7],[8,6,8,9],[9,6,9,9],[10,6,10,7],[10,8,10,10],[20,6,20,10]]}
[null,"Login","Register","Member Center"]
[]
["Home","Why Solar","Retailer Price","Contract Price","Inverter Price","Weekly Snapshots","Price Download","Monthly Insights","Weekly Forecast","Price Forecast","Premier Insights","Premier Data","Advertising"]
[null,null,null,null,null,"PV Poly Silicon Weekly Spot Price"]
["The US 2018 AD & CVD Sunset Reviews",null,null,null,null,"Item ","High ","Low ","Average ","AvgChg ","AvgChg% "]
[null,null,null,null,null,"PV Grade PolySilicon (9N/9N+) ",9.6,5.65,7.28,-0.13,-1.7500000000000002E-2]
[null,null,null,null,null,"2nd Grade PolySilicon (6N-8N) ",7.25,4.2,5.18,-0.14000000000000001,-2.63E-2]
["Solar PV Corporate News Release",null,null,null,null,"PV Mono Grade PolySilicon in China (11N/11N+) ",9.6,8.4,8.6,-0.01,-1.1999999999999999E-3]
["JinkoSolar Announces First Quarter 2019 Financial Results",null,null,null,null,"PV Grade PolySilicon in China (9N/9N+) ","Visit here for more Poly-Si price",null,null,null,"%"]
["JinkoSolar",null,"2019-06-28",null,null,"PV Grade PolySilicon Outside China (9N/9N+) ","Visit here for more Poly-Si price",null,null,null,"%"]
["CANADIAN SOLAR REPORTS FIRST QUARTER 2019 RESULTS",null,null,null,null,"Unit: USD/Kg ","more",null,"Last Update: 2019-12-18"]
["CanadianSol",null,"2019-05-30",null,null,"Definition of PV Grade: Poly silicon chunk with high purity can be directly produced to Solar PV Ingots / Bricks"]
["SunPower Reports First Quarter 2019 Results",null,null,null,null,"Definition of 2nd Grade: Poly silicon chunk must be mixed with high purity polysilicon, when producing Solar PV Ingots / Bricks."]
["Sunpower",null,"2019-05-10",null,null,"PolySilicon Price In China: The Price is surveyed by RMB term with Tax and then shown in USD term without 13% of VAT after Apri 1, 2019, 16% of VAT after May 1, 2018 and 17% of VAT before May 1, 2018."]
["First Solar, Inc. Announces First Quarter 2019 Financial Results",null,null,null,null,"Solar PV Wafer Weekly Spot Price "]
["First Solar",null,"2019-05-03",null,null,"Item ","High ","Low ","Average ","AvgChg ","AvgChg% "]
["JinkoSolar Announces Fourth Quarter and Full Year 2018 Financial Results",null,null,null,null,"156 mm Multi Solar Wafer ",0.23,0.18,0.192,0,0]
["JinkoSolar",null,"2019-03-22",null,null,"156 mm High Eff Multi Solar Wafer ",0.23,0.19500000000000001,0.2,0,0]
["Latest Solar PV News",null,null,null,null,"156 mm Mono Solar Wafer ",0.42,0.35,0.36899999999999999,0,0]
[null,null,null,null,null,"158.75 / 161.75mm Mono Wafer ",0.45,0.38,0.40300000000000002,0,0]
["The 5 Best Renewable-Energy Stocks of the Decade",null,null,null,null,"156 mm Multi Wafer Outside China","Visit here for more detail wafer price information"]
["Motley Fool",null,null,null,"2019-12-23","156mm DiamondWire Poly Wafer","Visit here for more detail wafer price information"]
["Take up pisciculture, go for solar energy: CM to farmers",null,null,null,null,"156 mm N-Mono Wafer","Visit here for more detail"]
["Times of India",null,null,null,"2019-12-23","Unit: USD ","more",null,"Last Update: 2019-12-18"]
["100% Wind, Water, & Solar Energy Can & Should Be The Goal, Costs Less",null,null,null,null,"Wafer Prices In China: The Prices are surveyed by RMB term with Tax and then shown in USD term without 13% of VAT after April 1, 2019, 16% of VAT after May 1, 2018 and 17% of VAT before May 1, 2018."]
["CleanTechnica",null,null,null,"2019-12-23","Solar PV Cell Weekly Spot Price "]
["Porter reevaluating new solar energy systems law",null,null,null,null,"Item ","High ","Low ","Average ","AvgChg ","AvgChg % "]
["Niagara Frontier Publications",null,null,null,"2019-12-23","Multi Cell Price ",0.12,7.0000000000000007E-2,7.6999999999999999E-2,0,0]
["Humboldt County supervisors lay out renewable energy goals",null,null,null,null,"Poly PERC Cell ",0.13500000000000001,9.5000000000000001E-2,0.1,0,0]
["Eureka Times-Standard",null,null,null,"2019-12-23","Mono PERC Cell ",0.17,0.115,0.123,0,0]
["Forecast for solar-panel test: Sunny",null,null,null,null,"China Mono PERC Cell ",0.14000000000000001,0.115,0.121,0,0]
["NWAOnline",null,null,null,"2019-12-23","158.75/161.75mm Mono PERC Cell ",0.185,0.115,0.126,0,0]
["Certain environmental groups, and the legislature, are the biggest obstacles to renewable energy.",null,null,null,null,"China Poly Cell Per Watt ","Visit here for more detail Cell price information"]
["Hartford Courant",null,null,null,"2019-12-23","Non (TW or CN) Poly Cell Per Watt","Visit here for more detail Cell price information"]
["SAGIA announces new JV in Saudi renewable energy sector",null,null,null,null,"Unit: USD / Watt","more",null,"Last Update: 2019-12-18"]
["ArabianBusiness.com",null,null,null,"2019-12-23","High Efficency Mono PERC Cell: The Prices are mainly represented to solar cells for 21.8% efficiency with less than 1.5% of CTM efficiency lost or 22.0% with less than 2% of CTM efficiency lost."]
["Conservation Corner: Fight for the future of solar energy",null,null,null,null,"Solar PV Module Weekly Spot Price "]
["Lexington Dispatch",null,null,null,"2019-12-23","Item ","High ","Low ","Average ","AvgChg ","AvgChg % "]
["BPU approves 45 participants for first-year community solar pilot",null,null,null,null,"Poly Solar Module ",0.3,0.18,0.192,0,0]
["NJBIZ",null,null,null,"2019-12-21","Poly Module in China ",0.24,0.18,0.192,0,0]
["Breakthrough Innovation Enabling Cheaper Solar Energy ...",null,null,null,null,"Poly High Eff / PERC Module ",0.35,0.2,0.216,-1E-3,-4.5999999999999999E-3]
["Eurasia Review",null,null,null,"2019-12-21","Mono High Eff / PERC Module ",0.39,0.20499999999999999,0.224,-1E-3,-4.4000000000000003E-3]
["Research Suggests Solar Energy Production And Agriculture Can ...",null,null,null,null,"Mono High Eff / PERC Module in China ",0.25,0.20499999999999999,0.21099999999999999,0,0]
["OPB News",null,null,null,"2019-12-21","ThinFilm Solar Module ",0.33,0.23,0.23599999999999999,0,0]
["The Global Price Tag for 100 Percent Renewable Energy: $73 Trillion",null,null,null,null,"US Multi Solar Module","Visit here for more detail module price information"]
["Yale Environment 360",null,null,null,"2019-12-21","Mono Silicon Solar Module","Visit here for more detail module price information"]
["How AI and Robots are Transforming Solar Energy",null,null,null,null,"India Poly Module","Visit here for more detail module price information"]
["Analytics Insight (press release) (blog)",null,null,null,"2019-12-21","Unit: USD / Watt ","more",null,"Last Update: 2019-12-18"]
["Renewable Energy Update - December 2019 #3 | Allen Matkins",null,null,null,null,"All Spot Prices are Tax excluded and updated on Wednesday "]
["JD Supra (press release)",null,null,null,"2019-12-21"]
["Last Update: 2019-Dec- 23 07:00 (GMT+8)"]
["Price Methodology","Terms of Use","Privacy Policy ","About Us ","Contact Us ","Site Map"]
["Copyright © 2019 PVinsights.com All rights reserved"]

{"sheet":"pvinsights 08 02 20","index":49,"n_rows":53,"n_cols":13,"rows_kept":53,"cut":false,"hidden":false,"merged":[[4,0,5,4],[8,0,8,2],[9,0,9,1],[10,0,10,2],[11,0,11,1],[17,0,17,1],[7,0,7,2],[20,0,20,4],[21,0,21,3],[22,0,22,4],[12,0,12,2],[13,0,13,1],[14,0,14,2],[15,0,15,1],[16,0,16,2],[23,0,23,3],[24,0,24,4],[25,0,25,3],[36,0,36,4],[37,0,37,3],[26,0,26,4],[27,0,27,3],[28,0,28,4],[29,0,29,3],[30,0,30,4],[31,0,31,3],[32,0,32,4],[33,0,33,3],[34,0,34,4],[35,0,35,3],[46,6,46,10],[48,0,48,4],[49,0,49,3],[38,0,38,4],[39,0,39,3],[40,0,40,4],[41,0,41,3],[42,0,42,4],[43,0,43,3],[47,0,47,3],[45,0,45,3],[46,0,46,4],[50,0,50,4],[18,0,19,4],[9,6,9,9],[10,6,10,9],[11,6,11,7],[11,8,11,10],[22,6,22,10],[23,6,23,10],[47,6,47,10],[48,6,48,10],[49,6,49,7],[49,8,49,10],[50,5,50,10],[24,6,24,10],[25,6,25,7],[44,0,44,4],[4,11,13,11],[25,8,25,10],[34,6,34,10],[35,6,35,10],[36,6,36,7],[36,8,36,10]]}
[null,"Login","Register","Member Center"]
[]
["Home","Why Solar","Retailer Price","Contract Price","Inverter Price","Weekly Snapshots","Price Download","Monthly Insights","Weekly Forecast","Price Forecast","Premier Insights","Premier Data","Advertising"]
[null,null,null,null,null,"PV Poly Silicon Weekly Spot Price"]
["The US 2018 AD & CVD Sunset Reviews",null,null,null,null,"Item ","High ","Low ","Average ","AvgChg ","AvgChg% "]
[null,null,null,null,null,"PV Grade PolySilicon (9N/9N+) ",9.5,5,7.1,0,0]
[null,null,null,null,null,"2nd Grade PolySilicon (6N-8N) ",6.55,3.9,4.83,0,0]
["Solar PV Corporate News Release",null,null,null,null,"PV N Mono Grade PolySilicon in China (12N/12N+) ",9.5,9.35,9.4,0,0]
["JinkoSolar Announces First Quarter 2019 Financial Results",null,null,null,null,"PV Mono Grade PolySilicon in China (11N/11N+) ",9.5,8.4,8.57,0,0]
["JinkoSolar",null,"2019-06-28",null,null,"PV Grade PolySilicon in China (9N/9N+) ","Visit here for more Poly-Si price",null,null,null,"%"]
["CANADIAN SOLAR REPORTS FIRST QUARTER 2019 RESULTS",null,null,null,null,"PV Grade PolySilicon Outside China (9N/9N+) ","Visit here for more Poly-Si price",null,null,null,"%"]
["CanadianSol",null,"2019-05-30",null,null,"Unit: USD/Kg ","more",null,"Last Update: 2020-02-05"]
["SunPower Reports First Quarter 2019 Results",null,null,null,null,"Definition of N Mono Grade: Poly silicon chunk or Chip Polysiliocn with high purity can be directly produced to N-Type Monocrystalline Ingots, mainly supplied by Wacker"]
["Sunpower",null,"2019-05-10",null,null,"Definition of PV Grade: Poly silicon chunk with high purity can be directly produced to Solar PV Ingots / Bricks"]
["First Solar, Inc. Announces First Quarter 2019 Financial Results",null,null,null,null,"Definition of 2nd Grade: Poly silicon chunk must be mixed with high purity polysilicon, when producing Solar PV Ingots / Bricks."]
["First Solar",null,"2019-05-03",null,null,"PolySilicon Price In China: The Price is surveyed by RMB term with Tax and then shown in USD term without 13% of VAT after Apri 1, 2019, 16% of VAT after May 1, 2018 and 17% of VAT before May 1, 2018."]
["JinkoSolar Announces Fourth Quarter and Full Year 2018 Financial Results",null,null,null,null,"Solar PV Wafer Weekly Spot Price "]
["JinkoSolar",null,"2019-03-22",null,null,"Item ","High ","Low ","Average ","AvgChg ","AvgChg% "]
["Latest Solar PV News",null,null,null,null,"156 mm Multi Solar Wafer ",0.2,0.14499999999999999,0.16,0,0]
[null,null,null,null,null,"156 mm High Eff Multi Solar Wafer ",0.2,0.16500000000000001,0.17199999999999999,0,0]
["Department of Energy Announces $125.5 Million in New Funding for Solar Technologies | Department",null,null,null,null,"156 mm Mono Solar Wafer ",0.42,0.35,0.36899999999999999,0,0]
["Energy.gov (blog)",null,null,null,"2020-02-08","158.75 / 161.75mm Mono Wafer ",0.45,0.38,0.40300000000000002,0,0]
["Covering Colorado CSU Pueblo reaches renewable energy ...",null,null,null,null,"156 mm Multi Wafer Outside China","Visit here for more detail wafer price information"]
["KOAA.com Colorado Springs and Pueblo News",null,null,null,"2020-02-08","156mm DiamondWire Poly Wafer","Visit here for more detail wafer price information"]
["This Material Could Squeeze More Energy from Solar Panels",null,null,null,null,"156 mm N-Mono Wafer","Visit here for more detail"]
["Scientific American",null,null,null,"2020-02-08","Unit: USD ","more",null,"Last Update: 2020-02-05"]
["Govt¡¦s love-hate relation with solar energy; gives boost to coal, petroleum but talks about green power",null,null,null,null,"Wafer Prices In China: The Prices are surveyed by RMB term with Tax and then shown in USD term without 13% of VAT after April 1, 2019, 16% of VAT after May 1, 2018 and 17% of VAT before May 1, 2018."]
["Financial Express",null,null,null,"2020-02-08","Solar PV Cell Weekly Spot Price "]
["France sees minimal solar energy price fall after another under ...",null,null,null,null,"Item ","High ","Low ","Average ","AvgChg ","AvgChg % "]
["pv magazine International",null,null,null,"2020-02-08","Multi Cell Price ",0.11,6.8000000000000005E-2,7.0999999999999994E-2,0,0]
["New solar panels power 66% of city operations in Fayetteville ...",null,null,null,null,"Poly PERC Cell ",0.125,0.09,9.6000000000000002E-2,0,0]
["Yale Climate Connections",null,null,null,"2020-02-08","Mono PERC Cell ",0.17,0.11,0.11899999999999999,0,0]
["Clear solar panels could power future greenhouses",null,null,null,null,"China Mono PERC Cell ",0.14000000000000001,0.11,0.11700000000000001,0,0]
["Futurity: Research News",null,null,null,"2020-02-08","158.75/161.75mm Mono PERC Cell ",0.185,0.11,0.121,0,0]
["This High-Yielding Renewable Energy Company Continues Generating Solid Results",null,null,null,null,"China Poly Cell Per Watt ","Visit here for more detail Cell price information"]
["Motley Fool",null,null,null,"2020-02-08","Non (TW or CN) Poly Cell Per Watt","Visit here for more detail Cell price information"]
["Wind power and solar energy replace coal in Europe",null,null,null,null,"Unit: USD / Watt","more",null,"Last Update: 2020-02-05"]
["REVE (press release)",null,null,null,"2020-02-07","High Efficency Mono PERC Cell: The Prices are mainly represented to solar cells for 21.8% efficiency with less than 1.5% of CTM efficiency lost or 22.0% with less than 2% of CTM efficiency lost."]
["¡¥Anti-Solar¡¦ Cells Could Keep the Power Going at Night",null,null,null,null,"Solar PV Module Weekly Spot Price "]
["EcoWatch",null,null,null,"2020-02-07","Item ","High ","Low ","Average ","AvgChg ","AvgChg % "]
["Panorama - Department of Energy Announces New Funding for Solar and Geothermal Technologies",null,null,null,null,"Poly Solar Module ",0.3,0.17,0.186,0,0]
["Renewable Energy Magazine (press release)",null,null,null,"2020-02-07","Poly Module in China ",0.24,0.18,0.191,0,0]
["Number of renewable energy producers in Estonia grew over 3 ...",null,null,null,null,"Poly High Eff / PERC Module ",0.35,0.19,0.21,0,0]
["ERR News",null,null,null,"2020-02-07","Mono High Eff / PERC Module ",0.39,0.2,0.217,0,0]
["Groupe ADP signs up for renewable energy",null,null,null,null,"Mono High Eff / PERC Module in China ",0.25,0.2,0.21,0,0]
["Passenger Terminal Today (press release) (blog)",null,null,null,"2020-02-07","ThinFilm Solar Module ",0.33,0.22,0.23100000000000001,0,0]
["Shell to add 120MW shine in Australia",null,null,null,null,"US Multi Solar Module","Visit here for more detail module price information"]
["reNEWS",null,null,null,"2020-02-07","Mono Silicon Solar Module","Visit here for more detail module price information"]
["How coronavirus could affect solar panel pricing",null,null,null,null,"India Poly Module","Visit here for more detail module price information"]
["Energy Matters",null,null,null,"2020-02-07","Unit: USD / Watt ","more",null,"Last Update: 2020-02-05"]
["Last Update: 2020-Feb- 08 23:00 (GMT+8)",null,null,null,null,"All Spot Prices are Tax excluded and updated on Wednesday "]
["Price Methodology","Terms of Use","Privacy Policy ","About Us ","Contact Us ","Site Map"]
["Copyright © 2020 PVinsights.com All rights reserved"]

{"sheet":"pvinsights 25 04 20","index":50,"n_rows":54,"n_cols":13,"rows_kept":54,"cut":false,"hidden":false,"merged":[[51,0,51,4],[48,6,48,10],[49,6,49,10],[50,6,50,7],[50,8,50,10],[51,5,51,10],[49,0,49,2],[4,11,13,11],[26,8,26,10],[35,6,35,10],[36,6,36,10],[37,6,37,7],[37,8,37,10],[26,6,26,7],[47,6,47,10],[50,0,50,1],[40,0,40,2],[9,6,9,9],[10,6,10,9],[11,6,11,7],[11,8,11,10],[23,6,23,10],[24,6,24,10],[25,6,25,10],[44,0,44,1],[45,0,45,2],[46,0,46,1],[47,0,47,2],[48,0,48,1],[43,0,43,2],[32,0,32,3],[33,0,33,4],[34,0,34,3],[35,0,35,4],[38,0,38,3],[39,0,39,4],[7,0,8,4],[41,0,41,2],[42,0,42,1],[23,0,23,4],[24,0,24,3],[25,0,25,4],[36,0,36,3],[37,0,37,4],[26,0,26,3],[27,0,27,4],[28,0,28,3],[29,0,29,4],[30,0,30,3],[31,0,31,4],[18,0,18,3],[19,0,19,4],[20,0,20,3],[21,0,21,4],[22,0,22,3],[13,0,13,4],[14,0,14,3],[15,0,15,4],[16,0,16,3],[17,0,17,4],[4,0,5,4],[9,0,9,4],[10,0,10,3],[11,0,11,4],[12,0,12,3]]}
[null,"Login","Register","Member Center"]
[]
["Home","Why Solar","Retailer Price","Contract Price","Inverter Price","Weekly Snapshots","Price Download","Monthly Insights","Weekly Forecast","Price Forecast","Premier Insights","Premier Data","Advertising"]
[null,null,null,null,null,"PV Poly Silicon Weekly Spot Price"]
["The US 2018 AD & CVD Sunset Reviews",null,null,null,null,"Item ","High ","Low ","Average ","AvgChg ","AvgChg% "]
[null,null,null,null,null,"PV Grade PolySilicon (9N/9N+) ",9.25,4.5,6.43,-0.03,-4.5999999999999999E-3]
[null,null,null,null,null,"2nd Grade PolySilicon (6N-8N) ",4.8,3.2,3.56,-0.05,-1.3899999999999999E-2]
["Latest Solar PV News",null,null,null,null,"N Mono Grade PolySilicon in China (12N/12N+) ",9.25,8.85,9.01,-0.09,-9.9000000000000008E-3]
[null,null,null,null,null,"Mono Grade PolySilicon in China (11N/11N+) ",9.25,7.3,7.65,-0.05,-6.4999999999999997E-3]
["Renewable energy loses steam as Asian subsidies wane",null,null,null,null,"PV Grade PolySilicon in China (9N/9N+) ","Visit here for more Poly-Si price",null,null,null,"%"]
["Nikkei Asian Review",null,null,null,"2020-04-25","PV Grade PolySilicon Outside China (9N/9N+) ","Visit here for more Poly-Si price",null,null,null,"%"]
["What are Solar Renewable Energy Certificates, (SRECs)?",null,null,null,null,"Unit: USD/Kg ","more",null,"Last Update: 2020-04-22"]
["SolarPowerRocks.com",null,null,null,"2020-04-25","Definition of N Mono Grade: Poly silicon chunk or Chip Polysiliocn with high purity can be directly produced to N-Type Monocrystalline Ingots, mainly supplied by Wacker"]
["PGCIL Issues Transmission Line Package Tender for Evacuating 8.1 GW Solar Energy in Rajasthan",null,null,null,null,"Definition of PV Grade: Poly silicon chunk with high purity can be directly produced to Solar PV Ingots / Bricks"]
["Saurenergy",null,null,null,"2020-04-25","Definition of 2nd Grade: Poly silicon chunk must be mixed with high purity polysilicon, when producing Solar PV Ingots / Bricks."]
["New Film Questions Renewable Energy Future",null,null,null,null,"PolySilicon Price In China: The Price is surveyed by RMB term with Tax and then shown in USD term without 13% of VAT after Apri 1, 2019, 16% of VAT after May 1, 2018 and 17% of VAT before May 1, 2018."]
["Scoop.co.nz",null,null,null,"2020-04-25","Solar PV Wafer Weekly Spot Price "]
["Morning Brief: 8minute Solar adds 3 GW of large-scale solar projects ...",null,null,null,null,"Item ","High ","Low ","Average ","AvgChg ","AvgChg% "]
["pv magazine USA",null,null,null,"2020-04-25","156 mm Multi Solar Wafer ",0.16,0.12,0.13600000000000001,-6.0000000000000001E-3,-4.2299999999999997E-2]
["The Future Of Solar Energy Looks Bright",null,null,null,null,"156 mm High Eff Multi Solar Wafer ",0.16,0.13500000000000001,0.14399999999999999,-6.0000000000000001E-3,-0.04]
["Asian Scientist Magazine",null,null,null,"2020-04-25","156 mm Mono Solar Wafer ",0.36,0.28999999999999998,0.30599999999999999,-1.6E-2,-4.9700000000000001E-2]
["Singapore considers solar energy imports to cut emissions",null,null,null,null,"158.75 / 161.75mm Mono Wafer ",0.36499999999999999,0.315,0.33500000000000002,-2.3E-2,-6.4199999999999993E-2]
["Yahoo Finance",null,null,null,"2020-04-25","161.7+/163.75mm Mono PWafer ",0.37,0.33500000000000002,0.34799999999999998,-2.3E-2,-6.2E-2]
["Johnny Townsend: LDS Church should send its members on ...",null,null,null,null,"156 mm Multi Wafer Outside China","Visit here for more detail wafer price information"]
["Salt Lake Tribune",null,null,null,"2020-04-25","156mm DiamondWire Poly Wafer","Visit here for more detail wafer price information"]
["Singapore achieves 2020 target to deploy 350MW of solar",null,null,null,null,"156 mm N-Mono Wafer","Visit here for more detail"]
["Energy Live News - Energy Made Easy",null,null,null,"2020-04-25","Unit: USD ","more",null,"Last Update: 2020-04-22"]
["Solar Energy Investing: Pros and Cons",null,null,null,null,"Wafer Prices In China: The Prices are surveyed by RMB term with Tax and then shown in USD term without 13% of VAT after April 1, 2019, 16% of VAT after May 1, 2018 and 17% of VAT before May 1, 2018."]
["WTOP",null,null,null,"2020-04-25","Solar PV Cell Weekly Spot Price "]
["PGCIL Issues Transmission Line Package Tender for Evacuating 8.1 ...",null,null,null,null,"Item ","High ","Low ","Average ","AvgChg ","AvgChg % "]
["Saurenergy",null,null,null,"2020-04-25","Multi Cell Price ",0.09,6.3E-2,6.5000000000000002E-2,-1E-3,-1.52E-2]
["Coronavirus disruption clashes with major renewable energy deadlines",null,null,null,null,"Poly PERC Cell ",0.105,8.5000000000000006E-2,8.7999999999999995E-2,-2E-3,-2.2200000000000001E-2]
["Axios",null,null,null,"2020-04-25","Mono PERC Cell ",0.13,0.09,9.4E-2,-4.0000000000000001E-3,-4.0800000000000003E-2]
["Clear skies and social distancing help Europe shatter solar energy ...",null,null,null,null,"China Mono PERC Cell ",0.1,0.09,9.2999999999999999E-2,-4.0000000000000001E-3,-4.1200000000000001E-2]
["msnNOW",null,null,null,"2020-04-25","158.75/161.75mm Mono PERC Cell ",0.12,0.09,9.5000000000000001E-2,-6.0000000000000001E-3,-5.9400000000000001E-2]
["5 brands pushing the renewable energy trend",null,null,null,null,"China Poly Cell Per Watt ","Visit here for more detail Cell price information"]
["New Hope Network",null,null,null,"2020-04-25","Non (TW or CN) Poly Cell Per Watt","Visit here for more detail Cell price information"]
["Terence Corcoran: The hottest doc of the year kills green energy",null,null,null,null,"Unit: USD / Watt","more",null,"Last Update: 2020-04-22"]
["Financial Post",null,null,null,"2020-04-25","High Efficency Mono PERC Cell: The Prices are mainly represented to solar cells for 22.1% efficiency with less than 1.5% of CTM efficiency lost."]
["Last Update: 2020-Apr- 26 07:00 (GMT+8)",null,null,null,null,"Solar PV Module Weekly Spot Price "]
["Solar PV Corporate News Release",null,null,null,null,"Item ","High ","Low ","Average ","AvgChg ","AvgChg % "]
["JinkoSolar Announces First Quarter 2019 Financial Results",null,null,null,null,"Poly Solar Module ",0.28999999999999998,0.16,0.17599999999999999,-1E-3,-5.5999999999999999E-3]
["JinkoSolar",null,"2019-06-28",null,null,"Poly Module in China ",0.19,0.17,0.17399999999999999,-1E-3,-5.7000000000000002E-3]
["CANADIAN SOLAR REPORTS FIRST QUARTER 2019 RESULTS",null,null,null,null,"Poly High Eff / PERC Module ",0.32,0.18,0.19400000000000001,-2E-3,-1.0200000000000001E-2]
["CanadianSol",null,"2019-05-30",null,null,"Mono High Eff / PERC Module ",0.37,0.185,0.19800000000000001,-2E-3,-0.01]
["SunPower Reports First Quarter 2019 Results",null,null,null,null,"Mono High Eff / PERC Module in China ",0.21,0.185,0.192,-1E-3,-5.1999999999999998E-3]
["Sunpower",null,"2019-05-10",null,null,"ThinFilm Solar Module ",0.32,0.2,0.218,-3.0000000000000001E-3,-1.3599999999999999E-2]
["First Solar, Inc. Announces First Quarter 2019 Financial Results",null,null,null,null,"US Multi Solar Module","Visit here for more detail module price information"]
["First Solar",null,"2019-05-03",null,null,"Mono Silicon Solar Module","Visit here for more detail module price information"]
["JinkoSolar Announces Fourth Quarter and Full Year 2018 Financial Results",null,null,null,null,"India Poly Module","Visit here for more detail module price information"]
["JinkoSolar",null,"2019-03-22",null,null,"Unit: USD / Watt ","more",null,"Last Update: 2020-04-22"]
[null,null,null,null,null,"All Spot Prices are Tax excluded and updated on Wednesday "]
["Price Methodology","Terms of Use","Privacy Policy ","About Us ","Contact Us ","Site Map"]
["Copyright © 2020 PVinsights.com All rights reserved"]

{"sheet":"pvinsights 25 05 20","index":51,"n_rows":54,"n_cols":13,"rows_kept":54,"cut":false,"hidden":false,"merged":[[4,0,5,4],[9,0,9,4],[10,0,10,3],[11,0,11,4],[12,0,12,3],[19,0,19,4],[20,0,20,3],[21,0,21,4],[22,0,22,3],[13,0,13,4],[14,0,14,3],[15,0,15,4],[16,0,16,3],[17,0,17,4],[39,0,39,4],[7,0,8,4],[41,0,41,2],[42,0,42,1],[23,0,23,4],[24,0,24,3],[25,0,25,4],[36,0,36,3],[37,0,37,4],[26,0,26,3],[27,0,27,4],[28,0,28,3],[29,0,29,4],[30,0,30,3],[31,0,31,4],[18,0,18,3],[32,0,32,3],[33,0,33,4],[34,0,34,3],[35,0,35,4],[38,0,38,3],[47,6,47,10],[50,0,50,1],[40,0,40,2],[9,6,9,9],[10,6,10,9],[11,6,11,7],[11,8,11,10],[23,6,23,10],[24,6,24,10],[25,6,25,10],[44,0,44,1],[45,0,45,2],[46,0,46,1],[47,0,47,2],[48,0,48,1],[43,0,43,2],[4,11,13,11],[26,8,26,10],[35,6,35,10],[36,6,36,10],[37,6,37,7],[37,8,37,10],[26,6,26,7],[51,0,51,4],[48,6,48,10],[49,6,49,10],[50,6,50,7],[50,8,50,10],[51,5,51,10],[49,0,49,2]]}
[null,"Login","Register","Member Center"]
[]
["Home","Why Solar","Retailer Price","Contract Price","Inverter Price","Weekly Snapshots","Price Download","Monthly Insights","Weekly Forecast","Price Forecast","Premier Insights","Premier Data","Advertising"]
[null,null,null,null,null,"PV Poly Silicon Weekly Spot Price"]
["The US 2018 AD & CVD Sunset Reviews",null,null,null,null,"Item ","High ","Low ","Average ","AvgChg ","AvgChg% "]
[null,null,null,null,null,"PV Grade PolySilicon (9N/9N+) ",9,3.5,6.28,-7.0000000000000007E-2,-1.0999999999999999E-2]
[null,null,null,null,null,"2nd Grade PolySilicon (6N-8N) ",4,2.5,2.97,-0.52,-0.14899999999999999]
["Latest Solar PV News",null,null,null,null,"N Mono Grade PolySilicon in China (12N/12N+) ",9,8.5,8.67,-7.0000000000000007E-2,-8.0000000000000002E-3]
[null,null,null,null,null,"Mono Grade PolySilicon in China (11N/11N+) ",9,6.5,7.2,-0.05,-6.8999999999999999E-3]
["Lux Research: Renewable energy supply chain will take decades to ...",null,null,null,null,"PV Grade PolySilicon in China (9N/9N+) ","Visit here for more Poly-Si price",null,null,null,"%"]
["Dhaka Tribune",null,null,null,"2020-05-25","PV Grade PolySilicon Outside China (9N/9N+) ","Visit here for more Poly-Si price",null,null,null,"%"]
["Used EV batteries for large scale solar energy storage",null,null,null,null,"Unit: USD/Kg ","more",null,"Last Update: 2020-05-20"]
["pv magazine International",null,null,null,"2020-05-25","Definition of N Mono Grade: Poly silicon chunk or Chip Polysiliocn with high purity can be directly produced to N-Type Monocrystalline Ingots, mainly supplied by Wacker"]
["EU urged to unlock green hydrogen potential",null,null,null,null,"Definition of PV Grade: Poly silicon chunk with high purity can be directly produced to Solar PV Ingots / Bricks"]
["reNEWS",null,null,null,"2020-05-25","Definition of 2nd Grade: Poly silicon chunk must be mixed with high purity polysilicon, when producing Solar PV Ingots / Bricks."]
["Solar plans flop, Amphan-affected suffer",null,null,null,null,"PolySilicon Price In China: The Price is surveyed by RMB term with Tax and then shown in USD term without 13% of VAT after Apri 1, 2019, 16% of VAT after May 1, 2018 and 17% of VAT before May 1, 2018."]
["The New Indian Express",null,null,null,"2020-05-25","Solar PV Wafer Weekly Spot Price "]
["Green certificate sales down 35 pc to 2.37 lakh in April",null,null,null,null,"Item ","High ","Low ","Average ","AvgChg ","AvgChg% "]
["ETEnergyworld.com",null,null,null,"2020-05-25","156 mm Multi Solar Wafer ",0.16,0.105,0.123,-2E-3,-1.6E-2]
["COLUMN-Australia shows how policy can stifle renewable energy future: Russell",null,null,null,null,"156 mm High Eff Multi Solar Wafer ",0.16,0.125,0.13100000000000001,-2E-3,-1.4999999999999999E-2]
["Reuters",null,null,null,"2020-05-25","156 mm Mono Solar Wafer ",0.34,0.26,0.28599999999999998,-1E-3,-3.5000000000000001E-3]
["Solar sector huge potential to benefit energy extensive sectors PSU ...",null,null,null,null,"158.75 / 161.75mm Mono Wafer ",0.34499999999999997,0.28999999999999998,0.30199999999999999,-1E-3,-3.3E-3]
["PSU Connect (press release) (blog)",null,null,null,"2020-05-25","161.7+/163.75mm Mono PWafer ",0.35,0.30499999999999999,0.313,-1E-3,-3.2000000000000002E-3]
["Potential impact of coronavirus outbreak on Molten Salt Solar ...",null,null,null,null,"156 mm Multi Wafer Outside China","Visit here for more detail wafer price information"]
["3rd Watch News",null,null,null,"2020-05-25","156mm DiamondWire Poly Wafer","Visit here for more detail wafer price information"]
["Amazon commits to five new utility-scale solar projects",null,null,null,null,"156 mm N-Mono Wafer","Visit here for more detail"]
["DataCenterNews North America",null,null,null,"2020-05-25","Unit: USD ","more",null,"Last Update: 2020-05-20"]
["Solar Farm Proposed For Kerang Airport",null,null,null,null,"Wafer Prices In China: The Prices are surveyed by RMB term with Tax and then shown in USD term without 13% of VAT after April 1, 2019, 16% of VAT after May 1, 2018 and 17% of VAT before May 1, 2018."]
["Solar Quotes (blog)",null,null,null,"2020-05-25","Solar PV Cell Weekly Spot Price "]
["India¡¦s ReNew Power Wins 400 Megawatt Renewable Energy Project",null,null,null,null,"Item ","High ","Low ","Average ","AvgChg ","AvgChg % "]
["CleanTechnica",null,null,null,"2020-05-25","Multi Cell Price ",0.09,5.7000000000000002E-2,6.0999999999999999E-2,-2E-3,-3.1699999999999999E-2]
["Another $15.3 Million For Renewables And Energy Efficiency In Victoria",null,null,null,null,"Poly PERC Cell ",0.105,0.08,8.5000000000000006E-2,-1E-3,-1.1599999999999999E-2]
["Solar Quotes (blog)",null,null,null,"2020-05-25","Mono PERC Cell ",0.13,0.09,9.7000000000000003E-2,0,0]
["Big rooftop solar in the cities: dynamic switching is key",null,null,null,null,"China Mono PERC Cell ",0.1,0.09,9.6000000000000002E-2,0,0]
["pv magazine Australia",null,null,null,"2020-05-25","158.75/161.75mm Mono PERC Cell ",0.12,9.5000000000000001E-2,9.9000000000000005E-2,0,0]
["How companies may benefit from clean energy imports - report",null,null,null,null,"China Poly Cell Per Watt ","Visit here for more detail Cell price information"]
["MINING.com",null,null,null,"2020-05-25","Non (TW or CN) Poly Cell Per Watt","Visit here for more detail Cell price information"]
["Cleaner, and now cheaper: Solar power beats coal",null,null,null,null,"Unit: USD / Watt","more",null,"Last Update: 2020-05-20"]
["Economic Times (blog)",null,null,null,"2020-05-24","High Efficency Mono PERC Cell: The Prices are mainly represented to 5BB solar cells with 22.1%+ efficiency or 9+BB ones with 22.5%+ efficiency and less than 1.5% of CTM efficiency lost."]
["Last Update: 2020-May- 25 23:00 (GMT+8)",null,null,null,null,"Solar PV Module Weekly Spot Price "]
["Solar PV Corporate News Release",null,null,null,null,"Item ","High ","Low ","Average ","AvgChg ","AvgChg % "]
["JinkoSolar Announces First Quarter 2019 Financial Results",null,null,null,null,"Poly Solar Module ",0.28000000000000003,0.16,0.17100000000000001,-3.0000000000000001E-3,-1.72E-2]
["JinkoSolar",null,"2019-06-28",null,null,"Poly Module in China ",0.18,0.16,0.16800000000000001,-4.0000000000000001E-3,-2.3300000000000001E-2]
["CANADIAN SOLAR REPORTS FIRST QUARTER 2019 RESULTS",null,null,null,null,"Poly High Eff / PERC Module ",0.31,0.16500000000000001,0.187,-3.0000000000000001E-3,-1.5800000000000002E-2]
["CanadianSol",null,"2019-05-30",null,null,"Mono High Eff / PERC Module ",0.35,0.17,0.189,-4.0000000000000001E-3,-2.07E-2]
["SunPower Reports First Quarter 2019 Results",null,null,null,null,"Mono High Eff / PERC Module in China ",0.2,0.17,0.184,-5.0000000000000001E-3,-2.6499999999999999E-2]
["Sunpower",null,"2019-05-10",null,null,"ThinFilm Solar Module ",0.31,0.2,0.21299999999999999,-2E-3,-9.2999999999999992E-3]
["First Solar, Inc. Announces First Quarter 2019 Financial Results",null,null,null,null,"US Multi Solar Module","Visit here for more detail module price information"]
["First Solar",null,"2019-05-03",null,null,"Mono Silicon Solar Module","Visit here for more detail module price information"]
["JinkoSolar Announces Fourth Quarter and Full Year 2018 Financial Results",null,null,null,null,"India Poly Module","Visit here for more detail module price information"]
["JinkoSolar",null,"2019-03-22",null,null,"Unit: USD / Watt ","more",null,"Last Update: 2020-05-20"]
[null,null,null,null,null,"All Spot Prices are Tax excluded and updated on Wednesday "]
["Price Methodology","Terms of Use","Privacy Policy ","About Us ","Contact Us ","Site Map"]
["Copyright © 2020 PVinsights.com All rights reserved"]

{"sheet":"pvinsights 26 06 20","index":52,"n_rows":54,"n_cols":13,"rows_kept":54,"cut":false,"hidden":false,"merged":[[4,0,5,4],[9,0,9,4],[10,0,10,3],[11,0,11,4],[12,0,12,3],[19,0,19,4],[20,0,20,3],[21,0,21,4],[22,0,22,3],[13,0,13,4],[14,0,14,3],[15,0,15,4],[16,0,16,3],[17,0,17,4],[39,0,39,4],[7,0,8,4],[41,0,41,2],[42,0,42,1],[23,0,23,4],[24,0,24,3],[25,0,25,4],[36,0,36,3],[37,0,37,4],[26,0,26,3],[27,0,27,4],[28,0,28,3],[29,0,29,4],[30,0,30,3],[31,0,31,4],[18,0,18,3],[32,0,32,3],[33,0,33,4],[34,0,34,3],[35,0,35,4],[38,0,38,3],[47,6,47,10],[50,0,50,1],[40,0,40,2],[9,6,9,9],[10,6,10,9],[11,6,11,7],[11,8,11,10],[23,6,23,10],[24,6,24,10],[25,6,25,10],[44,0,44,1],[45,0,45,2],[46,0,46,1],[47,0,47,2],[48,0,48,1],[43,0,43,2],[4,11,13,11],[26,8,26,10],[35,6,35,10],[36,6,36,10],[37,6,37,7],[37,8,37,10],[26,6,26,7],[51,0,51,4],[48,6,48,10],[49,6,49,10],[50,6,50,7],[50,8,50,10],[51,5,51,10],[49,0,49,2]]}
[null,"Login","Register","Member Center"]
[]
["Home","Why Solar","Retailer Price","Contract Price","Inverter Price","Weekly Snapshots","Price Download","Monthly Insights","Weekly Forecast","Price Forecast","Premier Insights","Premier Data","Advertising"]
[null,null,null,null,null,"PV Poly Silicon Weekly Spot Price"]
["The US 2018 AD & CVD Sunset Reviews",null,null,null,null,"Item ","High ","Low ","Average ","AvgChg ","AvgChg% "]
[null,null,null,null,null,"PV Grade PolySilicon (9N/9N+) ",8.8000000000000007,3.35,6.19,0,0]
[null,null,null,null,null,"2nd Grade PolySilicon (6N-8N) ",3.6,2.4,2.8,0,0]
["Latest Solar PV News",null,null,null,null,"N Mono Grade PolySilicon in China (12N/12N+) ",8.8000000000000007,8.5,8.57,0,0]
[null,null,null,null,null,"Mono Grade PolySilicon in China (11N/11N+) ",8.8000000000000007,6.5,7.07,0,0]
["CAMEROON: 125 kWp solar power plant will soon be delivered to Eneo in Lomié",null,null,null,null,"PV Grade PolySilicon in China (9N/9N+) ","Visit here for more Poly-Si price",null,null,null,"%"]
["AFRIK 21",null,null,null,"2020-06-26","PV Grade PolySilicon Outside China (9N/9N+) ","Visit here for more Poly-Si price",null,null,null,"%"]
["Solar energy company to hold virtual town hall",null,null,null,null,"Unit: USD/Kg ","more",null,"Last Update: 2020-06-24"]
["Kokomo Tribune",null,null,null,"2020-06-26","Definition of N Mono Grade: Poly silicon chunk or Chip Polysiliocn with high purity can be directly produced to N-Type Monocrystalline Ingots, mainly supplied by Wacker"]
["Solar Energy Grows During Pandemic, Generating 37000 Jobs in ...",null,null,null,null,"Definition of PV Grade: Poly silicon chunk with high purity can be directly produced to Solar PV Ingots / Bricks"]
["The Rio Times",null,null,null,"2020-06-26","Definition of 2nd Grade: Poly silicon chunk must be mixed with high purity polysilicon, when producing Solar PV Ingots / Bricks."]
["Harnessing sunlight, wind, and water: can climate data boost the green energy sector?",null,null,null,null,"PolySilicon Price In China: The Price is surveyed by RMB term with Tax and then shown in USD term without 13% of VAT after Apri 1, 2019, 16% of VAT after May 1, 2018 and 17% of VAT before May 1, 2018."]
["Euronews",null,null,null,"2020-06-26","Solar PV Wafer Weekly Spot Price "]
["EU bank backs 200MW Spanish solar",null,null,null,null,"Item ","High ","Low ","Average ","AvgChg ","AvgChg% "]
["reNEWS",null,null,null,"2020-06-26","156 mm Multi Solar Wafer ",0.15,0.1,0.113,0,0]
["India Is Using More Solar Energy¡Xbut It Carries a Lead Risk",null,null,null,null,"156 mm High Eff Multi Solar Wafer ",0.15,0.115,0.12,0,0]
["WIRED",null,null,null,"2020-06-26","156 mm Mono Solar Wafer ",0.315,0.255,0.27500000000000002,-1E-3,-3.5999999999999999E-3]
["Solar energy harvesting through biomimicking the wings of a butterfly",null,null,null,null,"158.75 / 161.75mm Mono Wafer ",0.32500000000000001,0.28000000000000003,0.28699999999999998,-1E-3,-3.5000000000000001E-3]
["Tech Xplore",null,null,null,"2020-06-26","161.7+/163.75mm Mono PWafer ",0.33,0.28499999999999998,0.29499999999999998,-1E-3,-3.3999999999999998E-3]
["As Pandemic Leads to Clearer Skies, Solar Energy Output Rises",null,null,null,null,"156 mm Multi Wafer Outside China","Visit here for more detail wafer price information"]
["U.S. News & World Report",null,null,null,"2020-06-26","156mm DiamondWire Poly Wafer","Visit here for more detail wafer price information"]
["Renewable energy breaks UK record in first quarter of 2020",null,null,null,null,"156 mm N-Mono Wafer","Visit here for more detail"]
["The Guardian",null,null,null,"2020-06-26","Unit: USD ","more",null,"Last Update: 2020-06-24"]
["GHANA-KENYA: Redavia contracts loan from NDF to provide solar energy to enterprises",null,null,null,null,"Wafer Prices In China: The Prices are surveyed by RMB term with Tax and then shown in USD term without 13% of VAT after April 1, 2019, 16% of VAT after May 1, 2018 and 17% of VAT before May 1, 2018."]
["AFRIK 21",null,null,null,"2020-06-26","Solar PV Cell Weekly Spot Price "]
["Environment Colorado wants solar panels on every new home",null,null,null,null,"Item ","High ","Low ","Average ","AvgChg ","AvgChg % "]
["coloradopolitics.com",null,null,null,"2020-06-26","Multi Cell Price ",0.09,5.5E-2,5.8999999999999997E-2,0,0]
["Program works to reduce costs for those looking to switch to solar energy",null,null,null,null,"Poly PERC Cell ",0.105,7.4999999999999997E-2,8.1000000000000003E-2,0,0]
["fox2now.com",null,null,null,"2020-06-26","Mono PERC Cell ",0.13,0.09,9.7000000000000003E-2,0,0]
["Duke Energy program helping N.C. customers and schools expand ...",null,null,null,null,"China Mono PERC Cell ",0.1,0.09,9.6000000000000002E-2,0,0]
["Duke Energy News Center",null,null,null,"2020-06-26","158.75/161.75mm Mono PERC Cell ",0.12,9.5000000000000001E-2,9.9000000000000005E-2,0,0]
["Shepparton Council Adds More Solar Power",null,null,null,null,"China Poly Cell Per Watt ","Visit here for more detail Cell price information"]
["Solar Quotes (blog)",null,null,null,"2020-06-26","Non (TW or CN) Poly Cell Per Watt","Visit here for more detail Cell price information"]
["Planet Solar Names LG Electronics Exclusive Solar Panel Provider",null,null,null,null,"Unit: USD / Watt","more",null,"Last Update: 2020-06-24"]
["Solar Industry",null,null,null,"2020-06-26","High Efficency Mono PERC Cell: The Prices are mainly represented to 5BB solar cells with 22.1%+ efficiency or 9+BB ones with 22.5%+ efficiency and less than 1.5% of CTM efficiency lost."]
["Last Update: 2020-Jun- 26 23:00 (GMT+8)",null,null,null,null,"Solar PV Module Weekly Spot Price "]
["Solar PV Corporate News Release",null,null,null,null,"Item ","High ","Low ","Average ","AvgChg ","AvgChg % "]
["JinkoSolar Announces First Quarter 2019 Financial Results",null,null,null,null,"Poly Solar Module ",0.28000000000000003,0.15,0.16400000000000001,-1E-3,-6.1000000000000004E-3]
["JinkoSolar",null,"2019-06-28",null,null,"Poly Module in China ",0.18,0.16,0.161,-1E-3,-6.1999999999999998E-3]
["CANADIAN SOLAR REPORTS FIRST QUARTER 2019 RESULTS",null,null,null,null,"Poly High Eff / PERC Module ",0.31,0.16,0.17699999999999999,-1E-3,-5.5999999999999999E-3]
["CanadianSol",null,"2019-05-30",null,null,"Mono High Eff / PERC Module ",0.35,0.16500000000000001,0.17799999999999999,-1E-3,-5.5999999999999999E-3]
["SunPower Reports First Quarter 2019 Results",null,null,null,null,"Mono High Eff / PERC Module in China ",0.2,0.16500000000000001,0.17199999999999999,-1E-3,-5.7999999999999996E-3]
["Sunpower",null,"2019-05-10",null,null,"ThinFilm Solar Module ",0.31,0.19,0.20799999999999999,-1E-3,-4.7999999999999996E-3]
["First Solar, Inc. Announces First Quarter 2019 Financial Results",null,null,null,null,"US Multi Solar Module","Visit here for more detail module price information"]
["First Solar",null,"2019-05-03",null,null,"Mono Silicon Solar Module","Visit here for more detail module price information"]
["JinkoSolar Announces Fourth Quarter and Full Year 2018 Financial Results",null,null,null,null,"India Poly Module","Visit here for more detail module price information"]
["JinkoSolar",null,"2019-03-22",null,null,"Unit: USD / Watt ","more",null,"Last Update: 2020-06-24"]
[null,null,null,null,null,"All Spot Prices are Tax excluded and updated on Wednesday "]
["Price Methodology","Terms of Use","Privacy Policy ","About Us ","Contact Us ","Site Map"]
["Copyright © 2020 PVinsights.com All rights reserved"]

{"sheet":"pvinsights 28 07 20","index":53,"n_rows":54,"n_cols":13,"rows_kept":54,"cut":false,"hidden":false,"merged":[[51,0,51,4],[48,6,48,10],[49,6,49,10],[50,6,50,7],[50,8,50,10],[51,5,51,10],[49,0,49,2],[4,11,13,11],[26,8,26,10],[35,6,35,10],[36,6,36,10],[37,6,37,7],[37,8,37,10],[26,6,26,7],[47,6,47,10],[50,0,50,1],[40,0,40,2],[9,6,9,9],[10,6,10,9],[11,6,11,7],[11,8,11,10],[23,6,23,10],[24,6,24,10],[25,6,25,10],[44,0,44,1],[45,0,45,2],[46,0,46,1],[47,0,47,2],[48,0,48,1],[43,0,43,2],[32,0,32,3],[33,0,33,4],[34,0,34,3],[35,0,35,4],[38,0,38,3],[39,0,39,4],[7,0,8,4],[41,0,41,2],[42,0,42,1],[23,0,23,4],[24,0,24,3],[25,0,25,4],[36,0,36,3],[37,0,37,4],[26,0,26,3],[27,0,27,4],[28,0,28,3],[29,0,29,4],[30,0,30,3],[31,0,31,4],[18,0,18,3],[19,0,19,4],[20,0,20,3],[21,0,21,4],[22,0,22,3],[13,0,13,4],[14,0,14,3],[15,0,15,4],[16,0,16,3],[17,0,17,4],[4,0,5,4],[9,0,9,4],[10,0,10,3],[11,0,11,4],[12,0,12,3]]}
[null,"Login","Register","Member Center"]
[]
["Home","Why Solar","Retailer Price","Contract Price","Inverter Price","Weekly Snapshots","Price Download","Monthly Insights","Weekly Forecast","Price Forecast","Premier Insights","Premier Data","Advertising"]
[null,null,null,null,null,"PV Poly Silicon Weekly Spot Price"]
["The US 2018 AD & CVD Sunset Reviews",null,null,null,null,"Item ","High ","Low ","Average ","AvgChg ","AvgChg% "]
[null,null,null,null,null,"PV Grade PolySilicon (9N/9N+) ",9.8000000000000007,4.5,8.2100000000000009,1.38,0.20200000000000001]
[null,null,null,null,null,"2nd Grade PolySilicon (6N-8N) ",4,3,3.44,0.5,0.1701]
["Latest Solar PV News",null,null,null,null,"N Mono Grade PolySilicon in China (12N/12N+) ",9.8000000000000007,9.25,9.4600000000000009,0.67,7.6200000000000004E-2]
[null,null,null,null,null,"Mono Grade PolySilicon in China (11N/11N+) ",9.8000000000000007,8,8.7799999999999994,1.1000000000000001,0.14319999999999999]
["Switch turns to Tesla for renewable energy storage",null,null,null,null,"PV Grade PolySilicon in China (9N/9N+) ","Visit here for more Poly-Si price",null,null,null,"%"]
["Network World",null,null,null,"2020-07-29","PV Grade PolySilicon Outside China (9N/9N+) ","Visit here for more Poly-Si price",null,null,null,"%"]
["Sarasota County Wins National Award for Solar Energy Efforts",null,null,null,null,"Unit: USD/Kg ","more",null,"Last Update: 2020-07-22"]
["Sarasota",null,null,null,"2020-07-29","Definition of N Mono Grade: Poly silicon chunk or Chip Polysiliocn with high purity can be directly produced to N-Type Monocrystalline Ingots, mainly supplied by Wacker"]
["Solar Energy Expands in Brazil Despite the Pandemic",null,null,null,null,"Definition of PV Grade: Poly silicon chunk with high purity can be directly produced to Solar PV Ingots / Bricks"]
["Inter Press Service",null,null,null,"2020-07-29","Definition of 2nd Grade: Poly silicon chunk must be mixed with high purity polysilicon, when producing Solar PV Ingots / Bricks."]
["More Solar Panels For SA¡¦s Mitcham Council",null,null,null,null,"PolySilicon Price In China: The Price is surveyed by RMB term with Tax and then shown in USD term without 13% of VAT after Apri 1, 2019, 16% of VAT after May 1, 2018 and 17% of VAT before May 1, 2018."]
["Solar Quotes",null,null,null,"2020-07-29","Solar PV Wafer Weekly Spot Price "]
["C2 Energy Capital Works with Solar Partners to Guide a School ...",null,null,null,null,"Item ","High ","Low ","Average ","AvgChg ","AvgChg% "]
["AltEnergyMag",null,null,null,"2020-07-29","156 mm Multi Solar Wafer ",0.15,0.125,0.13300000000000001,0,0]
["LG *Not* Exiting Solar Business",null,null,null,null,"156 mm High Eff Multi Solar Wafer ",0.15,0.13500000000000001,0.14000000000000001,0,0]
["Solar Quotes",null,null,null,"2020-07-29","156 mm Mono Solar Wafer ",0.30499999999999999,0.255,0.27200000000000002,0,0]
["Azure Power Awarded Most Sustainable Company in the Solar ...",null,null,null,null,"158.75 / 161.75mm Mono Wafer ",0.315,0.27500000000000002,0.28199999999999997,0,0]
["PR Newswire India",null,null,null,"2020-07-29","161.7+/163.75mm Mono PWafer ",0.32,0.28499999999999998,0.28999999999999998,0,0]
["What to know before switching to solar power",null,null,null,null,"156 mm Multi Wafer Outside China","Visit here for more detail wafer price information"]
["The Weekly Times",null,null,null,"2020-07-29","156mm DiamondWire Poly Wafer","Visit here for more detail wafer price information"]
["First downstate project through Illinois community solar program ...",null,null,null,null,"156 mm N-Mono Wafer","Visit here for more detail"]
["Energy News Network",null,null,null,"2020-07-29","Unit: USD ","more",null,"Last Update: 2020-07-22"]
["Transparent and Double-Sided Sun-Tracking Solar Panels Could ...",null,null,null,null,"Wafer Prices In China: The Prices are surveyed by RMB term with Tax and then shown in USD term without 13% of VAT after April 1, 2019, 16% of VAT after May 1, 2018 and 17% of VAT before May 1, 2018."]
["AltEnergyMag",null,null,null,"2020-07-29","Solar PV Cell Weekly Spot Price "]
["Closing the Loop on Solar Panel Recycling",null,null,null,null,"Item ","High ","Low ","Average ","AvgChg ","AvgChg % "]
["ENGINEERING.com",null,null,null,"2020-07-29","Multi Cell Price ",0.09,5.5E-2,6.0999999999999999E-2,0,0]
["Renewable Energy Agency appoints consultants to its Board",null,null,null,null,"Poly PERC Cell ",0.105,7.4999999999999997E-2,8.2000000000000003E-2,0,0]
["Consultancy.com.au",null,null,null,"2020-07-29","Mono PERC Cell ",0.13,9.5000000000000001E-2,0.10100000000000001,0,0]
["RBC to buy 31,500 megawatt-hours of solar energy per year",null,null,null,null,"China Mono PERC Cell ",0.105,9.5000000000000001E-2,0.1,0,0]
["MobileSyrup",null,null,null,"2020-07-28","158.75/161.75mm Mono PERC Cell ",0.12,9.5000000000000001E-2,0.10299999999999999,0,0]
["Solar Energy Project Manager",null,null,null,null,"China Poly Cell Per Watt ","Visit here for more detail Cell price information"]
["SustainableBusiness.com",null,null,null,"2020-07-28","Non (TW or CN) Poly Cell Per Watt","Visit here for more detail Cell price information"]
["With New Municipal Programs, Rhode Island Electricity Will Contain More Local Renewable Energy",null,null,null,null,"Unit: USD / Watt","more",null,"Last Update: 2020-07-22"]
["ecoRI news",null,null,null,"2020-07-28","High Efficency Mono PERC Cell: The Prices are mainly represented to 5BB solar cells with 22.1%+ efficiency or 9+BB ones with 22.5%+ efficiency and less than 1.5% of CTM efficiency lost."]
["Last Update: 2020-Jul- 29 07:00 (GMT+8)",null,null,null,null,"Solar PV Module Weekly Spot Price "]
["Solar PV Corporate News Release",null,null,null,null,"Item ","High ","Low ","Average ","AvgChg ","AvgChg % "]
["JinkoSolar Announces First Quarter 2019 Financial Results",null,null,null,null,"Poly Solar Module ",0.28000000000000003,0.15,0.16300000000000001,0,0]
["JinkoSolar",null,"2019-06-28",null,null,"Poly Module in China ",0.18,0.16,0.16,0,0]
["CANADIAN SOLAR REPORTS FIRST QUARTER 2019 RESULTS",null,null,null,null,"Poly High Eff / PERC Module ",0.31,0.16,0.17499999999999999,0,0]
["CanadianSol",null,"2019-05-30",null,null,"Mono High Eff / PERC Module ",0.35,0.16,0.17599999999999999,0,0]
["SunPower Reports First Quarter 2019 Results",null,null,null,null,"Mono High Eff / PERC Module in China ",0.2,0.16,0.17,0,0]
["Sunpower",null,"2019-05-10",null,null,"ThinFilm Solar Module ",0.31,0.19,0.20699999999999999,0,0]
["First Solar, Inc. Announces First Quarter 2019 Financial Results",null,null,null,null,"US Multi Solar Module","Visit here for more detail module price information"]
["First Solar",null,"2019-05-03",null,null,"Mono Silicon Solar Module","Visit here for more detail module price information"]
["JinkoSolar Announces Fourth Quarter and Full Year 2018 Financial Results",null,null,null,null,"India Poly Module","Visit here for more detail module price information"]
["JinkoSolar",null,"2019-03-22",null,null,"Unit: USD / Watt ","more",null,"Last Update: 2020-07-22"]
[null,null,null,null,null,"All Spot Prices are Tax excluded and updated on Wednesday "]
["Price Methodology","Terms of Use","Privacy Policy ","About Us ","Contact Us ","Site Map"]
["Copyright © 2020 PVinsights.com All rights reserved"]

{"sheet":"pvinsights 16 08 20","index":54,"n_rows":54,"n_cols":13,"rows_kept":54,"cut":false,"hidden":false,"merged":[[4,0,5,4],[9,0,9,4],[10,0,10,3],[11,0,11,4],[12,0,12,3],[19,0,19,4],[20,0,20,3],[21,0,21,4],[22,0,22,3],[13,0,13,4],[14,0,14,3],[15,0,15,4],[16,0,16,3],[17,0,17,4],[39,0,39,4],[7,0,8,4],[41,0,41,2],[42,0,42,1],[23,0,23,4],[24,0,24,3],[25,0,25,4],[36,0,36,3],[37,0,37,4],[26,0,26,3],[27,0,27,4],[28,0,28,3],[29,0,29,4],[30,0,30,3],[31,0,31,4],[18,0,18,3],[32,0,32,3],[33,0,33,4],[34,0,34,3],[35,0,35,4],[38,0,38,3],[47,6,47,10],[50,0,50,1],[40,0,40,2],[9,6,9,9],[10,6,10,9],[11,6,11,7],[11,8,11,10],[23,6,23,10],[24,6,24,10],[25,6,25,10],[44,0,44,1],[45,0,45,2],[46,0,46,1],[47,0,47,2],[48,0,48,1],[43,0,43,2],[4,11,13,11],[26,8,26,10],[35,6,35,10],[36,6,36,10],[37,6,37,7],[37,8,37,10],[26,6,26,7],[51,0,51,4],[48,6,48,10],[49,6,49,10],[50,6,50,7],[50,8,50,10],[51,5,51,10],[49,0,49,2]]}
[null,"Login","Register","Member Center"]
[]
["Home","Why Solar","Retailer Price","Contract Price","Inverter Price","Weekly Snapshots","Price Download","Monthly Insights","Weekly Forecast","Price Forecast","Premier Insights","Premier Data","Advertising"]
[null,null,null,null,null,"PV Poly Silicon Weekly Spot Price"]
["The US 2018 AD & CVD Sunset Reviews",null,null,null,null,"Item ","High ","Low ","Average ","AvgChg ","AvgChg% "]
[null,null,null,null,null,"PV Grade PolySilicon (9N/9N+) ",11.8,7.5,10.68,0.61,6.0600000000000001E-2]
[null,null,null,null,null,"2nd Grade PolySilicon (6N-8N) ",6,5.5,5.53,0.74,0.1545]
["Latest Solar PV News",null,null,null,null,"N Mono Grade PolySilicon in China (12N/12N+) ",11.8,11.25,11.65,0.84,7.7700000000000005E-2]
[null,null,null,null,null,"Mono Grade PolySilicon in China (11N/11N+) ",11.8,10.5,11.18,0.83,8.0199999999999994E-2]
["Solar Energy Isn¡¦t Available in the Dark, So Researchers Designed an Efficient Low-Cost System for Producing Power at N",null,null,null,null,"PV Grade PolySilicon in China (9N/9N+) ","Visit here for more Poly-Si price",null,null,null,"%"]
["SciTechDaily",null,null,null,"2020-08-16","PV Grade PolySilicon Outside China (9N/9N+) ","Visit here for more Poly-Si price",null,null,null,"%"]
["JA Solar launches 800 W solar panel ¡V pv magazine International",null,null,null,null,"Unit: USD/Kg ","more",null,"Last Update: 2020-08-12"]
["pv magazine International",null,null,null,"2020-08-16","Definition of N Mono Grade: Poly silicon chunk or Chip Polysiliocn with high purity can be directly produced to N-Type Monocrystalline Ingots, mainly supplied by Wacker"]
["Solar energy debated in Jefferson County | News, Sports, Jobs",null,null,null,null,"Definition of PV Grade: Poly silicon chunk with high purity can be directly produced to Solar PV Ingots / Bricks"]
["Martins Ferry Times Leader",null,null,null,"2020-08-16","Definition of 2nd Grade: Poly silicon chunk must be mixed with high purity polysilicon, when producing Solar PV Ingots / Bricks."]
["Solar energy to power Siachen Base Camp, Brigade headquarters",null,null,null,null,"PolySilicon Price In China: The Price is surveyed by RMB term with Tax and then shown in USD term without 13% of VAT after Apri 1, 2019, 16% of VAT after May 1, 2018 and 17% of VAT before May 1, 2018."]
["Times of India",null,null,null,"2020-08-16","Solar PV Wafer Weekly Spot Price "]
["Solar Energy Isn¡¦t Available in the Dark, So Researchers Designed an Efficient Low-Cost System for Producing Power at N",null,null,null,null,"Item ","High ","Low ","Average ","AvgChg ","AvgChg% "]
["SciTechDaily",null,null,null,"2020-08-16","156 mm Multi Solar Wafer ",0.16,0.15,0.153,3.0000000000000001E-3,0.02]
["Role Of Technology And IoT In Modern Solar Panels",null,null,null,null,"156 mm High Eff Multi Solar Wafer ",0.16,0.155,0.158,4.0000000000000001E-3,2.5999999999999999E-2]
["Inc42 Media",null,null,null,"2020-08-16","156 mm Mono Solar Wafer ",0.34499999999999997,0.31,0.32600000000000001,6.0000000000000001E-3,1.8800000000000001E-2]
["The pandemic helps and doubles the share of wind power and solar ...",null,null,null,null,"158.75 / 161.75mm Mono Wafer ",0.36,0.34,0.34200000000000003,6.0000000000000001E-3,1.7899999999999999E-2]
["REVE",null,null,null,"2020-08-16","161.7+/163.75mm Mono PWafer ",0.36499999999999999,0.35,0.35499999999999998,6.0000000000000001E-3,1.72E-2]
["This Renewable Energy Company Sees a Bright Future for Solar",null,null,null,null,"156 mm Multi Wafer Outside China","Visit here for more detail wafer price information"]
["Motley Fool",null,null,null,"2020-08-16","156mm DiamondWire Poly Wafer","Visit here for more detail wafer price information"]
["Facebook inks large solar deal to power its operations with renewables",null,null,null,null,"156 mm N-Mono Wafer","Visit here for more detail"]
["Energy Live News - Energy Made Easy",null,null,null,"2020-08-16","Unit: USD ","more",null,"Last Update: 2020-08-12"]
["Solar energy to power Siachen base camp",null,null,null,null,"Wafer Prices In China: The Prices are surveyed by RMB term with Tax and then shown in USD term without 13% of VAT after April 1, 2019, 16% of VAT after May 1, 2018 and 17% of VAT before May 1, 2018."]
["Times of India",null,null,null,"2020-08-16","Solar PV Cell Weekly Spot Price "]
["Renewables generate more energy than fossil fuels in Europe for the first time ever",null,null,null,null,"Item ","High ","Low ","Average ","AvgChg ","AvgChg % "]
["Euronews",null,null,null,"2020-08-16","Multi Cell Price ",0.09,6.5000000000000002E-2,6.7000000000000004E-2,2E-3,3.0800000000000001E-2]
["Albany commissioners reject solar development moratorium",null,null,null,null,"Poly PERC Cell ",0.115,8.5000000000000006E-2,0.09,2E-3,2.2700000000000001E-2]
["Wyoming Tribune",null,null,null,"2020-08-16","Mono PERC Cell ",0.14000000000000001,0.105,0.113,3.0000000000000001E-3,2.7300000000000001E-2]
["6 Acres of Solar Energy to Help Glocester Farm Pay Bills",null,null,null,null,"China Mono PERC Cell ",0.125,0.105,0.111,2E-3,1.83E-2]
["ecoRI news",null,null,null,"2020-08-16","158.75/161.75mm Mono PERC Cell ",0.12,0.105,0.114,2E-3,1.7899999999999999E-2]
["Solar Energy Glass Market with Competitive Analysis, New Business Developments and Top Companies: AGC, Guardian Industri",null,null,null,null,"China Poly Cell Per Watt ","Visit here for more detail Cell price information"]
["The Daily Chronicle",null,null,null,"2020-08-15","Non (TW or CN) Poly Cell Per Watt","Visit here for more detail Cell price information"]
["PV Solar Energy Charge Controller (Solar Energy Charge Controller) Market 2020 by Application (Industrial & Commerci",null,null,null,null,"Unit: USD / Watt","more",null,"Last Update: 2020-08-12"]
["Scientect",null,null,null,"2020-08-15","High Efficency Mono PERC Cell: The Prices are mainly represented to 5BB solar cells with 22.1%+ efficiency or 9+BB ones with 22.5%+ efficiency and less than 1.5% of CTM efficiency lost."]
["Last Update: 2020-Aug- 16 20:00 (GMT+8)",null,null,null,null,"Solar PV Module Weekly Spot Price "]
["Solar PV Corporate News Release",null,null,null,null,"Item ","High ","Low ","Average ","AvgChg ","AvgChg % "]
["JinkoSolar Announces First Quarter 2019 Financial Results",null,null,null,null,"Poly Solar Module ",0.28000000000000003,0.15,0.16700000000000001,2E-3,1.21E-2]
["JinkoSolar",null,"2019-06-28",null,null,"Poly Module in China ",0.18,0.16,0.16700000000000001,2E-3,1.21E-2]
["CANADIAN SOLAR REPORTS FIRST QUARTER 2019 RESULTS",null,null,null,null,"Poly High Eff / PERC Module ",0.31,0.16500000000000001,0.18,2E-3,1.12E-2]
["CanadianSol",null,"2019-05-30",null,null,"Mono High Eff / PERC Module ",0.35,0.17,0.183,2E-3,1.0999999999999999E-2]
["SunPower Reports First Quarter 2019 Results",null,null,null,null,"Mono High Eff / PERC Module in China ",0.2,0.17499999999999999,0.182,3.0000000000000001E-3,1.6799999999999999E-2]
["Sunpower",null,"2019-05-10",null,null,"ThinFilm Solar Module ",0.31,0.19,0.20899999999999999,1E-3,4.7999999999999996E-3]
["First Solar, Inc. Announces First Quarter 2019 Financial Results",null,null,null,null,"US Multi Solar Module","Visit here for more detail module price information"]
["First Solar",null,"2019-05-03",null,null,"Mono Silicon Solar Module","Visit here for more detail module price information"]
["JinkoSolar Announces Fourth Quarter and Full Year 2018 Financial Results",null,null,null,null,"India Poly Module","Visit here for more detail module price information"]
["JinkoSolar",null,"2019-03-22",null,null,"Unit: USD / Watt ","more",null,"Last Update: 2020-08-12"]
[null,null,null,null,null,"All Spot Prices are Tax excluded and updated on Wednesday "]
["Price Methodology","Terms of Use","Privacy Policy ","About Us ","Contact Us ","Site Map"]
["Copyright © 2020 PVinsights.com All rights reserved"]

{"sheet":"pvinsights 19 09 20","index":55,"n_rows":54,"n_cols":13,"rows_kept":54,"cut":false,"hidden":false,"merged":[[4,0,5,4],[9,0,9,4],[10,0,10,3],[11,0,11,4],[12,0,12,3],[19,0,19,4],[20,0,20,3],[21,0,21,4],[22,0,22,3],[13,0,13,4],[14,0,14,3],[15,0,15,4],[16,0,16,3],[17,0,17,4],[39,0,39,4],[7,0,8,4],[41,0,41,2],[42,0,42,1],[23,0,23,4],[24,0,24,3],[25,0,25,4],[36,0,36,3],[37,0,37,4],[26,0,26,3],[27,0,27,4],[28,0,28,3],[29,0,29,4],[30,0,30,3],[31,0,31,4],[18,0,18,3],[32,0,32,3],[33,0,33,4],[34,0,34,3],[35,0,35,4],[38,0,38,3],[47,6,47,10],[50,0,50,1],[40,0,40,2],[9,6,9,9],[10,6,10,9],[11,6,11,7],[11,8,11,10],[23,6,23,10],[24,6,24,10],[25,6,25,10],[44,0,44,1],[45,0,45,2],[46,0,46,1],[47,0,47,2],[48,0,48,1],[43,0,43,2],[4,11,13,11],[26,8,26,10],[35,6,35,10],[36,6,36,10],[37,6,37,7],[37,8,37,10],[26,6,26,7],[51,0,51,4],[48,6,48,10],[49,6,49,10],[50,6,50,7],[50,8,50,10],[51,5,51,10],[49,0,49,2]]}
[null,"Login","Register","Member Center"]
[]
["Home","Why Solar","Retailer Price","Contract Price","Inverter Price","Weekly Snapshots","Price Download","Monthly Insights","Weekly Forecast","Price Forecast","Premier Insights","Premier Data","Advertising"]
[null,null,null,null,null,"PV Poly Silicon Weekly Spot Price"]
["The US 2018 AD & CVD Sunset Reviews",null,null,null,null,"Item ","High ","Low ","Average ","AvgChg ","AvgChg% "]
[null,null,null,null,null,"PV Grade PolySilicon (9N/9N+) ",12,7.5,10.84,-0.02,-1.8E-3]
[null,null,null,null,null,"2nd Grade PolySilicon (6N-8N) ",5.95,5.5,5.57,-0.04,-7.1000000000000004E-3]
["Latest Solar PV News",null,null,null,null,"N Mono Grade PolySilicon in China (12N/12N+) ",12,11.75,11.96,-0.01,-8.0000000000000004E-4]
[null,null,null,null,null,"Mono Grade PolySilicon in China (11N/11N+) ",12,11,11.49,-0.01,-8.9999999999999998E-4]
["Scottish Water plans to install almost 2000 solar panels in north-east",null,null,null,null,"PV Grade PolySilicon in China (9N/9N+) ","Visit here for more Poly-Si price",null,null,null,"%"]
["Aberdeen Evening Express",null,null,null,"2020-09-19","PV Grade PolySilicon Outside China (9N/9N+) ","Visit here for more Poly-Si price",null,null,null,"%"]
["Renewable energy projects in Southwest Colorado to receive grants",null,null,null,null,"Unit: USD/Kg ","more",null,"Last Update: 2020-09-16"]
["The Durango Herald",null,null,null,"2020-09-19","Definition of N Mono Grade: Poly silicon chunk or Chip Polysiliocn with high purity can be directly produced to N-Type Monocrystalline Ingots, mainly supplied by Wacker"]
["Southern Railway to install solar plants on 460 acres of land",null,null,null,null,"Definition of PV Grade: Poly silicon chunk with high purity can be directly produced to Solar PV Ingots / Bricks"]
["ETEnergyworld.com",null,null,null,"2020-09-19","Definition of 2nd Grade: Poly silicon chunk must be mixed with high purity polysilicon, when producing Solar PV Ingots / Bricks."]
["Solar Energy World Helps Homeowners Combat Power Outages with Tesla Powerwall",null,null,null,null,"PolySilicon Price In China: The Price is surveyed by RMB term with Tax and then shown in USD term without 13% of VAT after Apri 1, 2019, 16% of VAT after May 1, 2018 and 17% of VAT before May 1, 2018."]
["AltEnergyMag",null,null,null,"2020-09-19","Solar PV Wafer Weekly Spot Price "]
["CU Denver Researcher Analyzes the Use of Solar Energy at US Airports",null,null,null,null,"Item ","High ","Low ","Average ","AvgChg ","AvgChg% "]
["CU Denver News",null,null,null,"2020-09-19","156 mm Multi Solar Wafer ",0.16,0.15,0.153,0,0]
["Mumbai Startup¡¦s End-to-End Solution Helps Societies Cut Power Bills By 95%",null,null,null,null,"156 mm High Eff Multi Solar Wafer ",0.16,0.155,0.158,0,0]
["The Better India",null,null,null,"2020-09-19","156 mm Mono Solar Wafer ",0.34499999999999997,0.31,0.32500000000000001,0,0]
["WATCH NOW: Anthem agrees to buy power from solar energy project nearing completion in Hanover",null,null,null,null,"158.75 / 161.75mm Mono Wafer ",0.36,0.33500000000000002,0.34,0,0]
["Richmond.com",null,null,null,"2020-09-19","161.7+/163.75mm Mono PWafer ",0.36499999999999999,0.35,0.35399999999999998,0,0]
["Solar Energy World Helps Homeowners Combat Power Outages ...",null,null,null,null,"156 mm Multi Wafer Outside China","Visit here for more detail wafer price information"]
["AltEnergyMag",null,null,null,"2020-09-19","156mm DiamondWire Poly Wafer","Visit here for more detail wafer price information"]
["CU Denver Researcher Analyzes the Use of Solar Energy at US ...",null,null,null,null,"156 mm N-Mono Wafer","Visit here for more detail"]
["CU Denver News",null,null,null,"2020-09-19","Unit: USD ","more",null,"Last Update: 2020-09-16"]
["Anthem Announces Solar Power Purchase Agreement to Move ...",null,null,null,null,"Wafer Prices In China: The Prices are surveyed by RMB term with Tax and then shown in USD term without 13% of VAT after April 1, 2019, 16% of VAT after May 1, 2018 and 17% of VAT before May 1, 2018."]
["Business Wire",null,null,null,"2020-09-19","Solar PV Cell Weekly Spot Price "]
["EU confirms plans to increase 2030 renewable energy target and ...",null,null,null,null,"Item ","High ","Low ","Average ","AvgChg ","AvgChg % "]
["pv magazine International",null,null,null,"2020-09-19","Multi Cell Price ",0.09,6.5000000000000002E-2,6.7000000000000004E-2,0,0]
["Insider Energy: BP set to dominate solar, Singapore probes Exxon - Business Insider",null,null,null,null,"Poly PERC Cell ",0.115,8.5000000000000006E-2,8.8999999999999996E-2,0,0]
["Business Insider",null,null,null,"2020-09-19","Mono PERC Cell ",0.14000000000000001,0.1,0.107,-2E-3,-1.83E-2]
["Japan Solar Energy Market: Information, Figures and Analytical ...",null,null,null,null,"China Mono PERC Cell ",0.125,0.1,0.105,-2E-3,-1.8700000000000001E-2]
["Scientect",null,null,null,"2020-09-19","158.75/161.75mm Mono PERC Cell ",0.12,0.1,0.107,-3.0000000000000001E-3,-2.7300000000000001E-2]
["Arrival Of Solar Power To Newberry Expected In 2023",null,null,null,null,"China Poly Cell Per Watt ","Visit here for more detail Cell price information"]
["WUFT",null,null,null,"2020-09-18","Non (TW or CN) Poly Cell Per Watt","Visit here for more detail Cell price information"]
["Vortex Energy sells controlling stake in 365MW UK solar portfolio",null,null,null,null,"Unit: USD / Watt","more",null,"Last Update: 2020-09-16"]
["Power Technology",null,null,null,"2020-09-18","High Efficency Mono PERC Cell: The Prices are mainly represented to 5BB solar cells with 22.1%+ efficiency or 9+BB ones with 22.5%+ efficiency and less than 1.5% of CTM efficiency lost."]
["Last Update: 2020-Sep- 19 23:01 (GMT+8)",null,null,null,null,"Solar PV Module Weekly Spot Price "]
["Solar PV Corporate News Release",null,null,null,null,"Item ","High ","Low ","Average ","AvgChg ","AvgChg % "]
["JinkoSolar Announces First Quarter 2019 Financial Results",null,null,null,null,"Poly Solar Module ",0.28000000000000003,0.15,0.17100000000000001,2E-3,1.18E-2]
["JinkoSolar",null,"2019-06-28",null,null,"Poly Module in China ",0.19,0.16,0.17100000000000001,2E-3,1.18E-2]
["CANADIAN SOLAR REPORTS FIRST QUARTER 2019 RESULTS",null,null,null,null,"Poly High Eff / PERC Module ",0.31,0.17,0.187,4.0000000000000001E-3,2.1899999999999999E-2]
["CanadianSol",null,"2019-05-30",null,null,"Mono High Eff / PERC Module ",0.35,0.17499999999999999,0.193,4.0000000000000001E-3,2.12E-2]
["SunPower Reports First Quarter 2019 Results",null,null,null,null,"Mono High Eff / PERC Module in China ",0.21,0.17499999999999999,0.192,4.0000000000000001E-3,2.1299999999999999E-2]
["Sunpower",null,"2019-05-10",null,null,"ThinFilm Solar Module ",0.31,0.19,0.21199999999999999,1E-3,4.7000000000000002E-3]
["First Solar, Inc. Announces First Quarter 2019 Financial Results",null,null,null,null,"US Multi Solar Module","Visit here for more detail module price information"]
["First Solar",null,"2019-05-03",null,null,"Mono Silicon Solar Module","Visit here for more detail module price information"]
["JinkoSolar Announces Fourth Quarter and Full Year 2018 Financial Results",null,null,null,null,"India Poly Module","Visit here for more detail module price information"]
["JinkoSolar",null,"2019-03-22",null,null,"Unit: USD / Watt ","more",null,"Last Update: 2020-09-16"]
[null,null,null,null,null,"All Spot Prices are Tax excluded and updated on Wednesday "]
["Price Methodology","Terms of Use","Privacy Policy ","About Us ","Contact Us ","Site Map"]
["Copyright © 2020 PVinsights.com All rights reserved"]

{"sheet":"pvinsights 06 10 20","index":56,"n_rows":54,"n_cols":13,"rows_kept":54,"cut":false,"hidden":false,"merged":[[51,0,51,4],[48,6,48,10],[49,6,49,10],[50,6,50,7],[50,8,50,10],[51,5,51,10],[49,0,49,2],[4,11,13,11],[26,8,26,10],[35,6,35,10],[36,6,36,10],[37,6,37,7],[37,8,37,10],[26,6,26,7],[47,6,47,10],[50,0,50,1],[40,0,40,2],[9,6,9,9],[10,6,10,9],[11,6,11,7],[11,8,11,10],[23,6,23,10],[24,6,24,10],[25,6,25,10],[44,0,44,1],[45,0,45,2],[46,0,46,1],[47,0,47,2],[48,0,48,1],[43,0,43,2],[32,0,32,3],[33,0,33,4],[34,0,34,3],[35,0,35,4],[38,0,38,3],[39,0,39,4],[7,0,8,4],[41,0,41,2],[42,0,42,1],[23,0,23,4],[24,0,24,3],[25,0,25,4],[36,0,36,3],[37,0,37,4],[26,0,26,3],[27,0,27,4],[28,0,28,3],[29,0,29,4],[30,0,30,3],[31,0,31,4],[18,0,18,3],[19,0,19,4],[20,0,20,3],[21,0,21,4],[22,0,22,3],[13,0,13,4],[14,0,14,3],[15,0,15,4],[16,0,16,3],[17,0,17,4],[4,0,5,4],[9,0,9,4],[10,0,10,3],[11,0,11,4],[12,0,12,3]]}
[null,"Login","Register","Member Center"]
[]
["Home","Why Solar","Retailer Price","Contract Price","Inverter Price","Weekly Snapshots","Price Download","Monthly Insights","Weekly Forecast","Price Forecast","Premier Insights","Premier Data","Advertising"]
[null,null,null,null,null,"PV Poly Silicon Weekly Spot Price"]
["The US 2018 AD & CVD Sunset Reviews",null,null,null,null,"Item ","High ","Low ","Average ","AvgChg ","AvgChg% "]
[null,null,null,null,null,"PV Grade PolySilicon (9N/9N+) ",11.85,7,10.64,-0.16,-1.4800000000000001E-2]
[null,null,null,null,null,"2nd Grade PolySilicon (6N-8N) ",5.7,5.25,5.28,-0.26,-4.6899999999999997E-2]
["Latest Solar PV News",null,null,null,null,"N Mono Grade PolySilicon in China (12N/12N+) ",11.85,11.75,11.81,-0.13,-1.09E-2]
[null,null,null,null,null,"Mono Grade PolySilicon in China (11N/11N+) ",11.85,11,11.34,-0.12,-1.0500000000000001E-2]
["Solar energy hope across farm fields between Darlington and Stockton",null,null,null,null,"PV Grade PolySilicon in China (9N/9N+) ","Visit here for more Poly-Si price",null,null,null,"%"]
["The Northern Echo",null,null,null,"2020-10-06","PV Grade PolySilicon Outside China (9N/9N+) ","Visit here for more Poly-Si price",null,null,null,"%"]
["Dutch city moves towards running on local renewable energy with management platform",null,null,null,null,"Unit: USD/Kg ","more",null,"Last Update: 2020-09-30"]
["Cities Today",null,null,null,"2020-10-06","Definition of N Mono Grade: Poly silicon chunk or Chip Polysiliocn with high purity can be directly produced to N-Type Monocrystalline Ingots, mainly supplied by Wacker"]
["TUNISIA: the government launches a 4th call for tenders for 60 MWp of solar energy",null,null,null,null,"Definition of PV Grade: Poly silicon chunk with high purity can be directly produced to Solar PV Ingots / Bricks"]
["AFRIK 21",null,null,null,"2020-10-06","Definition of 2nd Grade: Poly silicon chunk must be mixed with high purity polysilicon, when producing Solar PV Ingots / Bricks."]
["Australian startup to replace silver with copper in solar cell ...",null,null,null,null,"PolySilicon Price In China: The Price is surveyed by RMB term with Tax and then shown in USD term without 13% of VAT after Apri 1, 2019, 16% of VAT after May 1, 2018 and 17% of VAT before May 1, 2018."]
["pv magazine International",null,null,null,"2020-10-06","Solar PV Wafer Weekly Spot Price "]
["Op-ed: The future of solar energy in the South Africa context",null,null,null,null,"Item ","High ","Low ","Average ","AvgChg ","AvgChg% "]
["ESI Africa",null,null,null,"2020-10-06","156 mm Multi Solar Wafer ",0.16,0.15,0.151,-1E-3,-6.6E-3]
["Solar and wind energy accounted for 67% of aggregate generation ...",null,null,null,null,"156 mm High Eff Multi Solar Wafer ",0.16,0.155,0.156,-1E-3,-6.4000000000000003E-3]
["REVE",null,null,null,"2020-10-06","156 mm Mono Solar Wafer ",0.34499999999999997,0.31,0.32300000000000001,-1E-3,-3.0999999999999999E-3]
["India tenders for Himalayan off-grid solar and storage",null,null,null,null,"158.75 / 161.75mm Mono Wafer ",0.36,0.33500000000000002,0.33800000000000002,-1E-3,-2.8999999999999998E-3]
["pv magazine International",null,null,null,"2020-10-06","161.7+/163.75mm Mono PWafer ",0.36499999999999999,0.34499999999999997,0.35199999999999998,-1E-3,-2.8E-3]
["CdTe facade solar panel with 18.2% efficiency ¡V pv magazine ...",null,null,null,null,"156 mm Multi Wafer Outside China","Visit here for more detail wafer price information"]
["pv magazine International",null,null,null,"2020-10-06","156mm DiamondWire Poly Wafer","Visit here for more detail wafer price information"]
["What Tesla Investors Can Learn From the Last Decade in Solar Energy Stocks",null,null,null,null,"156 mm N-Mono Wafer","Visit here for more detail"]
["Nasdaq",null,null,null,"2020-10-06","Unit: USD ","more",null,"Last Update: 2020-09-30"]
["GIG invests $7bn in renewables",null,null,null,null,"Wafer Prices In China: The Prices are surveyed by RMB term with Tax and then shown in USD term without 13% of VAT after April 1, 2019, 16% of VAT after May 1, 2018 and 17% of VAT before May 1, 2018."]
["reNEWS",null,null,null,"2020-10-06","Solar PV Cell Weekly Spot Price "]
["Solar energy company to bring up to 100 jobs to Knoxville area",null,null,null,null,"Item ","High ","Low ","Average ","AvgChg ","AvgChg % "]
["WATE 6 On Your Side",null,null,null,"2020-10-06","Multi Cell Price ",0.09,0.06,6.6000000000000003E-2,-1E-3,-1.49E-2]
["Hospital parking solar energy project gets the green light",null,null,null,null,"Poly PERC Cell ",0.115,0.08,8.6999999999999994E-2,-1E-3,-1.14E-2]
["Euro Weekly News",null,null,null,"2020-10-06","Mono PERC Cell ",0.14000000000000001,0.1,0.105,-1E-3,-9.4000000000000004E-3]
["Sunseap to supply Facebook ops here with solar power",null,null,null,null,"China Mono PERC Cell ",0.125,0.1,0.10299999999999999,-1E-3,-9.5999999999999992E-3]
["The Straits Times",null,null,null,"2020-10-06","158.75/161.75mm Mono PERC Cell ",0.12,0.1,0.104,-1E-3,-9.4999999999999998E-3]
["Six Rockland County Communities Launch Innovative Renewable ...",null,null,null,null,"China Poly Cell Per Watt ","Visit here for more detail Cell price information"]
["PRNewswire",null,null,null,"2020-10-06","Non (TW or CN) Poly Cell Per Watt","Visit here for more detail Cell price information"]
["PV - REC Group kicks off REConstruct program bringing clean energy to communities affected by natural disasters",null,null,null,null,"Unit: USD / Watt","more",null,"Last Update: 2020-09-30"]
["Renewable Energy Magazine",null,null,null,"2020-10-06","High Efficency Mono PERC Cell: The Prices are mainly represented to 5BB solar cells with 22.1%+ efficiency or 9+BB ones with 22.5%+ efficiency and less than 1.5% of CTM efficiency lost."]
["Last Update: 2020-Oct- 06 23:00 (GMT+8)",null,null,null,null,"Solar PV Module Weekly Spot Price "]
["Solar PV Corporate News Release",null,null,null,null,"Item ","High ","Low ","Average ","AvgChg ","AvgChg % "]
["JinkoSolar Announces First Quarter 2019 Financial Results",null,null,null,null,"Poly Solar Module ",0.28000000000000003,0.15,0.17,-1E-3,-5.7999999999999996E-3]
["JinkoSolar",null,"2019-06-28",null,null,"Poly Module in China ",0.19,0.16,0.17,-1E-3,-5.7999999999999996E-3]
["CANADIAN SOLAR REPORTS FIRST QUARTER 2019 RESULTS",null,null,null,null,"Poly High Eff / PERC Module ",0.31,0.17,0.186,-1E-3,-5.3E-3]
["CanadianSol",null,"2019-05-30",null,null,"Mono High Eff / PERC Module ",0.35,0.17499999999999999,0.192,-1E-3,-5.1999999999999998E-3]
["SunPower Reports First Quarter 2019 Results",null,null,null,null,"Mono High Eff / PERC Module in China ",0.21,0.17499999999999999,0.191,-1E-3,-5.1999999999999998E-3]
["Sunpower",null,"2019-05-10",null,null,"ThinFilm Solar Module ",0.31,0.19,0.21099999999999999,-1E-3,-4.7000000000000002E-3]
["First Solar, Inc. Announces First Quarter 2019 Financial Results",null,null,null,null,"US Multi Solar Module","Visit here for more detail module price information"]
["First Solar",null,"2019-05-03",null,null,"Mono Silicon Solar Module","Visit here for more detail module price information"]
["JinkoSolar Announces Fourth Quarter and Full Year 2018 Financial Results",null,null,null,null,"India Poly Module","Visit here for more detail module price information"]
["JinkoSolar",null,"2019-03-22",null,null,"Unit: USD / Watt ","more",null,"Last Update: 2020-09-30"]
[null,null,null,null,null,"All Spot Prices are Tax excluded and updated on Wednesday "]
["Price Methodology","Terms of Use","Privacy Policy ","About Us ","Contact Us ","Site Map"]
["Copyright © 2020 PVinsights.com All rights reserved"]

{"sheet":"pvinsights 30 11 20","index":57,"n_rows":54,"n_cols":13,"rows_kept":54,"cut":false,"hidden":false,"merged":[[4,0,5,4],[9,0,9,4],[10,0,10,3],[11,0,11,4],[12,0,12,3],[19,0,19,4],[20,0,20,3],[21,0,21,4],[22,0,22,3],[13,0,13,4],[14,0,14,3],[15,0,15,4],[16,0,16,3],[17,0,17,4],[39,0,39,4],[7,0,8,4],[41,0,41,2],[42,0,42,1],[23,0,23,4],[24,0,24,3],[25,0,25,4],[36,0,36,3],[37,0,37,4],[26,0,26,3],[27,0,27,4],[28,0,28,3],[29,0,29,4],[30,0,30,3],[31,0,31,4],[18,0,18,3],[32,0,32,3],[33,0,33,4],[34,0,34,3],[35,0,35,4],[38,0,38,3],[47,6,47,10],[50,0,50,1],[40,0,40,2],[9,6,9,9],[10,6,10,9],[11,6,11,7],[11,8,11,10],[23,6,23,10],[24,6,24,10],[25,6,25,10],[44,0,44,1],[45,0,45,2],[46,0,46,1],[47,0,47,2],[48,0,48,1],[43,0,43,2],[4,11,13,11],[26,8,26,10],[35,6,35,10],[36,6,36,10],[37,6,37,7],[37,8,37,10],[26,6,26,7],[51,0,51,4],[48,6,48,10],[49,6,49,10],[50,6,50,7],[50,8,50,10],[51,5,51,10],[49,0,49,2]]}
[null,"Login","Register","Member Center"]
[]
["Home","Why Solar","Retailer Price","Contract Price","Inverter Price","Weekly Snapshots","Price Download","Monthly Insights","Weekly Forecast","Price Forecast","Premier Insights","Premier Data","Advertising"]
[null,null,null,null,null,"PV Poly Silicon Weekly Spot Price"]
["The US 2018 AD & CVD Sunset Reviews",null,null,null,null,"Item ","High ","Low ","Average ","AvgChg ","AvgChg% "]
[null,null,null,null,null,"PV Grade PolySilicon (9N/9N+) ",11.85,6.5,9.9499999999999993,-0.17,-1.6799999999999999E-2]
[null,null,null,null,null,"2nd Grade PolySilicon (6N-8N) ",5.45,4.5,4.78,-0.13,-2.6499999999999999E-2]
["Latest Solar PV News",null,null,null,null,"N Mono Grade PolySilicon in China (12N/12N+) ",11.85,11.15,11.35,-0.1,-8.6999999999999994E-3]
[null,null,null,null,null,"Mono Grade PolySilicon in China (11N/11N+) ",11.85,10.25,10.67,-0.18,-1.66E-2]
["Catholic Diocese of Richmond undertaking solar energy projects at schools and churches, including Roanoke Catholic High ",null,null,null,null,"PV Grade PolySilicon in China (9N/9N+) ","Visit here for more Poly-Si price",null,null,null,"%"]
["Roanoke Times",null,null,null,"2020-11-30","PV Grade PolySilicon Outside China (9N/9N+) ","Visit here for more Poly-Si price",null,null,null,"%"]
["Global Molten Salt Solar Energy Thermal Storage And Concentrated Solar Power (Csp) Market To Reach A New Threshold of Gr",null,null,null,null,"Unit: USD/Kg ","more",null,"Last Update: 2020-11-25"]
["The Courier",null,null,null,"2020-11-30","Definition of N Mono Grade: Poly silicon chunk or Chip Polysiliocn with high purity can be directly produced to N-Type Monocrystalline Ingots, mainly supplied by Wacker"]
["Catholic Diocese of Richmond undertaking solar energy projects at schools and churches, including Roanoke Catholic High ",null,null,null,null,"Definition of PV Grade: Poly silicon chunk with high purity can be directly produced to Solar PV Ingots / Bricks"]
["Roanoke Times",null,null,null,"2020-11-30","Definition of 2nd Grade: Poly silicon chunk must be mixed with high purity polysilicon, when producing Solar PV Ingots / Bricks."]
["Global Molten Salt Solar Energy Thermal Storage And Concentrated Solar Power (Csp) Market To Reach A New Threshold of Gr",null,null,null,null,"PolySilicon Price In China: The Price is surveyed by RMB term with Tax and then shown in USD term without 13% of VAT after Apri 1, 2019, 16% of VAT after May 1, 2018 and 17% of VAT before May 1, 2018."]
["The Courier",null,null,null,"2020-11-30","Solar PV Wafer Weekly Spot Price "]
["Catholic Diocese of Richmond undertaking solar energy projects at schools and churches, including Roanoke Catholic High ",null,null,null,null,"Item ","High ","Low ","Average ","AvgChg ","AvgChg% "]
["Roanoke Times",null,null,null,"2020-11-30","156 mm Multi Solar Wafer ",0.17,0.15,0.153,-1E-3,-6.4999999999999997E-3]
["Global Molten Salt Solar Energy Thermal Storage And Concentrated Solar Power (Csp) Market To Reach A New Threshold of Gr",null,null,null,null,"156 mm High Eff Multi Solar Wafer ",0.17,0.155,0.158,-1E-3,-6.3E-3]
["The Courier",null,null,null,"2020-11-30","156 mm Mono Solar Wafer ",0.34499999999999997,0.32,0.32800000000000001,-1E-3,-3.0000000000000001E-3]
["Catholic Diocese of Richmond undertaking solar energy projects at schools and churches, including Roanoke Catholic High ",null,null,null,null,"158.75 / 161.75mm Mono Wafer ",0.36,0.34,0.34399999999999997,0,0]
["Roanoke Times",null,null,null,"2020-11-30","161.7+/163.75mm Mono PWafer ",0.36499999999999999,0.35499999999999998,0.35899999999999999,0,0]
["Global Molten Salt Solar Energy Thermal Storage And Concentrated Solar Power (Csp) Market To Reach A New Threshold of Gr",null,null,null,null,"156 mm Multi Wafer Outside China","Visit here for more detail wafer price information"]
["The Courier",null,null,null,"2020-11-30","156mm DiamondWire Poly Wafer","Visit here for more detail wafer price information"]
["Catholic Diocese of Richmond undertaking solar energy projects at schools and churches, including Roanoke Catholic High ",null,null,null,null,"156 mm N-Mono Wafer","Visit here for more detail"]
["Roanoke Times",null,null,null,"2020-11-30","Unit: USD ","more",null,"Last Update: 2020-11-25"]
["Global Molten Salt Solar Energy Thermal Storage And Concentrated Solar Power (Csp) Market To Reach A New Threshold of Gr",null,null,null,null,"Wafer Prices In China: The Prices are surveyed by RMB term with Tax and then shown in USD term without 13% of VAT after April 1, 2019, 16% of VAT after May 1, 2018 and 17% of VAT before May 1, 2018."]
["The Courier",null,null,null,"2020-11-30","Solar PV Cell Weekly Spot Price "]
["New Energy Giants Are Renewable Companies: Iberdrola, Enel ...",null,null,null,null,"Item ","High ","Low ","Average ","AvgChg ","AvgChg % "]
["Bloomberg",null,null,null,"2020-11-30","Multi Cell Price ",0.09,0.06,6.7000000000000004E-2,0,0]
["Midsummer CEO: Solar and renewable energy trends in 2021",null,null,null,null,"Poly PERC Cell ",0.115,0.08,8.6999999999999994E-2,0,0]
["Renewables Now",null,null,null,"2020-11-30","Mono PERC Cell ",0.14000000000000001,0.1,0.105,-1E-3,-9.4000000000000004E-3]
["Solar Energy Charge Controller Sales Market Global Analysis By ...",null,null,null,null,"China Mono PERC Cell ",0.125,0.1,0.104,-1E-3,-9.4999999999999998E-3]
["The Market Feed",null,null,null,"2020-11-30","158.75/161.75mm Mono PERC Cell ",0.12,0.1,0.104,0,0]
["Hong Kong group sets up Asia clean power fund",null,null,null,null,"China Poly Cell Per Watt ","Visit here for more detail Cell price information"]
["reNEWS",null,null,null,"2020-11-30","Non (TW or CN) Poly Cell Per Watt","Visit here for more detail Cell price information"]
["25 million Nigerians to pay N4,000 monthly for solar power system |",null,null,null,null,"Unit: USD / Watt","more",null,"Last Update: 2020-11-25"]
["Nairametrics",null,null,null,"2020-11-30","High Efficency Mono PERC Cell: The Prices are mainly represented to 5BB solar cells with 22.1%+ efficiency or 9+BB ones with 22.5%+ efficiency and less than 1.5% of CTM efficiency lost."]
["Last Update: 2020-Nov- 30 23:00 (GMT+8)",null,null,null,null,"Solar PV Module Weekly Spot Price "]
["Solar PV Corporate News Release",null,null,null,null,"Item ","High ","Low ","Average ","AvgChg ","AvgChg % "]
["JinkoSolar Announces First Quarter 2019 Financial Results",null,null,null,null,"Poly Solar Module ",0.28000000000000003,0.16,0.17299999999999999,-1E-3,-5.7000000000000002E-3]
["JinkoSolar",null,"2019-06-28",null,null,"Poly Module in China ",0.19,0.17,0.17299999999999999,-1E-3,-5.7000000000000002E-3]
["CANADIAN SOLAR REPORTS FIRST QUARTER 2019 RESULTS",null,null,null,null,"Poly High Eff / PERC Module ",0.31,0.17499999999999999,0.19,-1E-3,-5.1999999999999998E-3]
["CanadianSol",null,"2019-05-30",null,null,"Mono High Eff / PERC Module ",0.35,0.18,0.19600000000000001,-1E-3,-5.1000000000000004E-3]
["SunPower Reports First Quarter 2019 Results",null,null,null,null,"Mono High Eff / PERC Module in China ",0.21,0.185,0.19700000000000001,-1E-3,-5.1000000000000004E-3]
["Sunpower",null,"2019-05-10",null,null,"ThinFilm Solar Module ",0.31,0.2,0.21299999999999999,-1E-3,-4.7000000000000002E-3]
["First Solar, Inc. Announces First Quarter 2019 Financial Results",null,null,null,null,"US Multi Solar Module","Visit here for more detail module price information"]
["First Solar",null,"2019-05-03",null,null,"Mono Silicon Solar Module","Visit here for more detail module price information"]
["JinkoSolar Announces Fourth Quarter and Full Year 2018 Financial Results",null,null,null,null,"India Poly Module","Visit here for more detail module price information"]
["JinkoSolar",null,"2019-03-22",null,null,"Unit: USD / Watt ","more",null,"Last Update: 2020-11-25"]
[null,null,null,null,null,"All Spot Prices are Tax excluded and updated on Wednesday "]
["Price Methodology","Terms of Use","Privacy Policy ","About Us ","Contact Us ","Site Map"]
["Copyright © 2020 PVinsights.com All rights reserved"]

{"sheet":"pvinsights 11 01 21","index":58,"n_rows":61,"n_cols":13,"rows_kept":61,"cut":false,"hidden":false,"merged":[[56,0,56,4],[57,0,57,4],[58,0,58,4],[56,6,56,10],[57,6,57,7],[57,8,57,10],[58,5,58,10],[54,6,54,10],[55,6,55,10],[51,0,51,4],[52,0,52,4],[53,0,53,4],[54,0,54,4],[55,0,55,4],[49,0,49,2],[50,0,50,1],[40,0,40,2],[9,6,9,9],[10,6,10,9],[11,6,11,7],[11,8,11,10],[24,6,24,10],[25,6,25,10],[26,6,26,7],[26,8,26,10],[38,6,38,10],[39,6,39,10],[40,6,40,7],[40,8,40,10],[44,0,44,1],[45,0,45,2],[46,0,46,1],[47,0,47,2],[48,0,48,1],[43,0,43,2],[32,0,32,3],[33,0,33,4],[34,0,34,3],[35,0,35,4],[38,0,38,3],[39,0,39,4],[7,0,8,4],[41,0,41,2],[42,0,42,1],[23,0,23,4],[24,0,24,3],[25,0,25,4],[36,0,36,3],[37,0,37,4],[26,0,26,3],[27,0,27,4],[28,0,28,3],[29,0,29,4],[30,0,30,3],[31,0,31,4],[18,0,18,3],[19,0,19,4],[20,0,20,3],[21,0,21,4],[22,0,22,3],[13,0,13,4],[14,0,14,3],[15,0,15,4],[16,0,16,3],[17,0,17,4],[4,0,5,4],[9,0,9,4],[10,0,10,3],[11,0,11,4],[12,0,12,3]]}
[null,"Login","Register","Member Center"]
[]
["Home","Why Solar","Retailer Price","Contract Price","Inverter Price","Weekly Snapshots","Price Download","Monthly Insights","Weekly Forecast","Price Forecast","Premier Insights","Premier Data","Advertising"]
[null,null,null,null,null,"PV Poly Silicon Weekly Spot Price"]
["The US 2018 AD & CVD Sunset Reviews",null,null,null,null,"Item ","High ","Low ","Average ","AvgChg ","AvgChg% "]
[null,null,null,null,null,"PV Grade PolySilicon (9N/9N+) ",12.75,7.2,10.79,0.22,2.0799999999999999E-2]
[null,null,null,null,null,"2nd Grade PolySilicon (6N-8N) ",5.7,5.25,5.39,0.14000000000000001,2.6700000000000002E-2]
["Latest Solar PV News",null,null,null,null,"N Mono Grade PolySilicon in China (12N/12N+) ",12.75,12.1,12.55,0.15,1.21E-2]
[null,null,null,null,null,"Mono Grade PolySilicon in China (11N/11N+) ",12.75,11.25,11.7,0.25,2.18E-2]
["PV - Prolectric to increase its provision of sustainable lighting systems",null,null,null,null,"PV Grade PolySilicon in China (9N/9N+) ","Visit here for more Poly-Si price",null,null,null,"%"]
["Renewable Energy Magazine",null,null,null,"2021-01-11","PV Grade PolySilicon Outside China (9N/9N+) ","Visit here for more Poly-Si price",null,null,null,"%"]
["Noco embraces solar power on larger scale with $120 million deal",null,null,null,null,"Unit: USD/Kg ","more",null,"Last Update: 2021-01-06"]
["Buffalo News",null,null,null,"2021-01-11","Definition of N Mono Grade: Poly silicon chunk or Chip Polysiliocn with high purity can be directly produced to N-Type Monocrystalline Ingots, mainly supplied by Wacker"]
["Green power in red zone? Existing challenges to the Renewable Energy Sector in India",null,null,null,null,"Definition of PV Grade: Poly silicon chunk with high purity can be directly produced to Solar PV Ingots / Bricks"]
["barandbench.com",null,null,null,"2021-01-11","Definition of 2nd Grade: Poly silicon chunk must be mixed with high purity polysilicon, when producing Solar PV Ingots / Bricks."]
["Will China do for hydrogen what it did for solar power?",null,null,null,null,"PolySilicon Price In China: The Price is surveyed by RMB term with Tax and then shown in USD term without 13% of VAT after Apri 1, 2019, 16% of VAT after May 1, 2018 and 17% of VAT before May 1, 2018."]
["Power Technology",null,null,null,"2021-01-11","Solar PV Wafer Weekly Spot Price "]
["Gulf Power To Begin Construction On Huge North Escambia Solar Farm Soon; Second Solar Farm Planned Nearby",null,null,null,null,"Item ","High ","Low ","Average ","AvgChg ","AvgChg% "]
["NorthEscambia.com",null,null,null,"2021-01-11","156 mm Multi Solar Wafer ",0.17,0.15,0.154,2E-3,1.32E-2]
["Solar Energy Charge Controller Market : Opportunities, Demand and ...",null,null,null,null,"156 mm High Eff Multi Solar Wafer ",0.17,0.155,0.159,2E-3,1.2699999999999999E-2]
["KSU | The Sentinel Newspaper",null,null,null,"2021-01-11","166mm Mono Solar Wafer ",0.45,0.40500000000000003,0.42099999999999999,0,0]
["Duke Energy Renewables Acquires 144-MWac Pflugerville Solar ...",null,null,null,null,"182mm Mono Solar Wafer ",0.54,0.52,0.52900000000000003,8.0000000000000002E-3,1.54E-2]
["ReportAlert.info",null,null,null,"2021-01-11","158.75 / 161.75mm Mono Wafer ",0.38,0.35,0.36199999999999999,1.7999999999999999E-2,5.2299999999999999E-2]
["Renewable energy tax credits extended under pandemic stimulus ...",null,null,null,null,"161.7+/163.75mm Mono PWafer ",0.38500000000000001,0.36499999999999999,0.373,1.4E-2,3.9E-2]
["Minneapolis Star Tribune",null,null,null,"2021-01-11","210mm Mono Wafer","Visit here for more detail wafer price information"]
["Demand for More Efficient and Maintenance-free Equipment ...",null,null,null,null,"225 mm Mono Wafer","Visit here for more detail"]
["GlobeNewswire",null,null,null,"2021-01-11","Unit: USD ","more",null,"Last Update: 2021-01-06"]
["Share of renewable energy in Luxembourg",null,null,null,null,"Wafer Prices In China: The Prices are surveyed by RMB term with Tax and then shown in USD term without 13% of VAT after April 1, 2019, 16% of VAT after May 1, 2018 and 17% of VAT before May 1, 2018."]
["Delano.lu",null,null,null,"2021-01-11","Solar PV Cell Weekly Spot Price "]
["OCBC launches solar panel consumer loan for landed property homeowners",null,null,null,null,"Item ","High ","Low ","Average ","AvgChg ","AvgChg % "]
["The Business Times",null,null,null,"2021-01-11","Multi Cell Price ",0.09,0.06,6.6000000000000003E-2,0,0]
["Funding M&A Roundup: Gibraltar Acquires Solar Racking Company ...",null,null,null,null,"Poly PERC Cell ",0.115,0.08,8.5999999999999993E-2,0,0]
["Mercom India",null,null,null,"2021-01-11","Mono PERC Cell ",0.14000000000000001,0.115,0.122,0,0]
["Bigger Inverters Are Much Better Value ¡V So When Buying Solar, Go Big!",null,null,null,null,"China Mono PERC Cell ",0.125,0.115,0.121,0,0]
["Solar Quotes",null,null,null,"2021-01-11","158.75/161.75mm Mono PERC Cell ",0.13,0.115,0.125,0,0]
["SunPower Shuttering Hillsboro Solar Panel Factory",null,null,null,null,"166mm Mono PERC Cell ",0.14000000000000001,0.115,0.12,-2E-3,-1.6400000000000001E-2]
["Solar Quotes",null,null,null,"2021-01-11","182mm Mono PERC Cell ",0.15,0.125,0.129,0,0]
["Consumers Energy announces 8 solar energy sites in Saginaw, Genesee counties",null,null,null,null,"210mm Mono PERC Cell ",0.155,0.125,0.13100000000000001,0,0]
["WNEM Saginaw",null,null,null,"2021-01-11","China Poly Cell Per Watt ","Visit here for more detail Cell price information"]
["Last Update: 2021-Jan- 11 23:01 (GMT+8)",null,null,null,null,"Non (TW or CN) Poly Cell Per Watt","Visit here for more detail Cell price information"]
["Solar PV Corporate News Release",null,null,null,null,"Unit: USD / Watt","more",null,"Last Update: 2021-01-06"]
["JinkoSolar Announces First Quarter 2019 Financial Results",null,null,null,null,"High Efficency Mono PERC Cell: The Prices are mainly represented to 5BB solar cells with 22.1%+ efficiency or 9+BB ones with 22.5%+ efficiency and less than 1.5% of CTM efficiency lost."]
["JinkoSolar",null,"2019-06-28",null,null,"Solar PV Module Weekly Spot Price "]
["CANADIAN SOLAR REPORTS FIRST QUARTER 2019 RESULTS",null,null,null,null,"Item ","High ","Low ","Average ","AvgChg ","AvgChg % "]
["CanadianSol",null,"2019-05-30",null,null,"Poly Solar Module ",0.28000000000000003,0.16,0.16900000000000001,0,0]
["SunPower Reports First Quarter 2019 Results",null,null,null,null,"Poly Module in China ",0.19,0.17,0.16800000000000001,0,0]
["Sunpower",null,"2019-05-10",null,null,"Poly PERC Module ",0.31,0.17499999999999999,0.186,0,0]
["First Solar, Inc. Announces First Quarter 2019 Financial Results",null,null,null,null,"Mono PERC Module ",0.35,0.18,0.192,0,0]
["First Solar",null,"2019-05-03",null,null,"158mm 405/410Wp PERC Module ",0.35,0.18,0.193,0,0]
["JinkoSolar Announces Fourth Quarter and Full Year 2018 Financial Results",null,null,null,null,"166mm 440/445Wp PERC Module ",0.35499999999999998,0.19500000000000001,0.20599999999999999,0,0]
["JinkoSolar",null,"2019-03-22",null,null,"182mm 535/540Wp PERC Module ",0.35,0.20499999999999999,0.22900000000000001,0,0]
[null,null,null,null,null,"210mm 590/595Wp PERC Module ",0.35,0.215,0.25,0,0]
[null,null,null,null,null,"Mono PERC Module in China ",0.21,0.185,0.192,0,0]
[null,null,null,null,null,"ThinFilm Solar Module ",0.31,0.2,0.21099999999999999,0,0]
[null,null,null,null,null,"US Multi Solar Module","Visit here for more detail module price information"]
[null,null,null,null,null,"Bifacial Mono PERC Solar Module","Visit here for more detail module price information"]
[null,null,null,null,null,"India Poly Module","Visit here for more detail module price information"]
[null,null,null,null,null,"Unit: USD / Watt ","more",null,"Last Update: 2021-01-06"]
[null,null,null,null,null,"All Spot Prices are Tax excluded and updated on Wednesday "]
["Price Methodology","Terms of Use","Privacy Policy ","About Us ","Contact Us ","Site Map"]
["Copyright © 2021 PVinsights.com All rights reserved"]

{"sheet":"pvinsights 22 01 21","index":59,"n_rows":61,"n_cols":13,"rows_kept":61,"cut":false,"hidden":false,"merged":[[4,0,5,4],[9,0,9,4],[10,0,10,3],[11,0,11,4],[12,0,12,3],[19,0,19,4],[20,0,20,3],[21,0,21,4],[22,0,22,3],[13,0,13,4],[14,0,14,3],[15,0,15,4],[16,0,16,3],[17,0,17,4],[39,0,39,4],[7,0,8,4],[41,0,41,2],[42,0,42,1],[23,0,23,4],[24,0,24,3],[25,0,25,4],[36,0,36,3],[37,0,37,4],[26,0,26,3],[27,0,27,4],[28,0,28,3],[29,0,29,4],[30,0,30,3],[31,0,31,4],[18,0,18,3],[32,0,32,3],[33,0,33,4],[34,0,34,3],[35,0,35,4],[38,0,38,3],[45,0,45,2],[46,0,46,1],[47,0,47,2],[48,0,48,1],[43,0,43,2],[49,0,49,2],[50,0,50,1],[40,0,40,2],[9,6,9,9],[10,6,10,9],[11,6,11,7],[11,8,11,10],[24,6,24,10],[25,6,25,10],[26,6,26,7],[26,8,26,10],[38,6,38,10],[39,6,39,10],[40,6,40,7],[40,8,40,10],[44,0,44,1],[54,6,54,10],[55,6,55,10],[51,0,51,4],[52,0,52,4],[53,0,53,4],[54,0,54,4],[55,0,55,4],[56,0,56,4],[57,0,57,4],[58,0,58,4],[56,6,56,10],[57,6,57,7],[57,8,57,10],[58,5,58,10]]}
[null,"Login","Register","Member Center"]
[]
["Home","Why Solar","Retailer Price","Contract Price","Inverter Price","Weekly Snapshots","Price Download","Monthly Insights","Weekly Forecast","Price Forecast","Premier Insights","Premier Data","Advertising"]
[null,null,null,null,null,"PV Poly Silicon Weekly Spot Price"]
["The US 2018 AD & CVD Sunset Reviews",null,null,null,null,"Item ","High ","Low ","Average ","AvgChg ","AvgChg% "]
[null,null,null,null,null,"PV Grade PolySilicon (9N/9N+) ",13,7.55,11.09,0.3,2.7799999999999998E-2]
[null,null,null,null,null,"2nd Grade PolySilicon (6N-8N) ",5.7,5.4,5.49,0.1,1.8599999999999998E-2]
["Latest Solar PV News",null,null,null,null,"N Mono Grade PolySilicon in China (12N/12N+) ",13,12.35,12.8,0.25,1.9900000000000001E-2]
[null,null,null,null,null,"Mono Grade PolySilicon in China (11N/11N+) ",13,11.5,12.06,0.36,3.0800000000000001E-2]
["As renewable energy stocks soar, some see stretched valuations",null,null,null,null,"PV Grade PolySilicon in China (9N/9N+) ","Visit here for more Poly-Si price",null,null,null,"%"]
["The Globe and Mail",null,null,null,"2021-01-22","PV Grade PolySilicon Outside China (9N/9N+) ","Visit here for more Poly-Si price",null,null,null,"%"]
["Solar energy solution for chemical supplier",null,null,null,null,"Unit: USD/Kg ","more",null,"Last Update: 2021-01-20"]
["Cleaning & Maintenance",null,null,null,"2021-01-22","Definition of N Mono Grade: Poly silicon chunk or Chip Polysiliocn with high purity can be directly produced to N-Type Monocrystalline Ingots, mainly supplied by Wacker"]
["Navisun acquires 4.5MW community solar project in New Jersey | Renewable Energy",null,null,null,null,"Definition of PV Grade: Poly silicon chunk with high purity can be directly produced to Solar PV Ingots / Bricks"]
["Energy Digital - Energy News, Magazine and Website",null,null,null,"2021-01-22","Definition of 2nd Grade: Poly silicon chunk must be mixed with high purity polysilicon, when producing Solar PV Ingots / Bricks."]
["Bruc Energy and Forestalia sign solar energy agreement",null,null,null,null,"PolySilicon Price In China: The Price is surveyed by RMB term with Tax and then shown in USD term without 13% of VAT after Apri 1, 2019, 16% of VAT after May 1, 2018 and 17% of VAT before May 1, 2018."]
["Energy Global",null,null,null,"2021-01-22","Solar PV Wafer Weekly Spot Price "]
["PV - UK solar capacity grows by 545 MW in 2020",null,null,null,null,"Item ","High ","Low ","Average ","AvgChg ","AvgChg% "]
["Renewable Energy Magazine",null,null,null,"2021-01-22","156 mm Multi Solar Wafer ",0.17,0.15,0.154,0,0]
["Town of Batavia approves solar moratorium",null,null,null,null,"156 mm High Eff Multi Solar Wafer ",0.17,0.155,0.159,0,0]
["The Daily News Online",null,null,null,"2021-01-22","166mm Mono Solar Wafer ",0.45,0.40500000000000003,0.42099999999999999,0,0]
["Solar panels capture more sunlight with capsaicin - the chemical that makes chili peppers spicy",null,null,null,null,"182mm Mono Solar Wafer ",0.54,0.52,0.52900000000000003,0,0]
["The Conversation UK",null,null,null,"2021-01-22","158.75 / 161.75mm Mono Wafer ",0.38,0.35,0.36199999999999999,0,0]
["Spain¡¦s ambitious vision for 100% renewable energy",null,null,null,null,"161.7+/163.75mm Mono PWafer ",0.38500000000000001,0.36499999999999999,0.373,0,0]
["Euro Weekly News",null,null,null,"2021-01-22","210mm Mono Wafer","Visit here for more detail wafer price information"]
["Solar trends: Clean Energy leads Twitter mentions in December 2020",null,null,null,null,"225 mm Mono Wafer","Visit here for more detail"]
["Power Technology",null,null,null,"2021-01-22","Unit: USD ","more",null,"Last Update: 2021-01-20"]
["An Anode-free Zinc Battery that Could Store Renewable Energy ...",null,null,null,null,"Wafer Prices In China: The Prices are surveyed by RMB term with Tax and then shown in USD term without 13% of VAT after April 1, 2019, 16% of VAT after May 1, 2018 and 17% of VAT before May 1, 2018."]
["Laboratory Equipment",null,null,null,"2021-01-22","Solar PV Cell Weekly Spot Price "]
["Burnaby proposes testing 100 solar panels in city hall parking lot",null,null,null,null,"Item ","High ","Low ","Average ","AvgChg ","AvgChg % "]
["Burnaby Now",null,null,null,"2021-01-22","Multi Cell Price ",0.09,0.06,6.6000000000000003E-2,0,0]
["Lightsource bp Acquires 1.06 GW Solar Portfolio of RIC Energy in ...",null,null,null,null,"Poly PERC Cell ",0.115,0.08,8.5999999999999993E-2,0,0]
["Saurenergy",null,null,null,"2021-01-22","Mono PERC Cell ",0.14000000000000001,0.11,0.11700000000000001,-1E-3,-8.5000000000000006E-3]
["Dominion Energy obtains 150 MW Invenergy solar energy project in Ohio to supply Facebook",null,null,null,null,"China Mono PERC Cell ",0.125,0.11,0.11600000000000001,-1E-3,-8.5000000000000006E-3]
["Daily Energy Insider",null,null,null,"2021-01-22","158.75/161.75mm Mono PERC Cell ",0.13,0.115,0.124,-1E-3,-8.0000000000000002E-3]
["State regulators fine Xcel Energy $1M over dispute with solar ...",null,null,null,null,"166mm Mono PERC Cell ",0.14000000000000001,0.11,0.115,-2E-3,-1.7100000000000001E-2]
["Minneapolis Star Tribune",null,null,null,"2021-01-22","182mm Mono PERC Cell ",0.15,0.115,0.11799999999999999,-2E-3,-1.67E-2]
["LA Seeking Public Input Getting To 100% Renewable Energy By 2030",null,null,null,null,"210mm Mono PERC Cell ",0.155,0.125,0.129,-1E-3,-7.7000000000000002E-3]
["CBS Los Angeles",null,null,null,"2021-01-22","China Poly Cell Per Watt ","Visit here for more detail Cell price information"]
["Last Update: 2021-Jan- 22 23:00 (GMT+8)",null,null,null,null,"Non (TW or CN) Poly Cell Per Watt","Visit here for more detail Cell price information"]
["Solar PV Corporate News Release",null,null,null,null,"Unit: USD / Watt","more",null,"Last Update: 2021-01-20"]
["JinkoSolar Announces First Quarter 2019 Financial Results",null,null,null,null,"High Efficency Mono PERC Cell: The Prices are mainly represented to 5BB solar cells with 22.1%+ efficiency or 9+BB ones with 22.5%+ efficiency and less than 1.5% of CTM efficiency lost."]
["JinkoSolar",null,"2019-06-28",null,null,"Solar PV Module Weekly Spot Price "]
["CANADIAN SOLAR REPORTS FIRST QUARTER 2019 RESULTS",null,null,null,null,"Item ","High ","Low ","Average ","AvgChg ","AvgChg % "]
["CanadianSol",null,"2019-05-30",null,null,"Poly Solar Module ",0.28000000000000003,0.16,0.16800000000000001,0,0]
["SunPower Reports First Quarter 2019 Results",null,null,null,null,"Poly Module in China ",0.19,0.17,0.16700000000000001,0,0]
["Sunpower",null,"2019-05-10",null,null,"Poly PERC Module ",0.31,0.17,0.183,-2E-3,-1.0800000000000001E-2]
["First Solar, Inc. Announces First Quarter 2019 Financial Results",null,null,null,null,"Mono PERC Module ",0.35,0.17499999999999999,0.19,-1E-3,-5.1999999999999998E-3]
["First Solar",null,"2019-05-03",null,null,"158mm 405/410Wp PERC Module ",0.35,0.18,0.192,-1E-3,-5.1999999999999998E-3]
["JinkoSolar Announces Fourth Quarter and Full Year 2018 Financial Results",null,null,null,null,"166mm 440/445Wp PERC Module ",0.35499999999999998,0.17499999999999999,0.20100000000000001,-2E-3,-9.9000000000000008E-3]
["JinkoSolar",null,"2019-03-22",null,null,"182mm 535/540Wp PERC Module ",0.35,0.2,0.224,-4.0000000000000001E-3,-1.7500000000000002E-2]
[null,null,null,null,null,"210mm 590/595Wp PERC Module ",0.35,0.21,0.248,-1E-3,-4.0000000000000001E-3]
[null,null,null,null,null,"Mono PERC Module in China ",0.21,0.18,0.19,-1E-3,-5.1999999999999998E-3]
[null,null,null,null,null,"ThinFilm Solar Module ",0.31,0.2,0.20899999999999999,-1E-3,-4.7999999999999996E-3]
[null,null,null,null,null,"US Multi Solar Module","Visit here for more detail module price information"]
[null,null,null,null,null,"Bifacial Mono PERC Solar Module","Visit here for more detail module price information"]
[null,null,null,null,null,"India Poly Module","Visit here for more detail module price information"]
[null,null,null,null,null,"Unit: USD / Watt ","more",null,"Last Update: 2021-01-20"]
[null,null,null,null,null,"All Spot Prices are Tax excluded and updated on Wednesday "]
["Price Methodology","Terms of Use","Privacy Policy ","About Us ","Contact Us ","Site Map"]
["Copyright © 2021 PVinsights.com All rights reserved"]

{"sheet":"pvinsights 21 02 21","index":60,"n_rows":61,"n_cols":13,"rows_kept":61,"cut":false,"hidden":false,"merged":[[56,0,56,2],[57,0,57,2],[58,0,58,2],[54,4,54,8],[55,4,55,8],[56,4,56,8],[57,4,57,5],[57,6,57,8],[58,3,58,8],[55,0,55,2],[3,0,4,2],[9,4,9,7],[10,4,10,7],[11,4,11,5],[11,6,11,8],[10,0,10,1],[11,0,11,2],[24,4,24,8],[25,4,25,8],[26,4,26,5],[26,6,26,8],[38,4,38,8],[39,4,39,8],[40,4,40,5],[40,6,40,8],[50,0,50,1],[51,0,51,2],[40,0,40,1],[41,0,41,2],[42,0,42,1],[43,0,43,2],[44,0,44,1],[52,0,52,1],[53,0,53,2],[54,0,54,1],[45,0,45,2],[46,0,46,1],[47,0,47,2],[48,0,48,1],[49,0,49,2],[35,0,35,2],[36,0,36,1],[37,0,37,2],[38,0,38,1],[39,0,39,2],[30,0,30,1],[31,0,31,2],[32,0,32,1],[33,0,33,2],[34,0,34,1],[25,0,25,2],[26,0,26,1],[27,0,27,2],[28,0,28,1],[29,0,29,2],[20,0,20,1],[21,0,21,2],[22,0,22,1],[23,0,23,2],[24,0,24,1],[15,0,15,2],[16,0,16,1],[17,0,17,2],[18,0,18,1],[19,0,19,2],[12,0,12,1],[13,0,13,2],[14,0,14,1],[5,0,5,2],[6,0,6,1],[7,0,7,2],[8,0,8,1],[9,0,9,2]]}
[null,"Login","Register","Member Center"]
[]
["Home","Why Solar","Retailer Price","Contract Price","Inverter Price","Weekly Snapshots","Price Download","Monthly Insights","Weekly Forecast","Price Forecast","Premier Insights","Premier Data","Advertising"]
["Latest Solar PV News",null,null,"PV Poly Silicon Weekly Spot Price"]
[null,null,null,"Item ","High ","Low ","Average ","AvgChg ","AvgChg% "]
["Onalaska business sees increased interest in solar energy",null,null,"PV Grade PolySilicon (9N/9N+) ",14.25,8,12.06,0,0]
["WIZM NEWS",null,"2021-02-22","2nd Grade PolySilicon (6N-8N) ",6.5,6,6.17,0,0]
["Scientists unearth a consequence of solar panels in the Sahara",null,null,"N Mono Grade PolySilicon in China (12N/12N+) ",14.25,13.5,13.7,0,0]
["Inverse",null,"2021-02-22","Mono Grade PolySilicon in China (11N/11N+) ",14.25,12.6,13.16,0,0]
["Voices of Youth: Renewable energy imports key to carbon neutrality",null,null,"PV Grade PolySilicon in China (9N/9N+) ","Visit here for more Poly-Si price",null,null,null,"%"]
["The Straits Times",null,"2021-02-22","PV Grade PolySilicon Outside China (9N/9N+) ","Visit here for more Poly-Si price",null,null,null,"%"]
["3 Cheap Renewable Energy Stocks to Buy Now",null,null,"Unit: USD/Kg ","more",null,"Last Update: 2021-02-17"]
["Motley Fool",null,"2021-02-22","Definition of N Mono Grade: Poly silicon chunk or Chip Polysiliocn with high purity can be directly produced to N-Type Monocrystalline Ingots, mainly supplied by Wacker"]
["UT receives $12.5M military grant to develop solar energy sheets ...",null,null,"Definition of PV Grade: Poly silicon chunk with high purity can be directly produced to Solar PV Ingots / Bricks"]
["Toledo Blade",null,"2021-02-22","Definition of 2nd Grade: Poly silicon chunk must be mixed with high purity polysilicon, when producing Solar PV Ingots / Bricks."]
["Texas solar panels set to take off after grid collapse",null,null,"PolySilicon Price In China: The Price is surveyed by RMB term with Tax and then shown in USD term without 13% of VAT after Apri 1, 2019, 16% of VAT after May 1, 2018 and 17% of VAT before May 1, 2018."]
["Quartz",null,"2021-02-22","Solar PV Wafer Weekly Spot Price "]
["Rich Warren | Solar panel installation process a smooth one",null,null,"Item ","High ","Low ","Average ","AvgChg ","AvgChg% "]
["Champaign/Urbana News-Gazette",null,"2021-02-22","156 mm Multi Solar Wafer ",0.19,0.17,0.17199999999999999,0,0]
["Dr Afriyie calls for talks on solar energy use",null,null,"156 mm High Eff Multi Solar Wafer ",0.19,0.17499999999999999,0.17699999999999999,0,0]
["Myjoyonline.com",null,"2021-02-22","166mm Mono Solar Wafer ",0.47499999999999998,0.43,0.44800000000000001,0,0]
["This solar-powered pavement harvests energy from under your feet",null,null,"182mm Mono Solar Wafer ",0.56000000000000005,0.54,0.55000000000000004,0,0]
["Euronews",null,"2021-02-21","158.75 / 161.75mm Mono Wafer ",0.42499999999999999,0.38,0.39600000000000002,0,0]
["Surge in interest in solar energy systems among homeowners in ...",null,null,"161.7+/163.75mm Mono PWafer ",0.435,0.39500000000000002,0.40699999999999997,0,0]
["CNA",null,"2021-02-21","210mm Mono Wafer","Visit here for more detail wafer price information"]
["Remote village receives solar energy ¡V FBC News",null,null,"225 mm Mono Wafer","Visit here for more detail"]
["FBC News",null,"2021-02-21","Unit: USD ","more",null,"Last Update: 2021-02-17"]
["3 Reasons to Invest in Renewable Energy Stocks",null,null,"Wafer Prices In China: The Prices are surveyed by RMB term with Tax and then shown in USD term without 13% of VAT after April 1, 2019, 16% of VAT after May 1, 2018 and 17% of VAT before May 1, 2018."]
["Motley Fool",null,"2021-02-21","Solar PV Cell Weekly Spot Price "]
["MN Homeowners, Solar Groups Back Solar Panel Bill",null,null,"Item ","High ","Low ","Average ","AvgChg ","AvgChg % "]
["WCCO | CBS Minnesota",null,"2021-02-21","Multi Cell Price ",0.09,6.5000000000000002E-2,6.8000000000000005E-2,0,0]
["Austin¡¦s ¡¥Sun Radio¡¦ collects solar energy, stays on air this week",null,null,"Poly PERC Cell ",0.115,8.5000000000000006E-2,8.7999999999999995E-2,0,0]
["FOX 7 Austin",null,"2021-02-21","Mono PERC Cell ",0.14499999999999999,0.11,0.11799999999999999,0,0]
["India devoting great importance to solar energy, says PM Modi",null,null,"China Mono PERC Cell ",0.13,0.11,0.11700000000000001,0,0]
["Business Standard",null,"2021-02-21","158.75/161.75mm Mono PERC Cell ",0.13,0.12,0.126,0,0]
["Solar net metering bill withdrawn",null,null,"166mm Mono PERC Cell ",0.14000000000000001,0.11,0.11700000000000001,0,0]
["Billings Gazette",null,"2021-02-21","182mm Mono PERC Cell ",0.15,0.115,0.12,0,0]
["California wastes its extra solar, wind energy. Could hydrogen be the storage key?",null,null,"210mm Mono PERC Cell ",0.155,0.12,0.125,0,0]
["San Francisco Chronicle",null,"2021-02-21","China Poly Cell Per Watt ","Visit here for more detail Cell price information"]
["DOE requires solar, renewable energy technologies in buildings",null,null,"Non (TW or CN) Poly Cell Per Watt","Visit here for more detail Cell price information"]
["INQUIRER.net",null,"2021-02-20","Unit: USD / Watt","more",null,"Last Update: 2021-02-17"]
["Minnesota homeowners, solar groups back solar panel bill",null,null,"High Efficency Mono PERC Cell: The Prices are mainly represented to 5BB solar cells with 22.1%+ efficiency or 9+BB ones with 22.5%+ efficiency and less than 1.5% of CTM efficiency lost."]
["Minnesota Public Radio News",null,"2021-02-20","Solar PV Module Weekly Spot Price "]
["Peterborough solar park set to produce enough clean energy to power 700 homes given green light",null,null,"Item ","High ","Low ","Average ","AvgChg ","AvgChg % "]
["Cambridgeshire Live",null,"2021-02-20","Poly Solar Module ",0.28000000000000003,0.17,0.17799999999999999,0,0]
["Cheaper solar power means low-income families can also benefit ¡X with the right kind of help",null,null,"Poly Module in China ",0.2,0.18,0.17699999999999999,0,0]
["The Philadelphia Inquirer",null,"2021-02-20","Poly PERC Module ",0.31,0.185,0.19800000000000001,0,0]
["SolarMarine Energy design floating renewable energy system in Ireland",null,null,"Mono PERC Module ",0.35,0.19,0.20599999999999999,0,0]
["Energy Global",null,"2021-02-20","158mm 405/410Wp PERC Module ",0.35,0.19500000000000001,0.20499999999999999,0,0]
["Govt indifference plaguing the solar energy sector",null,null,"166mm 440/445Wp PERC Module ",0.35499999999999998,0.19,0.20300000000000001,0,0]
["Daily Pioneer",null,"2021-02-20","182mm 535/540Wp PERC Module ",0.35,0.215,0.22800000000000001,0,0]
["German solar, wind power did not fail in cold weather",null,null,"210mm 590/595Wp PERC Module ",0.35,0.22500000000000001,0.25,0,0]
["AFP Factcheck",null,"2021-02-20","Mono PERC Module in China ",0.22,0.19500000000000001,0.20399999999999999,0,0]
["Renewable Energy Specialist (PPA/On-Site Solar), World Kinect Energy Services ¡V France/Germany/Netherlands",null,null,"ThinFilm Solar Module ",0.31,0.2,0.214,0,0]
["Carbon Pulse",null,"2021-02-20","US Multi Solar Module","Visit here for more detail module price information"]
["Last Update: 2021-Feb- 22 07:00 (GMT+8)",null,null,"Bifacial Mono PERC Solar Module","Visit here for more detail module price information"]
[null,null,null,"India Poly Module","Visit here for more detail module price information"]
[null,null,null,"Unit: USD / Watt ","more",null,"Last Update: 2021-02-17"]
[null,null,null,"All Spot Prices are Tax excluded and updated on Wednesday "]
["Price Methodology","Terms of Use","Privacy Policy ","About Us ","Contact Us ","Site Map"]
["Copyright © 2021 PVinsights.com All rights reserved"]

{"sheet":"pvinsights 21 03 21","index":61,"n_rows":61,"n_cols":13,"rows_kept":61,"cut":false,"hidden":false,"merged":[]}
[null,"Welcome ! Edie Bodmer","Logout","Member Center"]
[]
["Home","Why Solar","Retailer Price","Contract Price","Inverter Price","Weekly Snapshots","Price Download","Monthly Insights","Weekly Forecast","Price Forecast","Premier Insights","Premier Data","Advertising"]
["Latest Solar PV News",null,null,"PV Poly Silicon Weekly Spot Price"]
[null,null,null,"Item","High","Low","Average","AvgChg","AvgChg%"]
["South Africa opens 2.6GW renewables tender",null,null,"PV Grade PolySilicon (9N/9N+)",17.399999999999999,10.5,15.63,0," 0%"]
["reNEWS",null,"2021-03-21","2nd Grade PolySilicon (6N-8N)",9.5,8,8.4700000000000006,0," 0%"]
["Jefferson City Council candidates answer renewable energy question",null,null,"N Mono Grade PolySilicon in China (12N/12N+)",17.399999999999999,17.05,17.239999999999998,0," 0%"]
["Jefferson City News Tribune",null,"2021-03-21","Mono Grade PolySilicon in China (11N/11N+)","Visit here for more Poly-Si price",null,null,null," %"]
["Sambalpur University makes hay while the sun shines",null,null,"PV Grade PolySilicon in China (9N/9N+)","Visit here for more Poly-Si price",null,null,null," %"]
["The New Indian Express",null,"2021-03-21","PV Grade PolySilicon Outside China (9N/9N+)","Visit here for more Poly-Si price",null,null,null," %"]
["OF. STUDIO proposes a moving, cloud-like object to generate solar ...",null,null,"Unit: USD/Kg","more",null,"Last Update: 2021-03-17"]
["Designboom",null,"2021-03-21","Definition of N Mono Grade: Poly silicon chunk or Chip Polysiliocn with high purity can be directly produced to N-Type Monocrystalline Ingots, mainly supplied by Wacker, Hemlock, and Tokuyama"]
["Canton approves village moratorium on commercial solar, energy ...",null,null,"Definition of PV Grade: Poly silicon chunk with high purity can be directly produced to Solar PV Ingots / Bricks"]
["NNY360",null,"2021-03-21","Definition of 2nd Grade: Poly silicon chunk or FBR granular polysilicon must be mixed with high purity polysilicon, when producing Solar PV Ingots / Bricks."]
["Renewable energy grants | UDaily",null,null,"PolySilicon Price In China: The Price is surveyed by RMB term with Tax and then shown in USD term without 13% of VAT after Apri 1, 2019, 16% of VAT after May 1, 2018 and 17% of VAT before May 1, 2018."]
["UDaily",null,"2021-03-21","Solar PV Wafer Weekly Spot Price"]
["North country renewable energy projects migrate to quicker siting ...",null,null,"Item","High","Low","Average","AvgChg","AvgChg%"]
["NNY360",null,"2021-03-21","156 mm Multi Solar Wafer",0.21,0.18,0.186," 0"," 0%"]
["Semi-Transparent Solar Cells Can Power Greenhouses Without Stunting Plant Growth",null,null,"156 mm High Eff Multi Solar Wafer",0.21,0.185,0.191," 0"," 0%"]
["ScienceAlert",null,"2021-03-21","166mm Mono Solar Wafer",0.52500000000000002,0.5,0.51100000000000001," 0.008"," 1.59%"]
["City of Milwaukee Unveils Solar Energy Project",null,null,"182mm Mono Solar Wafer",0.625,0.60499999999999998,0.61899999999999999," 0.013"," 2.15%"]
["Milwaukee Courier Weekly Newspaper",null,"2021-03-21","158.75 / 161.75mm Mono Wafer",0.51,0.49,0.498," 0.009"," 1.84%"]
["Taiwan president vows to push on with solar energy",null,null,"161.7+/163.75mm Mono PWafer",0.52,0.51,0.51400000000000001," 0.009"," 1.78%"]
["Taiwan News",null,"2021-03-20","210mm Mono Wafer","Visit here for more detail wafer price information"]
["Tips to Get Your Kids Interested in Renewable Energy",null,null,"225 mm Mono Wafer","Visit here for more detail"]
["EcoWatch",null,"2021-03-20","Unit: USD","more",null,"Last Update: 2021-03-17"]
["Solar energy facilities get significant loan from USDA",null,null,"Wafer Prices In China: The Prices are surveyed by RMB term with Tax and then shown in USD term without 13% of VAT after April 1, 2019, 16% of VAT after May 1, 2018 and 17% of VAT before May 1, 2018."]
["WABI",null,"2021-03-20","Solar PV Cell Weekly Spot Price"]
["Solar panels at Four Rivers Charter Public School to offset electricity ...",null,null,"Item","High","Low","Average","AvgChg","AvgChg %"]
["The Recorder",null,"2021-03-20","Multi Cell Price",0.09,6.5000000000000002E-2,6.9000000000000006E-2," 0"," 0%"]
["Park City Could be Years Ahead of 2030 Date for 100% Renewable ...",null,null,"Poly PERC Cell",0.115,8.5000000000000006E-2,0.09," 0"," 0%"]
["KPCW",null,"2021-03-20","Mono PERC Cell",0.14499999999999999,0.11,0.11799999999999999," 0"," 0%"]
["Adani Green to buy 50 MW Telangana solar project from SkyPower",null,null,"China Mono PERC Cell",0.13,0.11,0.11700000000000001," 0"," 0%"]
["Livemint",null,"2021-03-20","158.75/161.75mm Mono PERC Cell",0.13500000000000001,0.12,0.126," 0"," 0%"]
["Udupi Sri Krishna Mutt to harness solar energy",null,null,"166mm Mono PERC Cell",0.14000000000000001,0.11,0.11600000000000001," 0"," 0%"]
["The Hindu",null,"2021-03-20","182mm Mono PERC Cell",0.155,0.115,0.121," 0"," 0%"]
["Planning application submitted for Elwy Solar Energy Farm near St ...",null,null,"210mm Mono PERC Cell",0.16,0.12,0.126," 0"," 0%"]
["Rhyl Journal",null,"2021-03-20","China Poly Cell Per Watt","Visit here for more detail Cell price information"]
["Why Solar Energy Stocks Are Getting Crushed Right Now",null,null,"Non (TW or CN) Poly Cell Per Watt","Visit here for more detail Cell price information"]
["Motley Fool",null,"2021-03-20","Unit: USD / Watt","more",null,"Last Update: 2021-03-17"]
["How extending the solar ITC can foster an equitable energy transition",null,null,"High Efficency Mono PERC Cell: The Prices are mainly represented to 5BB solar cells with 22.1%+ efficiency or 9+BB ones with 22.5%+ efficiency and less than 1.5% of CTM efficiency lost."]
["pv magazine USA",null,"2021-03-20","Solar PV Module Weekly Spot Price"]
["Uzbek Energy Minister sees low-carbon solar, hydro, wind future",null,null,"Item","High","Low","Average","AvgChg","AvgChg %"]
["New Europe",null,"2021-03-20","Poly Solar Module",0.28000000000000003,0.17,0.18," -0.001"," -0.55%"]
["Covering California¡¦s Canals With Solar Panels Could Solve Two Crises at Once",null,null,"Poly Module in China",0.2,0.17,0.17799999999999999," -0.002"," -1.11%"]
["Gizmodo",null,"2021-03-20","Poly PERC Module",0.31,0.19,0.19900000000000001," -0.001"," -0.5%"]
["EnBW to build two solar projects with 300MW capacity in Germany",null,null,"Mono PERC Module",0.35,0.19500000000000001,0.20699999999999999," -0.001"," -0.48%"]
["Power Technology",null,"2021-03-20","158mm 405/410Wp PERC Module",0.35,0.19500000000000001,0.20699999999999999," -0.001"," -0.48%"]
["OPINION | LETTERS TO THE EDITOR: A solar energy leader | On ...",null,null,"166mm 440/445Wp PERC Module",0.35499999999999998,0.19500000000000001,0.20200000000000001," -0.001"," -0.49%"]
["Arkansas Online",null,"2021-03-20","182mm 535/540Wp PERC Module",0.35,0.22,0.23300000000000001," 0"," 0%"]
["Carwarp solar energy plan is low-cost, says RayGen",null,null,"210mm 590/595Wp PERC Module",0.35,0.23,0.253," -0.002"," -0.78%"]
["Sunraysia Daily",null,"2021-03-20","Mono PERC Module in China",0.22,0.19500000000000001,0.20399999999999999," -0.001"," -0.49%"]
["AWS rolls out clean energy initiative in Singapore",null,null,"ThinFilm Solar Module",0.31,0.21,0.216," -0.001"," -0.46%"]
["ComputerWeekly.com",null,"2021-03-19","US Multi Solar Module","Visit here for more detail module price information"]
["Last Update: 2021-Mar- 21 23:08 (GMT+8)",null,null,"Bifacial Mono PERC Solar Module","Visit here for more detail module price information"]
[null,null,null,"India Poly Module","Visit here for more detail module price information"]
[null,null,null,"Unit: USD / Watt","more",null,"Last Update: 2021-03-17"]
[null,null,null,"All Spot Prices are Tax excluded and updated on Wednesday"]
["Price Methodology","Terms of Use","Privacy Policy","About Us","Contact Us","Site Map"]
["Copyright © 2021 PVinsights.com All rights reserved"]

{"sheet":"pvinsights 04 05 21","index":62,"n_rows":61,"n_cols":13,"rows_kept":61,"cut":false,"hidden":false,"merged":[[12,0,12,1],[13,0,13,2],[14,0,14,1],[5,0,5,2],[6,0,6,1],[7,0,7,2],[8,0,8,1],[9,0,9,2],[15,0,15,2],[16,0,16,1],[17,0,17,2],[18,0,18,1],[19,0,19,2],[20,0,20,1],[21,0,21,2],[22,0,22,1],[23,0,23,2],[24,0,24,1],[25,0,25,2],[26,0,26,1],[27,0,27,2],[28,0,28,1],[29,0,29,2],[30,0,30,1],[31,0,31,2],[32,0,32,1],[33,0,33,2],[34,0,34,1],[35,0,35,2],[36,0,36,1],[37,0,37,2],[38,0,38,1],[39,0,39,2],[52,0,52,1],[53,0,53,2],[54,0,54,1],[45,0,45,2],[46,0,46,1],[47,0,47,2],[48,0,48,1],[49,0,49,2],[39,4,39,8],[40,4,40,5],[40,6,40,8],[50,0,50,1],[51,0,51,2],[40,0,40,1],[41,0,41,2],[42,0,42,1],[43,0,43,2],[44,0,44,1],[24,4,24,8],[25,4,25,8],[26,4,26,5],[26,6,26,8],[38,4,38,8],[3,0,4,2],[8,4,8,7],[9,4,9,7],[10,4,10,7],[11,4,11,5],[11,6,11,8],[10,0,10,1],[11,0,11,2],[56,0,56,2],[57,0,57,2],[58,0,58,2],[54,4,54,8],[55,4,55,8],[56,4,56,8],[57,4,57,5],[57,6,57,8],[58,3,58,8],[55,0,55,2]]}
[null,"Login","Register","Member Center"]
[]
["Home","Why Solar","Retailer Price","Contract Price","Inverter Price","Weekly Snapshots","Price Download","Monthly Insights","Weekly Forecast","Price Forecast","Premier Insights","Premier Data","Advertising"]
["Latest Solar PV News",null,null,"PV Poly Silicon Weekly Spot Price"]
[null,null,null,"Item ","High ","Low ","Average ","AvgChg ","AvgChg% "]
["Israeli Farms Become Test Ground for Solar Energy Project",null,null,"PV Grade PolySilicon (9N/9N+) ",23.2,13.4,20.02,0.62,3.2000000000000001E-2]
["Bloomberg.com",null,"2021-05-04","2nd Grade PolySilicon (6N-8N) ",12.4,10.5,10.88,0.3,2.8400000000000002E-2]
["Walking on sunshine: Obton doubles investment in Irish solar energy",null,null,"N Mono Grade PolySilicon in China (12N/12N+) ",23.2,21.4,21.85,0.83,3.95E-2]
["Silicon Republic",null,"2021-05-04","Mono Grade PolySilicon in China (11N/11N+) ","Visit here for more Poly-Si price",null,null,null,"%"]
["The Benefits of Solar Electricity in Your Home",null,null,"PV Grade PolySilicon in China (9N/9N+) ","Visit here for more Poly-Si price",null,null,null,"%"]
["Alberton Record",null,"2021-05-04","PV Grade PolySilicon Outside China (9N/9N+) ","Visit here for more Poly-Si price",null,null,null,"%"]
["Juwi, Giza land EPC job for solar-plus-storage project at Sukari gold ...",null,null,"Unit: USD/Kg ","more",null,"Last Update: 2021-04-28"]
["Renewables Now",null,"2021-05-04","Definition of N Mono Grade: Poly silicon chunk or Chip Polysiliocn with high purity can be directly produced to N-Type Monocrystalline Ingots, mainly supplied by Wacker, Hemlock, and Tokuyama"]
["Solar energy to power Centamin¡¦s Sukari mine into the future, juwi Renewables",null,null,"Definition of PV Grade: Poly silicon chunk with high purity can be directly produced to Solar PV Ingots / Bricks"]
["Engineering News",null,"2021-05-04","Definition of 2nd Grade: Poly silicon chunk or FBR granular polysilicon must be mixed with high purity polysilicon, when producing Solar PV Ingots / Bricks."]
["Amp Power Australia to establish renewable energy hub",null,null,"PolySilicon Price In China: The Price is surveyed by RMB term with Tax and then shown in USD term without 13% of VAT after Apri 1, 2019, 16% of VAT after May 1, 2018 and 17% of VAT before May 1, 2018."]
["Power Technology",null,"2021-05-04","Solar PV Wafer Weekly Spot Price "]
["Renesola forges European solar joint venture",null,null,"Item ","High ","Low ","Average ","AvgChg ","AvgChg% "]
["reNews",null,"2021-05-04","156 mm Multi Solar Wafer ",0.28000000000000003,0.255,0.26100000000000001,1.4999999999999999E-2,6.0999999999999999E-2]
["¡¥Insanely cheap energy¡¦: how solar power continues to shock the world",null,null,"156 mm High Eff Multi Solar Wafer ",0.28000000000000003,0.26,0.26500000000000001,1.4E-2,5.5800000000000002E-2]
["The Guardian",null,"2021-05-04","166mm Mono Solar Wafer ",0.56499999999999995,0.53,0.54300000000000004,0,0]
["US solar industry launches supply chain transparency guidelines",null,null,"182mm Mono Solar Wafer ",0.68,0.65,0.65800000000000003,0,0]
["Pinsent Masons",null,"2021-05-04","158.75 / 161.75mm Mono Wafer ",0.55000000000000004,0.52500000000000002,0.53500000000000003,0,0]
["Energy firms to double investment in solar projects",null,null,"161.7+/163.75mm Mono PWafer ",0.56000000000000005,0.55000000000000004,0.55200000000000005,0,0]
["RTE",null,"2021-05-04","210mm Mono Wafer","Visit here for more detail wafer price information"]
["Even In The Bright Of Day, Some Central Washington Residents ...",null,null,"225 mm Mono Wafer","Visit here for more detail"]
["NW News Network",null,"2021-05-04","Unit: USD ","more",null,"Last Update: 2021-04-28"]
["Panorama - Australian Scientists Using Solar Energy Materials to ...",null,null,"Wafer Prices In China: The Prices are surveyed by RMB term with Tax and then shown in USD term without 13% of VAT after April 1, 2019, 16% of VAT after May 1, 2018 and 17% of VAT before May 1, 2018."]
["Renewable Energy Magazine",null,"2021-05-04","Solar PV Cell Weekly Spot Price "]
["Attorney general reaches settlement with NRG Residential Solar ...",null,null,"Item ","High ","Low ","Average ","AvgChg ","AvgChg % "]
["Planet Princeton",null,"2021-05-04","Multi Cell Price ",0.1,8.5000000000000006E-2,8.5999999999999993E-2,0.01,0.13159999999999999]
["Solar group buy program in Linn and Johnson Counties off to a good start",null,null,"Poly PERC Cell ",0.115,9.9000000000000005E-2,0.10100000000000001,4.0000000000000001E-3,4.1200000000000001E-2]
["KGAN",null,"2021-05-04","Mono PERC Cell ",0.14499999999999999,0.115,0.121,0,0]
["Illinois Bill Proposes Statewide Standards for Renewable Energy",null,null,"China Mono PERC Cell ",0.13,0.115,0.12,0,0]
["National Law Review",null,"2021-05-04","158.75/161.75mm Mono PERC Cell ",0.13500000000000001,0.12,0.125,0,0]
["Amp Energy Announces the Establishment of The Renewable ...",null,null,"166mm Mono PERC Cell ",0.14000000000000001,0.115,0.12,0,0]
["PR Newswire",null,"2021-05-04","182mm Mono PERC Cell ",0.155,0.12,0.125,0,0]
["Power Switch: Solar Is Heating Up In The Ohio Valley",null,null,"210mm Mono PERC Cell ",0.16,0.12,0.125,0,0]
["West Virginia Public Broadcasting",null,"2021-05-04","China Poly Cell Per Watt ","Visit here for more detail Cell price information"]
["FOX 35 INVESTIGATES: Are solar panels worth the investment?",null,null,"Non (TW or CN) Poly Cell Per Watt","Visit here for more detail Cell price information"]
["FOX 35 Orlando",null,"2021-05-04","Unit: USD / Watt","more",null,"Last Update: 2021-04-28"]
["A Substantial Transaction in the Renewable Energy Market: Migdal, a Prominent Israeli Insurance Company, Will Invest App",null,null,"High Efficency Mono PERC Cell: The Prices are mainly represented to 5BB solar cells with 22.1%+ efficiency or 9+BB ones with 22.5%+ efficiency and less than 1.5% of CTM efficiency lost."]
["Yahoo Finance",null,"2021-05-04","Solar PV Module Weekly Spot Price "]
["Solar Energy Basics Hits 50000-plus Enrollments 5/2/2021",null,null,"Item ","High ","Low ","Average ","AvgChg ","AvgChg % "]
["SUNY ESF",null,"2021-05-04","Poly Solar Module ",0.28000000000000003,0.17,0.182,0,0]
["Corporate renewable energy sourcing: driving global ...",null,null,"Poly Module in China ",0.2,0.18,0.18099999999999999,0,0]
["PV Tech",null,"2021-05-04","Poly PERC Module ",0.31,0.19,0.2,0,0]
["McLean County Explores Solar Energy For 2 Downtown Buildings",null,null,"Mono PERC Module ",0.35,0.19500000000000001,0.21,0,0]
["WGLT",null,"2021-05-04","158mm 405/410Wp PERC Module ",0.35,0.19500000000000001,0.21,0,0]
["Understanding The Purpose Of Renewable Energy - Emagazine.com",null,null,"166mm 440/445Wp PERC Module ",0.35499999999999998,0.19500000000000001,0.20300000000000001,0,0]
["E/The Environmental Magazine",null,"2021-05-04","182mm 535/540Wp PERC Module ",0.35,0.22,0.23200000000000001,0,0]
["Key Things to Know About Solar Energy Leases",null,null,"210mm 590/595Wp PERC Module ",0.35,0.23,0.25,0,0]
["National Law Review",null,"2021-05-04","Mono PERC Module in China ",0.22,0.19500000000000001,0.20599999999999999,0,0]
["The Future of Private Equity and Solar Energy",null,null,"ThinFilm Solar Module ",0.31,0.21,0.217,0,0]
["Solar Magazine",null,"2021-05-04","US Multi Solar Module","Visit here for more detail module price information"]
["Last Update: 2021-May- 04 23:01 (GMT+8)",null,null,"Bifacial Mono PERC Solar Module","Visit here for more detail module price information"]
[null,null,null,"India Poly Module","Visit here for more detail module price information"]
[null,null,null,"Unit: USD / Watt ","more",null,"Last Update: 2021-04-28"]
[null,null,null,"All Spot Prices are Tax excluded and updated on Wednesday "]
["Price Methodology","Terms of Use","Privacy Policy ","About Us ","Contact Us ","Site Map"]
["Copyright © 2021 PVinsights.com All rights reserved"]

{"sheet":"pvinsights 28 06 21","index":63,"n_rows":61,"n_cols":13,"rows_kept":61,"cut":false,"hidden":false,"merged":[[12,0,12,1],[13,0,13,2],[14,0,14,1],[5,0,5,2],[6,0,6,1],[7,0,7,2],[8,0,8,1],[9,0,9,2],[15,0,15,2],[16,0,16,1],[17,0,17,2],[18,0,18,1],[19,0,19,2],[20,0,20,1],[21,0,21,2],[22,0,22,1],[23,0,23,2],[24,0,24,1],[25,0,25,2],[26,0,26,1],[27,0,27,2],[28,0,28,1],[29,0,29,2],[30,0,30,1],[31,0,31,2],[32,0,32,1],[33,0,33,2],[34,0,34,1],[35,0,35,2],[36,0,36,1],[37,0,37,2],[38,0,38,1],[39,0,39,2],[52,0,52,1],[53,0,53,2],[54,0,54,1],[45,0,45,2],[46,0,46,1],[47,0,47,2],[48,0,48,1],[49,0,49,2],[39,4,39,8],[40,4,40,5],[40,6,40,8],[50,0,50,1],[51,0,51,2],[40,0,40,1],[41,0,41,2],[42,0,42,1],[43,0,43,2],[44,0,44,1],[24,4,24,8],[25,4,25,8],[26,4,26,5],[26,6,26,8],[38,4,38,8],[3,0,4,2],[8,4,8,7],[9,4,9,7],[10,4,10,7],[11,4,11,5],[11,6,11,8],[10,0,10,1],[11,0,11,2],[56,0,56,2],[57,0,57,2],[58,0,58,2],[54,4,54,8],[55,4,55,8],[56,4,56,8],[57,4,57,5],[57,6,57,8],[58,3,58,8],[55,0,55,2]]}
[null,"Login","Register","Member Center"]
[]
["Home","Why Solar","Retailer Price","Contract Price","Inverter Price","Weekly Snapshots","Price Download","Monthly Insights","Weekly Forecast","Price Forecast","Premier Insights","Premier Data","Advertising"]
["Latest Solar PV News",null,null,"PV Poly Silicon Weekly Spot Price"]
[null,null,null,"Item ","High ","Low ","Average ","AvgChg ","AvgChg% "]
["Why Solar Energy Stocks Jumped on Monday",null,null,"PV Grade PolySilicon (9N/9N+) ",29.4,19.600000000000001,27.63,-1.78,-6.0499999999999998E-2]
["Nasdaq",null,"2021-06-29","2nd Grade PolySilicon (6N-8N) ",18,17,17.329999999999998,-1.46,-7.7700000000000005E-2]
["Farmers swap crops for energy as east of England solar farm proposals double",null,null,"N Mono Grade PolySilicon in China (12N/12N+) ",29.4,28.75,29.13,-1.77,-5.7299999999999997E-2]
["The Guardian",null,"2021-06-29","Mono Grade PolySilicon in China (11N/11N+) ","Visit here for more Poly-Si price",null,null,null,"%"]
["What Is Solar Energy?",null,null,"PV Grade PolySilicon in China (9N/9N+) ","Visit here for more Poly-Si price",null,null,null,"%"]
["EcoWatch",null,"2021-06-29","PV Grade PolySilicon Outside China (9N/9N+) ","Visit here for more Poly-Si price",null,null,null,"%"]
["Lightsource Labs partners on UK PV, storage solution",null,null,"Unit: USD/Kg ","more",null,"Last Update: 2021-06-23"]
["reNews",null,"2021-06-29","Definition of N Mono Grade: Poly silicon chunk or Chip Polysiliocn with high purity can be directly produced to N-Type Monocrystalline Ingots, mainly supplied by Wacker, Hemlock, and Tokuyama"]
["Two US solar panel technology innovators combine to form CubicPV ...",null,null,"Definition of PV Grade: Poly silicon chunk with high purity can be directly produced to Solar PV Ingots / Bricks"]
["Solar Power World",null,"2021-06-29","Definition of 2nd Grade: Poly silicon chunk or FBR granular polysilicon must be mixed with high purity polysilicon, when producing Solar PV Ingots / Bricks."]
["US bans target Chinese solar panel industry over Xinjiang forced labor concerns",null,null,"PolySilicon Price In China: The Price is surveyed by RMB term with Tax and then shown in USD term without 13% of VAT after Apri 1, 2019, 16% of VAT after May 1, 2018 and 17% of VAT before May 1, 2018."]
["The Guardian",null,"2021-06-29","Solar PV Wafer Weekly Spot Price "]
["Greens look to remove solar panel planning restrictions",null,null,"Item ","High ","Low ","Average ","AvgChg ","AvgChg% "]
["RTE",null,"2021-06-29","156 mm Multi Solar Wafer ",0.34499999999999997,0.3,0.32300000000000001,-1.7999999999999999E-2,-5.28E-2]
["Poland sells almost 37TWh of wind and solar",null,null,"156 mm High Eff Multi Solar Wafer ",0.34499999999999997,0.30499999999999999,0.32700000000000001,-1.9E-2,-5.4899999999999997E-2]
["reNews",null,"2021-06-29","166mm Mono Solar Wafer ",0.68,0.65,0.66,-1.0999999999999999E-2,-1.6400000000000001E-2]
["Minetech expands into renewable energy, O&G sectors",null,null,"182mm Mono Solar Wafer ",0.81499999999999995,0.78500000000000003,0.8,-1.2E-2,-1.4800000000000001E-2]
["The Edge Markets",null,"2021-06-29","158.75 / 161.75mm Mono Wafer ",0.67,0.63,0.64900000000000002,-0.01,-1.52E-2]
["Clark County residents surveyed on industrial solar panel facilities ...",null,null,"161.7+/163.75mm Mono PWafer ",0.68500000000000005,0.66,0.67200000000000004,-8.9999999999999993E-3,-1.32E-2]
["Winchester Sun",null,"2021-06-29","210mm Mono Wafer","Visit here for more detail wafer price information"]
["Vinnies Victoria makes the renewable energy switch",null,null,"225 mm Mono Wafer","Visit here for more detail"]
["Pro Bono Australia",null,"2021-06-29","Unit: USD ","more",null,"Last Update: 2021-06-23"]
["House Passes Community Net Metering Bill to Push Renewable ...",null,null,"Wafer Prices In China: The Prices are surveyed by RMB term with Tax and then shown in USD term without 13% of VAT after April 1, 2019, 16% of VAT after May 1, 2018 and 17% of VAT before May 1, 2018."]
["ecoRI News",null,"2021-06-29","Solar PV Cell Weekly Spot Price "]
["Mainstream to buy stake in 405MW Vietnamese solar",null,null,"Item ","High ","Low ","Average ","AvgChg ","AvgChg % "]
["reNews",null,"2021-06-28","Multi Cell Price ",0.14000000000000001,0.1,0.108,-3.0000000000000001E-3,-2.7E-2]
["What are the different types of renewable energy?",null,null,"Poly PERC Cell ",0.13,0.115,0.124,-2E-3,-1.5900000000000001E-2]
["Energy Matters",null,"2021-06-28","Mono PERC Cell ",0.16,0.13500000000000001,0.13900000000000001,-6.0000000000000001E-3,-4.1399999999999999E-2]
["Clean Energy ETFs Take a Hit, but Money Keeps Flowing In",null,null,"China Mono PERC Cell ",0.14499999999999999,0.13500000000000001,0.13800000000000001,-6.0000000000000001E-3,-4.1700000000000001E-2]
["The Wall Street Journal",null,"2021-06-28","158.75/161.75mm Mono PERC Cell ",0.15,0.13500000000000001,0.14000000000000001,-6.0000000000000001E-3,-4.1099999999999998E-2]
["Seven little known facts about solar energy",null,null,"166mm Mono PERC Cell ",0.155,0.13300000000000001,0.13900000000000001,-5.0000000000000001E-3,-3.4700000000000002E-2]
["Energy Matters",null,"2021-06-28","182mm Mono PERC Cell ",0.17,0.13300000000000001,0.14000000000000001,-6.0000000000000001E-3,-4.1099999999999998E-2]
["Letters: Renewable energy is the future, like it or not",null,null,"210mm Mono PERC Cell ",0.17,0.13500000000000001,0.14000000000000001,-6.0000000000000001E-3,-4.1099999999999998E-2]
["The Advocate",null,"2021-06-28","China Poly Cell Per Watt ","Visit here for more detail Cell price information"]
["Project Finance Brief: Risen Energy Secures Debt Facility for 103 ...",null,null,"Non (TW or CN) Poly Cell Per Watt","Visit here for more detail Cell price information"]
["Mercom India",null,"2021-06-28","Unit: USD / Watt","more",null,"Last Update: 2021-06-23"]
["We are waiting to source solar panels from Reliance: JSW Energy",null,null,"High Efficency Mono PERC Cell: The Prices are mainly represented to 5BB solar cells with 22.1%+ efficiency or 9+BB ones with 22.5%+ efficiency and less than 1.5% of CTM efficiency lost."]
["Business Line",null,"2021-06-28","Solar PV Module Weekly Spot Price "]
["Government failing on most basic climate actions, solar energy group claims",null,null,"Item ","High ","Low ","Average ","AvgChg ","AvgChg % "]
["The Irish Times",null,"2021-06-28","Poly Solar Module ",0.28000000000000003,0.19,0.20100000000000001,-3.0000000000000001E-3,-1.47E-2]
["Opinion/Burke and Sabetti: RI should pass the 100% renewable energy standard bill",null,null,"Poly Module in China ",0.22,0.2,0.19800000000000001,-4.0000000000000001E-3,-1.9800000000000002E-2]
["The Providence Journal",null,"2021-06-28","Poly PERC Module ",0.31,0.21,0.219,-4.0000000000000001E-3,-1.7899999999999999E-2]
["Top Renewable Energy Stocks To Buy Today? 3 For Your List",null,null,"Mono PERC Module ",0.35,0.215,0.22600000000000001,-4.0000000000000001E-3,-1.7399999999999999E-2]
["Entrepreneur",null,"2021-06-28","158mm 405/410Wp PERC Module ",0.35,0.215,0.22800000000000001,-4.0000000000000001E-3,-1.72E-2]
["MELLOR: With renewable energy, details are key",null,null,"166mm 440/445Wp PERC Module ",0.35499999999999998,0.215,0.22500000000000001,-4.0000000000000001E-3,-1.7500000000000002E-2]
["AllOTSEGO.com",null,"2021-06-28","182mm 535/540Wp PERC Module ",0.35,0.23499999999999999,0.24399999999999999,-4.0000000000000001E-3,-1.61E-2]
["Is It Time For The Solar Industry To Look In The Mirror?",null,null,"210mm 590/595Wp PERC Module ",0.35,0.24,0.253,-5.0000000000000001E-3,-1.9400000000000001E-2]
["Yahoo Finance",null,"2021-06-28","Mono PERC Module in China ",0.23499999999999999,0.215,0.22500000000000001,-4.0000000000000001E-3,-1.7500000000000002E-2]
["We are eagerly awaiting Reliance¡¦s entry into green power: JSW Energy",null,null,"ThinFilm Solar Module ",0.31,0.22,0.23,-2E-3,-8.6E-3]
["Business Line",null,"2021-06-27","US Multi Solar Module","Visit here for more detail module price information"]
["Last Update: 2021-Jun- 29 07:00 (GMT+8)",null,null,"Bifacial Mono PERC Solar Module","Visit here for more detail module price information"]
[null,null,null,"India Poly Module","Visit here for more detail module price information"]
[null,null,null,"Unit: USD / Watt ","more",null,"Last Update: 2021-06-23"]
[null,null,null,"All Spot Prices are Tax excluded and updated on Wednesday "]
["Price Methodology","Terms of Use","Privacy Policy ","About Us ","Contact Us ","Site Map"]
["Copyright © 2021 PVinsights.com All rights reserved"]

{"sheet":"pvinsights 12 07 21","index":64,"n_rows":61,"n_cols":13,"rows_kept":61,"cut":false,"hidden":false,"merged":[[56,0,56,2],[57,0,57,2],[58,0,58,2],[54,4,54,8],[55,4,55,8],[56,4,56,8],[57,4,57,5],[57,6,57,8],[58,3,58,8],[55,0,55,2],[3,0,4,2],[8,4,8,7],[9,4,9,7],[10,4,10,7],[11,4,11,5],[11,6,11,8],[10,0,10,1],[11,0,11,2],[24,4,24,8],[25,4,25,8],[26,4,26,5],[26,6,26,8],[38,4,38,8],[39,4,39,8],[40,4,40,5],[40,6,40,8],[50,0,50,1],[51,0,51,2],[40,0,40,1],[41,0,41,2],[42,0,42,1],[43,0,43,2],[44,0,44,1],[52,0,52,1],[53,0,53,2],[54,0,54,1],[45,0,45,2],[46,0,46,1],[47,0,47,2],[48,0,48,1],[49,0,49,2],[35,0,35,2],[36,0,36,1],[37,0,37,2],[38,0,38,1],[39,0,39,2],[30,0,30,1],[31,0,31,2],[32,0,32,1],[33,0,33,2],[34,0,34,1],[25,0,25,2],[26,0,26,1],[27,0,27,2],[28,0,28,1],[29,0,29,2],[20,0,20,1],[21,0,21,2],[22,0,22,1],[23,0,23,2],[24,0,24,1],[15,0,15,2],[16,0,16,1],[17,0,17,2],[18,0,18,1],[19,0,19,2],[12,0,12,1],[13,0,13,2],[14,0,14,1],[5,0,5,2],[6,0,6,1],[7,0,7,2],[8,0,8,1],[9,0,9,2]]}
[null,"Login","Register","Member Center"]
[]
["Home","Why Solar","Retailer Price","Contract Price","Inverter Price","Weekly Snapshots","Price Download","Monthly Insights","Weekly Forecast","Price Forecast","Premier Insights","Premier Data","Advertising"]
["Latest Solar PV News",null,null,"PV Poly Silicon Weekly Spot Price"]
[null,null,null,"Item ","High ","Low ","Average ","AvgChg ","AvgChg% "]
["Austrian company launched solar energy sharing app",null,null,"PV Grade PolySilicon (9N/9N+) ",29.4,19.3,27.35,-0.28000000000000003,-1.01E-2]
["TheMayor.EU",null,"2021-07-12","2nd Grade PolySilicon (6N-8N) ",17.899999999999999,16.8,17.13,-0.2,-1.15E-2]
["Solar energy heats up job market across the globe",null,null,"N Mono Grade PolySilicon in China (12N/12N+) ",29.4,28.4,28.86,-0.27,-9.2999999999999992E-3]
["DW",null,"2021-07-12","Mono Grade PolySilicon in China (11N/11N+) ","Visit here for more Poly-Si price",null,null,null,"%"]
["Solar Energy Pros and Cons: Is Going Solar Right for You?",null,null,"PV Grade PolySilicon in China (9N/9N+) ","Visit here for more Poly-Si price",null,null,null,"%"]
["EcoWatch",null,"2021-07-12","PV Grade PolySilicon Outside China (9N/9N+) ","Visit here for more Poly-Si price",null,null,null,"%"]
["British solar farm proposals open for public consultation",null,null,"Unit: USD/Kg ","more",null,"Last Update: 2021-07-07"]
["Energy Global",null,"2021-07-12","Definition of N Mono Grade: Poly silicon chunk or Chip Polysiliocn with high purity can be directly produced to N-Type Monocrystalline Ingots, mainly supplied by Wacker, Hemlock, and Tokuyama"]
["Two different views on the solar panel proposal - what do you think?",null,null,"Definition of PV Grade: Poly silicon chunk with high purity can be directly produced to Solar PV Ingots / Bricks"]
["Gazette & Herald",null,"2021-07-12","Definition of 2nd Grade: Poly silicon chunk or FBR granular polysilicon must be mixed with high purity polysilicon, when producing Solar PV Ingots / Bricks."]
["New Greek JV targets 750MW solar drive",null,null,"PolySilicon Price In China: The Price is surveyed by RMB term with Tax and then shown in USD term without 13% of VAT after Apri 1, 2019, 16% of VAT after May 1, 2018 and 17% of VAT before May 1, 2018."]
["reNews",null,"2021-07-12","Solar PV Wafer Weekly Spot Price "]
["Canadian Solar to build 45MW Colombian battery",null,null,"Item ","High ","Low ","Average ","AvgChg ","AvgChg% "]
["reNews",null,"2021-07-12","156 mm Multi Solar Wafer ",0.33500000000000002,0.28999999999999998,0.313,-4.0000000000000001E-3,-1.26E-2]
["Biden Wants to Embrace Power Lines. Some Americans Disagree.",null,null,"156 mm High Eff Multi Solar Wafer ",0.33500000000000002,0.29499999999999998,0.316,-5.0000000000000001E-3,-1.5599999999999999E-2]
["The New York Times",null,"2021-07-12","166mm Mono Solar Wafer ",0.65,0.63,0.63600000000000001,-1.0999999999999999E-2,-1.7000000000000001E-2]
["Seven little known facts about solar energy",null,null,"182mm Mono Solar Wafer ",0.79500000000000004,0.76500000000000001,0.77900000000000003,-1.4999999999999999E-2,-1.89E-2]
["Energy Matters",null,"2021-07-12","158.75 / 161.75mm Mono Wafer ",0.65,0.625,0.63700000000000001,0,0]
["Power walls only operate when receiving solar energy, will not ...",null,null,"161.7+/163.75mm Mono PWafer ",0.66500000000000004,0.65500000000000003,0.65900000000000003,0,0]
["Tesla Motors Club",null,"2021-07-12","210mm Mono Wafer","Visit here for more detail wafer price information"]
[", More Power Lines or Rooftop Solar Panels: The Fight Over Energy¡¦s Future",null,null,"225 mm Mono Wafer","Visit here for more detail"]
["The New York Times",null,"2021-07-12","Unit: USD ","more",null,"Last Update: 2021-07-07"]
["Best Renewable Energy Stocks To Buy This Week? 4 To Watch",null,null,"Wafer Prices In China: The Prices are surveyed by RMB term with Tax and then shown in USD term without 13% of VAT after April 1, 2019, 16% of VAT after May 1, 2018 and 17% of VAT before May 1, 2018."]
["Nasdaq",null,"2021-07-12","Solar PV Cell Weekly Spot Price "]
["Anglophone Cameroon¡¦s Solar Mamas light the way for rural farmers",null,null,"Item ","High ","Low ","Average ","AvgChg ","AvgChg % "]
["RFI",null,"2021-07-12","Multi Cell Price ",0.14000000000000001,0.1,0.104,-2E-3,-1.89E-2]
["What to know when buying a portable solar panel",null,null,"Poly PERC Cell ",0.13,0.115,0.12,-2E-3,-1.6400000000000001E-2]
["Popular Science",null,"2021-07-12","Mono PERC Cell ",0.16,0.13,0.13400000000000001,-2E-3,-1.47E-2]
["Rally planned to support the environment, stop solar energy",null,null,"China Mono PERC Cell ",0.14499999999999999,0.13,0.13300000000000001,-2E-3,-1.4800000000000001E-2]
["Wareham Week",null,"2021-07-12","158.75/161.75mm Mono PERC Cell ",0.15,0.13500000000000001,0.13800000000000001,0,0]
["Farmers swap crops for energy as east of England solar farm proposals double",null,null,"166mm Mono PERC Cell ",0.155,0.128,0.13300000000000001,-3.0000000000000001E-3,-2.2100000000000002E-2]
["The Guardian",null,"2021-07-12","182mm Mono PERC Cell ",0.17,0.13,0.13600000000000001,-1E-3,-7.3000000000000001E-3]
["Universities collaborate in push for renewable energy",null,null,"210mm Mono PERC Cell ",0.17,0.13,0.13500000000000001,-1E-3,-7.4000000000000003E-3]
["University World News",null,"2021-07-11","China Poly Cell Per Watt ","Visit here for more detail Cell price information"]
["Israeli growth marketing expert helps redefine solar energy sector",null,null,"Non (TW or CN) Poly Cell Per Watt","Visit here for more detail Cell price information"]
["The Jerusalem Post",null,"2021-07-11","Unit: USD / Watt","more",null,"Last Update: 2021-07-07"]
["Land of the Rising Sun faces solar energy woes",null,null,"High Efficency Mono PERC Cell: The Prices are mainly represented to 5BB solar cells with 22.1%+ efficiency or 9+BB ones with 22.5%+ efficiency and less than 1.5% of CTM efficiency lost."]
["UCA News",null,"2021-07-11","Solar PV Module Weekly Spot Price "]
["Nova Scotia announces next step in plan to boost renewable energy production",null,null,"Item ","High ","Low ","Average ","AvgChg ","AvgChg % "]
["CBC.ca",null,"2021-07-11","Poly Solar Module ",0.28000000000000003,0.19,0.19900000000000001,-1E-3,-5.0000000000000001E-3]
["Family gain support in fight to save farm from solar energy scheme",null,null,"Poly Module in China ",0.21,0.2,0.19600000000000001,-1E-3,-5.1000000000000004E-3]
["Darlington & Stockton Times",null,"2021-07-10","Poly PERC Module ",0.31,0.20499999999999999,0.217,-1E-3,-4.5999999999999999E-3]
["Renewable energy capacity addition to improve to 11GW in FY22: ICRA",null,null,"Mono PERC Module ",0.35,0.215,0.223,-1E-3,-4.4999999999999997E-3]
["Mint",null,"2021-07-10","158mm 405/410Wp PERC Module ",0.35,0.215,0.22800000000000001,0,0]
["Solar Energy Solutions Market Research Report by Module, by",null,null,"166mm 440/445Wp PERC Module ",0.35499999999999998,0.215,0.221,-1E-3,-4.4999999999999997E-3]
["GlobeNewswire",null,"2021-07-10","182mm 535/540Wp PERC Module ",0.35,0.23,0.24099999999999999,-1E-3,-4.1000000000000003E-3]
["PSC gives green light to Georgia Power solar energy purchases",null,null,"210mm 590/595Wp PERC Module ",0.35,0.23499999999999999,0.25,-1E-3,-4.0000000000000001E-3]
["Henry Herald",null,"2021-07-10","Mono PERC Module in China ",0.23499999999999999,0.215,0.222,-1E-3,-4.4999999999999997E-3]
["Is 100% Renewable Energy Feasible For Entire Countries? Why, Yes Actually",null,null,"ThinFilm Solar Module ",0.31,0.22,0.22800000000000001,-1E-3,-4.4000000000000003E-3]
["ScienceAlert",null,"2021-07-10","US Multi Solar Module","Visit here for more detail module price information"]
["Last Update: 2021-Jul- 12 23:00 (GMT+8)",null,null,"Bifacial Mono PERC Solar Module","Visit here for more detail module price information"]
[null,null,null,"India Poly Module","Visit here for more detail module price information"]
[null,null,null,"Unit: USD / Watt ","more",null,"Last Update: 2021-07-07"]
[null,null,null,"All Spot Prices are Tax excluded and updated on Wednesday "]
["Price Methodology","Terms of Use","Privacy Policy ","About Us ","Contact Us ","Site Map"]
["Copyright © 2021 PVinsights.com All rights reserved"]

{"sheet":"pvinsights 18 07 21","index":65,"n_rows":61,"n_cols":13,"rows_kept":61,"cut":false,"hidden":false,"merged":[[56,0,56,2],[57,0,57,2],[58,0,58,2],[54,4,54,8],[55,4,55,8],[56,4,56,8],[57,4,57,5],[57,6,57,8],[58,3,58,8],[55,0,55,2],[3,0,4,2],[8,4,8,7],[9,4,9,7],[10,4,10,7],[11,4,11,5],[11,6,11,8],[10,0,10,1],[11,0,11,2],[24,4,24,8],[25,4,25,8],[26,4,26,5],[26,6,26,8],[38,4,38,8],[39,4,39,8],[40,4,40,5],[40,6,40,8],[50,0,50,1],[51,0,51,2],[40,0,40,1],[41,0,41,2],[42,0,42,1],[43,0,43,2],[44,0,44,1],[52,0,52,1],[53,0,53,2],[54,0,54,1],[45,0,45,2],[46,0,46,1],[47,0,47,2],[48,0,48,1],[49,0,49,2],[35,0,35,2],[36,0,36,1],[37,0,37,2],[38,0,38,1],[39,0,39,2],[30,0,30,1],[31,0,31,2],[32,0,32,1],[33,0,33,2],[34,0,34,1],[25,0,25,2],[26,0,26,1],[27,0,27,2],[28,0,28,1],[29,0,29,2],[20,0,20,1],[21,0,21,2],[22,0,22,1],[23,0,23,2],[24,0,24,1],[15,0,15,2],[16,0,16,1],[17,0,17,2],[18,0,18,1],[19,0,19,2],[12,0,12,1],[13,0,13,2],[14,0,14,1],[5,0,5,2],[6,0,6,1],[7,0,7,2],[8,0,8,1],[9,0,9,2]]}
[null,"Login","Register","Member Center"]
[]
["Home","Why Solar","Retailer Price","Contract Price","Inverter Price","Weekly Snapshots","Price Download","Monthly Insights","Weekly Forecast","Price Forecast","Premier Insights","Premier Data","Advertising"]
["Latest Solar PV News",null,null,"PV Poly Silicon Weekly Spot Price"]
[null,null,null,"Item ","High ","Low ","Average ","AvgChg ","AvgChg% "]
["UP clears new Solar Energy Policy - Goa Chronicle",null,null,"PV Grade PolySilicon (9N/9N+) ",29,19.3,27.11,-0.24,-8.8000000000000005E-3]
["Goa Chronicle",null,"2021-07-19","2nd Grade PolySilicon (6N-8N) ",17.600000000000001,16.8,17,-0.13,-7.6E-3]
["U.S. seeks to speed rooftop solar growth with instant permits",null,null,"N Mono Grade PolySilicon in China (12N/12N+) ",29,28.35,28.73,-0.13,-4.4999999999999997E-3]
["Reuters",null,"2021-07-19","Mono Grade PolySilicon in China (11N/11N+) ","Visit here for more Poly-Si price",null,null,null,"%"]
["EarthTalk: Has there been any backlash against the installation of rooftop solar panels or the development of big solar ",null,null,"PV Grade PolySilicon in China (9N/9N+) ","Visit here for more Poly-Si price",null,null,null,"%"]
["Arizona Daily Sun",null,"2021-07-19","PV Grade PolySilicon Outside China (9N/9N+) ","Visit here for more Poly-Si price",null,null,null,"%"]
["Fossil fuel electricity peaks as emerging markets leapfrog to renewable energy: report",null,null,"Unit: USD/Kg ","more",null,"Last Update: 2021-07-14"]
["DW",null,"2021-07-19","Definition of N Mono Grade: Poly silicon chunk or Chip Polysiliocn with high purity can be directly produced to N-Type Monocrystalline Ingots, mainly supplied by Wacker, Hemlock, and Tokuyama"]
["Jacob: Florida is leader in the Southeast for solar, but state¡¦s utilities need to do more to help US achieve 100% clea",null,null,"Definition of PV Grade: Poly silicon chunk with high purity can be directly produced to Solar PV Ingots / Bricks"]
["Palm Beach Post",null,"2021-07-19","Definition of 2nd Grade: Poly silicon chunk or FBR granular polysilicon must be mixed with high purity polysilicon, when producing Solar PV Ingots / Bricks."]
["EarthTalk: Has there been any backlash against the installation of rooftop solar panels or the development of big solar ",null,null,"PolySilicon Price In China: The Price is surveyed by RMB term with Tax and then shown in USD term without 13% of VAT after Apri 1, 2019, 16% of VAT after May 1, 2018 and 17% of VAT before May 1, 2018."]
["Arizona Daily Sun",null,"2021-07-18","Solar PV Wafer Weekly Spot Price "]
["UP govt approves new solar energy policy",null,null,"Item ","High ","Low ","Average ","AvgChg ","AvgChg% "]
["UNITED NEWS OF INDIA",null,"2021-07-18","156 mm Multi Solar Wafer ",0.32,0.28999999999999998,0.30499999999999999,-8.0000000000000002E-3,-2.5600000000000001E-2]
["Maharashtra: Jalna-based dentist makes sugar-free cookies using solar energy",null,null,"156 mm High Eff Multi Solar Wafer ",0.32,0.29499999999999998,0.309,-7.0000000000000001E-3,-2.2200000000000001E-2]
["Mid-Day",null,"2021-07-18","166mm Mono Solar Wafer ",0.64,0.625,0.63100000000000001,-5.0000000000000001E-3,-7.9000000000000008E-3]
["¡¥Tackle solar energy waste withrecycle, reuse and regenerate¡¦",null,null,"182mm Mono Solar Wafer ",0.79500000000000004,0.76,0.77400000000000002,-5.0000000000000001E-3,-6.4000000000000003E-3]
["Times of India",null,"2021-07-18","158.75 / 161.75mm Mono Wafer ",0.65,0.625,0.63600000000000001,-1E-3,-1.6000000000000001E-3]
["Pinergy acquires solar energy supplier Solar Electric",null,null,"161.7+/163.75mm Mono PWafer ",0.66500000000000004,0.65500000000000003,0.65800000000000003,-1E-3,-1.5E-3]
["RTE",null,"2021-07-18","210mm Mono Wafer","Visit here for more detail wafer price information"]
["3 Renewable Energy Stocks to Buy If the Market Crashes",null,null,"225 mm Mono Wafer","Visit here for more detail"]
["The Motley Fool",null,"2021-07-18","Unit: USD ","more",null,"Last Update: 2021-07-14"]
["State banks offer solar panel loans to boost adoption",null,null,"Wafer Prices In China: The Prices are surveyed by RMB term with Tax and then shown in USD term without 13% of VAT after April 1, 2019, 16% of VAT after May 1, 2018 and 17% of VAT before May 1, 2018."]
["The Jakarta Post",null,"2021-07-18","Solar PV Cell Weekly Spot Price "]
["Tengeh Reservoir floating solar farm opens with 122000 panels that ...",null,null,"Item ","High ","Low ","Average ","AvgChg ","AvgChg % "]
["TODAYonline",null,"2021-07-18","Multi Cell Price ",0.13,0.1,0.10199999999999999,-2E-3,-1.9199999999999998E-2]
["Rebel-held Syria shifts power -- towards solar",null,null,"Poly PERC Cell ",0.13,0.115,0.11700000000000001,-3.0000000000000001E-3,-2.5000000000000001E-2]
["France 24",null,"2021-07-18","Mono PERC Cell ",0.16,0.13,0.13200000000000001,-2E-3,-1.49E-2]
["EarthTalk: Has there been any backlash against the installation of rooftop solar panels or the development of big solar ",null,null,"China Mono PERC Cell ",0.14499999999999999,0.13,0.13100000000000001,-2E-3,-1.4999999999999999E-2]
["Arizona Daily Sun",null,"2021-07-18","158.75/161.75mm Mono PERC Cell ",0.15,0.13500000000000001,0.13800000000000001,0,0]
["Tyler Technologies Enters into Agreement with the National Renewable Energy Laboratory to Help Expand Access to Resident",null,null,"166mm Mono PERC Cell ",0.155,0.128,0.13100000000000001,-2E-3,-1.4999999999999999E-2]
["Yahoo Finance",null,"2021-07-17","182mm Mono PERC Cell ",0.17,0.13,0.13600000000000001,0,0]
["Japan aims for nearly 40% renewable energy by fiscal 2030",null,null,"210mm Mono PERC Cell ",0.16,0.13,0.13400000000000001,-1E-3,-7.4000000000000003E-3]
["Nikkei Asia",null,"2021-07-17","China Poly Cell Per Watt ","Visit here for more detail Cell price information"]
["Future of Energy Innovation: An interactive session on Renewable Energy and Energy Efficiency",null,null,"Non (TW or CN) Poly Cell Per Watt","Visit here for more detail Cell price information"]
["ThePrint",null,"2021-07-17","Unit: USD / Watt","more",null,"Last Update: 2021-07-14"]
["Tyler Technologies Enters into Agreement with the National Renewable Energy Laboratory to Help Expand Access to Resident",null,null,"High Efficency Mono PERC Cell: The Prices are mainly represented to 5BB solar cells with 22.1%+ efficiency or 9+BB ones with 22.5%+ efficiency and less than 1.5% of CTM efficiency lost."]
["Yahoo Finance",null,"2021-07-17","Solar PV Module Weekly Spot Price "]
["¡¥The big gate key:¡¦ Homeowners associations a top barrier to rooftop solar in North Carolina",null,null,"Item ","High ","Low ","Average ","AvgChg ","AvgChg % "]
["Energy News Network",null,"2021-07-17","Poly Solar Module ",0.28000000000000003,0.19,0.19800000000000001,-1E-3,-5.0000000000000001E-3]
["Gunkul tie-up for solar panels - Bangkok Post",null,null,"Poly Module in China ",0.2,0.19,0.19500000000000001,-1E-3,-5.1000000000000004E-3]
["The Bangkok Post",null,"2021-07-17","Poly PERC Module ",0.31,0.20499999999999999,0.216,-1E-3,-4.5999999999999999E-3]
["Solar power set to light greenhouse at high school in northern Sask.",null,null,"Mono PERC Module ",0.35,0.21,0.222,-1E-3,-4.4999999999999997E-3]
["APTN News",null,"2021-07-17","158mm 405/410Wp PERC Module ",0.35,0.215,0.22800000000000001,0,0]
["Where to Buy Solar Panels: 2021 Solar Purchasing Guide",null,null,"166mm 440/445Wp PERC Module ",0.35499999999999998,0.21,0.219,-2E-3,-8.9999999999999993E-3]
["EcoWatch",null,"2021-07-17","182mm 535/540Wp PERC Module ",0.35,0.23,0.24099999999999999,0,0]
["Uses of Solar Energy in Agriculture | Cleanenergyauthority.com",null,null,"210mm 590/595Wp PERC Module ",0.35,0.23,0.249,-1E-3,-4.0000000000000001E-3]
["Clean Energy Authority",null,"2021-07-17","Mono PERC Module in China ",0.23499999999999999,0.21,0.221,-1E-3,-4.4999999999999997E-3]
["Tyler Technologies Enters into Agreement with the National ...",null,null,"ThinFilm Solar Module ",0.31,0.22,0.22700000000000001,-1E-3,-4.4000000000000003E-3]
["Business Wire",null,"2021-07-17","US Multi Solar Module","Visit here for more detail module price information"]
["Last Update: 2021-Jul- 19 07:01 (GMT+8)",null,null,"Bifacial Mono PERC Solar Module","Visit here for more detail module price information"]
[null,null,null,"India Poly Module","Visit here for more detail module price information"]
[null,null,null,"Unit: USD / Watt ","more",null,"Last Update: 2021-07-14"]
[null,null,null,"All Spot Prices are Tax excluded and updated on Wednesday "]
["Price Methodology","Terms of Use","Privacy Policy ","About Us ","Contact Us ","Site Map"]
["Copyright © 2021 PVinsights.com All rights reserved"]

{"sheet":"pvinsights 09 08 21","index":66,"n_rows":61,"n_cols":13,"rows_kept":61,"cut":false,"hidden":false,"merged":[[12,0,12,1],[13,0,13,2],[14,0,14,1],[5,0,5,2],[6,0,6,1],[7,0,7,2],[8,0,8,1],[9,0,9,2],[15,0,15,2],[16,0,16,1],[17,0,17,2],[18,0,18,1],[19,0,19,2],[20,0,20,1],[21,0,21,2],[22,0,22,1],[23,0,23,2],[24,0,24,1],[25,0,25,2],[26,0,26,1],[27,0,27,2],[28,0,28,1],[29,0,29,2],[30,0,30,1],[31,0,31,2],[32,0,32,1],[33,0,33,2],[34,0,34,1],[35,0,35,2],[36,0,36,1],[37,0,37,2],[38,0,38,1],[39,0,39,2],[52,0,52,1],[53,0,53,2],[54,0,54,1],[45,0,45,2],[46,0,46,1],[47,0,47,2],[48,0,48,1],[49,0,49,2],[39,4,39,8],[40,4,40,5],[40,6,40,8],[50,0,50,1],[51,0,51,2],[40,0,40,1],[41,0,41,2],[42,0,42,1],[43,0,43,2],[44,0,44,1],[24,4,24,8],[25,4,25,8],[26,4,26,5],[26,6,26,8],[38,4,38,8],[3,0,4,2],[8,4,8,7],[9,4,9,7],[10,4,10,7],[11,4,11,5],[11,6,11,8],[10,0,10,1],[11,0,11,2],[56,0,56,2],[57,0,57,2],[58,0,58,2],[54,4,54,8],[55,4,55,8],[56,4,56,8],[57,4,57,5],[57,6,57,8],[58,3,58,8],[55,0,55,2]]}
[null,"Login","Register","Member Center"]
[]
["Home","Why Solar","Retailer Price","Contract Price","Inverter Price","Weekly Snapshots","Price Download","Monthly Insights","Weekly Forecast","Price Forecast","Premier Insights","Premier Data","Advertising"]
["Latest Solar PV News",null,null,"PV Poly Silicon Weekly Spot Price"]
[null,null,null,"Item ","High ","Low ","Average ","AvgChg ","AvgChg% "]
["Solar energy set to double demand for base metals by 2040: WoodMac",null,null,"PV Grade PolySilicon (9N/9N+) ",28.75,19.149999999999999,26.95,0.19,7.1000000000000004E-3]
["ETEnergyworld.com",null,"2021-08-09","2nd Grade PolySilicon (6N-8N) ",17.5,16.850000000000001,17,0.1,5.8999999999999999E-3]
["Extrupet switches to solar energy to help tackle climate change",null,null,"N Mono Grade PolySilicon in China (12N/12N+) ",28.75,28.15,28.56,0.19,6.7000000000000002E-3]
["PV Magazine",null,"2021-08-09","Mono Grade PolySilicon in China (11N/11N+) ","Visit here for more Poly-Si price",null,null,null,"%"]
["Solar energy to boost demand for base metals | African Mining Market",null,null,"PV Grade PolySilicon in China (9N/9N+) ","Visit here for more Poly-Si price",null,null,null,"%"]
["African Mining Market",null,"2021-08-09","PV Grade PolySilicon Outside China (9N/9N+) ","Visit here for more Poly-Si price",null,null,null,"%"]
["Solar challenging nuclear as potential climate change solution",null,null,"Unit: USD/Kg ","more",null,"Last Update: 2021-08-04"]
["PV Magazine",null,"2021-08-09","Definition of N Mono Grade: Poly silicon chunk or Chip Polysiliocn with high purity can be directly produced to N-Type Monocrystalline Ingots, mainly supplied by Wacker, Hemlock, and Tokuyama"]
["Japan and Singapore launch alternative energy initiatives",null,null,"Definition of PV Grade: Poly silicon chunk with high purity can be directly produced to Solar PV Ingots / Bricks"]
["Defense News",null,"2021-08-09","Definition of 2nd Grade: Poly silicon chunk or FBR granular polysilicon must be mixed with high purity polysilicon, when producing Solar PV Ingots / Bricks."]
["How Long Does It Take For Solar Panels To Pay For Themselves?",null,null,"PolySilicon Price In China: The Price is surveyed by RMB term with Tax and then shown in USD term without 13% of VAT after Apri 1, 2019, 16% of VAT after May 1, 2018 and 17% of VAT before May 1, 2018."]
["CleanTechnica",null,"2021-08-09","Solar PV Wafer Weekly Spot Price "]
["Clean energy stocks a haven from Chinese policy risk, say analysts",null,null,"Item ","High ","Low ","Average ","AvgChg ","AvgChg% "]
["South China Morning Post",null,"2021-08-09","156 mm Multi Solar Wafer ",0.3,0.27500000000000002,0.28699999999999998,0,0]
["Investing: 7 stocks to cash in on renewable energy push",null,null,"156 mm High Eff Multi Solar Wafer ",0.3,0.28000000000000003,0.28999999999999998,0,0]
["CNBC",null,"2021-08-09","166mm Mono Solar Wafer ",0.63500000000000001,0.60499999999999998,0.61799999999999999,5.0000000000000001E-3,8.2000000000000007E-3]
["Armenia to build its biggest solar power plant",null,null,"182mm Mono Solar Wafer ",0.8,0.77,0.78300000000000003,1.6E-2,2.0899999999999998E-2]
["Eurasianet",null,"2021-08-09","158.75 / 161.75mm Mono Wafer ",0.64500000000000002,0.61,0.626,5.0000000000000001E-3,8.0999999999999996E-3]
["Reduced ambitions for renewable energy",null,null,"161.7+/163.75mm Mono PWafer ",0.66,0.64,0.64800000000000002,5.0000000000000001E-3,7.7999999999999996E-3]
["Dawn",null,"2021-08-09","210mm Mono Wafer","Visit here for more detail wafer price information"]
["Protecting the environment with renewable energy",null,null,"225 mm Mono Wafer","Visit here for more detail"]
["Tehran Times",null,"2021-08-09","Unit: USD ","more",null,"Last Update: 2021-08-04"]
["Solar firms line up IPOs amid make in India push",null,null,"Wafer Prices In China: The Prices are surveyed by RMB term with Tax and then shown in USD term without 13% of VAT after April 1, 2019, 16% of VAT after May 1, 2018 and 17% of VAT before May 1, 2018."]
["Mint",null,"2021-08-09","Solar PV Cell Weekly Spot Price "]
["Renewables Are Fast Replacing Coal, Except in Rural America",null,null,"Item ","High ","Low ","Average ","AvgChg ","AvgChg % "]
["Wall Street Journal",null,"2021-08-09","Multi Cell Price ",0.12,0.09,9.2999999999999999E-2,0,0]
["Solarize Billings campaign attempts to take solar mainstream",null,null,"Poly PERC Cell ",0.13,0.11,0.113,0,0]
["Helena Independent Record",null,"2021-08-09","Mono PERC Cell ",0.16,0.13,0.13600000000000001,5.0000000000000001E-3,3.8199999999999998E-2]
["No U.S. Subsidies for Dirty Solar Panels Made in China",null,null,"China Mono PERC Cell ",0.14499999999999999,0.13,0.13500000000000001,5.0000000000000001E-3,3.85E-2]
["Wall Street Journal",null,"2021-08-09","158.75/161.75mm Mono PERC Cell ",0.15,0.14000000000000001,0.14199999999999999,4.0000000000000001E-3,2.9000000000000001E-2]
["FPL helps kids at IMAG with solar rover race",null,null,"166mm Mono PERC Cell ",0.155,0.13,0.13300000000000001,3.0000000000000001E-3,2.3099999999999999E-2]
["WINK News",null,"2021-08-09","182mm Mono PERC Cell ",0.17,0.13500000000000001,0.13700000000000001,2E-3,1.4800000000000001E-2]
["Newsmakers: Nokomis Energy Sees Rise in Solar Energy Use ...",null,null,"210mm Mono PERC Cell ",0.16,0.13,0.13500000000000001,2E-3,1.4999999999999999E-2]
["CCX Media -",null,"2021-08-09","China Poly Cell Per Watt ","Visit here for more detail Cell price information"]
["Letters: Equitable access to rooftop solar energy sorely needed",null,null,"Non (TW or CN) Poly Cell Per Watt","Visit here for more detail Cell price information"]
["San Francisco Chronicle",null,"2021-08-08","Unit: USD / Watt","more",null,"Last Update: 2021-08-04"]
["Rocket seeks to grow solar panel market by offering loans",null,null,"High Efficency Mono PERC Cell: The Prices are mainly represented to 5BB solar cells with 22.1%+ efficiency or 9+BB ones with 22.5%+ efficiency and less than 1.5% of CTM efficiency lost."]
["The Lima News",null,"2021-08-08","Solar PV Module Weekly Spot Price "]
["Four keys to getting community buy-in for solar energy projects - The ...",null,null,"Item ","High ","Low ","Average ","AvgChg ","AvgChg % "]
["The Zimbabwe Standard",null,"2021-08-08","Poly Solar Module ",0.28000000000000003,0.19,0.19600000000000001,0,0]
["MP REPORT: Canada needs a renewable energy Crown ...",null,null,"Poly Module in China ",0.2,0.19,0.193,0,0]
["Vancouver Island Free Daily",null,"2021-08-08","Poly PERC Module ",0.31,0.20499999999999999,0.21299999999999999,0,0]
["ReNew Power signs PPA with Seci for country¡¦s maiden round-the-clock renewable energy project",null,null,"Mono PERC Module ",0.35,0.21,0.22,0,0]
["The Financial Express",null,"2021-08-08","158mm 405/410Wp PERC Module ",0.35,0.215,0.22600000000000001,0,0]
["Highways to have solar panels - Projects & Tenders",null,null,"166mm 440/445Wp PERC Module ",0.35499999999999998,0.21,0.217,0,0]
["Construction Week Online India",null,"2021-08-08","182mm 535/540Wp PERC Module ",0.35,0.23,0.23899999999999999,0,0]
["Interior Department Advances Three Solar Projects in California ...",null,null,"210mm 590/595Wp PERC Module ",0.35,0.23,0.246,0,0]
["Sierra Sun Times",null,"2021-08-08","Mono PERC Module in China ",0.23,0.21,0.219,0,0]
["Some Solar Customers Experiencing Long Waits For LADWP Permit To Activate Panels",null,null,"ThinFilm Solar Module ",0.31,0.22,0.22500000000000001,0,0]
["CBS Los Angeles",null,"2021-08-08","US Multi Solar Module","Visit here for more detail module price information"]
["Last Update: 2021-Aug- 09 20:01 (GMT+8)",null,null,"Bifacial Mono PERC Solar Module","Visit here for more detail module price information"]
[null,null,null,"India Poly Module","Visit here for more detail module price information"]
[null,null,null,"Unit: USD / Watt ","more",null,"Last Update: 2021-08-04"]
[null,null,null,"All Spot Prices are Tax excluded and updated on Wednesday "]
["Price Methodology","Terms of Use","Privacy Policy ","About Us ","Contact Us ","Site Map"]
["Copyright © 2021 PVinsights.com All rights reserved"]

{"sheet":"pvinsights 24 09 21","index":67,"n_rows":60,"n_cols":13,"rows_kept":60,"cut":false,"hidden":false,"merged":[[11,0,11,2],[12,0,12,1],[13,0,13,2],[14,0,14,1],[5,0,5,2],[6,0,6,1],[7,0,7,2],[8,0,8,1],[9,0,9,2],[15,0,15,2],[16,0,16,1],[17,0,17,2],[18,0,18,1],[19,0,19,2],[20,0,20,1],[21,0,21,2],[22,0,22,1],[23,0,23,2],[24,0,24,1],[25,0,25,2],[26,0,26,1],[27,0,27,2],[28,0,28,1],[29,0,29,2],[30,0,30,1],[31,0,31,2],[32,0,32,1],[33,0,33,2],[34,0,34,1],[49,0,49,2],[50,0,50,1],[51,0,51,2],[52,0,52,1],[41,0,41,2],[42,0,42,1],[43,0,43,2],[44,0,44,1],[45,0,45,2],[46,0,46,1],[23,4,23,8],[24,4,24,8],[47,0,47,2],[48,0,48,1],[25,4,25,5],[25,6,25,8],[37,4,37,8],[38,4,38,8],[39,4,39,5],[39,6,39,8],[40,0,40,1],[35,0,35,2],[36,0,36,1],[37,0,37,2],[38,0,38,1],[39,0,39,2],[3,0,4,2],[8,4,8,7],[9,4,9,7],[10,4,10,5],[10,6,10,8],[10,0,10,1],[56,0,56,2],[57,0,57,2],[53,4,53,8],[54,4,54,8],[55,4,55,8],[56,4,56,5],[56,6,56,8],[57,3,57,8],[53,0,53,2],[54,0,54,1],[55,0,55,2]]}
[null,"Login","Register","Member Center"]
[]
["Home","Why Solar","Retailer Price","Contract Price","Inverter Price","Weekly Snapshots","Price Download","Monthly Insights","Weekly Forecast","Price Forecast","Premier Insights","Premier Data","Advertising"]
["Latest Solar PV News",null,null,"PV PolySilicon Weekly Spot Price"]
[null,null,null,"Item ","High ","Low ","Average ","AvgChg ","AvgChg% "]
["Solarwatt opens 300 MWp solar panel factory in Dresden",null,null,"PV Grade PolySilicon (9N/9N+) ",30.8,20.7,28.79,0.24,8.3999999999999995E-3]
["Renewables Now",null,"2021-09-24","N Mono Grade PolySilicon in China (12N/12N+) ",30.8,30,30.35,0.37,1.23E-2]
["Sun Cable¡¦s huge solar project in Northern Territory a step closer after support from Indonesia",null,null,"Mono Grade PolySilicon in China (11N/11N+) ",30.8,28.9,29.65,0.15,5.1000000000000004E-3]
["The Guardian",null,"2021-09-24","PV Grade PolySilicon in China (9N/9N+) ","Visit here for more Poly-Si price",null,null,null,"%"]
["Catalyze acquires New York solar-energy firm",null,null,"PV Grade PolySilicon Outside China (9N/9N+) ","Visit here for more Poly-Si price",null,null,null,"%"]
["Colorado Daily",null,"2021-09-24","Unit: USD/Kg ","more",null,"Last Update: 2021-09-22"]
["New rules expected to boost solar panel manufacturing",null,null,"Definition of N Mono Grade: Polysilicon chunk or Chip Polysiliocn with purity can be directly produced to N-Type Monocrystalline Ingots, mainly supplied by Wacker, Hemlock, and Tokuyama"]
["The Jakarta Post",null,"2021-09-24","Definition of Mono Grade: Polysilicon chunk or Chip Polysiliocn with purity can be directly produced to P-Type Monocrystalline Ingots, mainly supplied by Korean and Chinese Producers"]
["Rajasthan tops states generating solar energy, overtakes Karnataka: Centre",null,null,"Definition of PV Grade: Polysilicon chunk with high purity can be directly produced to Solar PV Ingots / Bricks"]
["The New Indian Express",null,"2021-09-24","PolySilicon Price In China: The Price is surveyed by RMB term with Tax and then shown in USD term without 13% of VAT after Apri 1, 2019, 16% of VAT after May 1, 2018, or 17% of VAT before May 1, 2018."]
["Monocrystalline vs Polycrystalline Solar Panels ¡V Forbes Advisor",null,null,"Solar PV Wafer Weekly Spot Price "]
["Forbes",null,"2021-09-24","Item ","High ","Low ","Average ","AvgChg ","AvgChg% "]
["Xcel Energy looking at preserving Hayden plant as molten salt energy storage facility",null,null,"156 mm Multi Solar Wafer ",0.31,0.27500000000000002,0.28799999999999998,0,0]
["Denver Gazette",null,"2021-09-24","156 mm High Eff Multi Solar Wafer ",0.31,0.28000000000000003,0.29099999999999998,0,0]
["Sun cable to invest $2.5 bln in Indonesia on Singapore power link",null,null,"166mm Mono Solar Wafer ",0.73,0.70499999999999996,0.71199999999999997,0,0]
["Reuters",null,"2021-09-24","182mm Mono Solar Wafer ",0.875,0.84499999999999997,0.85299999999999998,0,0]
["Solar energy park approved in northwest Scott County",null,null,"158.75 / 161.75mm Mono Wafer ",0.71,0.69,0.69799999999999995,-1E-3,-1.4E-3]
["Scott County Times",null,"2021-09-24","161.7+/163.75mm Mono PWafer ",0.72499999999999998,0.72,0.72099999999999997,-1E-3,-1.4E-3]
["This local company, says now is the time to install solar panels",null,null,"210mm Mono Wafer","Visit here for more detail wafer price information"]
["WMBD",null,"2021-09-24","225 mm Mono Wafer","Visit here for more detail"]
["Rajasthan tops states generating solar energy, overtakes Karnataka, as per government data",null,null,"Unit: USD ","more",null,"Last Update: 2021-09-22"]
["Free Press Journal",null,"2021-09-23","Wafer Prices In China: The Prices are surveyed by CNY term with Tax and then shown in USD term without 13% of VAT after April 1, 2019, 16% of VAT after May 1, 2018 and 17% of VAT before May 1, 2018."]
["AFRICA: DFC invests $10m in solar energy via the Nithio platform",null,null,"Solar PV Cell Weekly Spot Price "]
["Afrik 21",null,"2021-09-23","Item ","High ","Low ","Average ","AvgChg ","AvgChg % "]
["Rama: Albania to be at forefront of Balkans in solar energy",null,null,"Multi Cell Price ",0.12,0.09,9.2999999999999999E-2,0,0]
["Balkan Green Energy News",null,"2021-09-23","Poly PERC Cell ",0.13,0.11,0.114,0,0]
["Sub-Saharan African governments urged to prioritise off-grid solar -",null,null,"Mono PERC Cell ",0.16,0.13500000000000001,0.14299999999999999,0,0]
["ESI Africa",null,"2021-09-23","China Mono PERC Cell ",0.14499999999999999,0.13500000000000001,0.14199999999999999,0,0]
["Solar companies say new tariff proposal would devastate the industry",null,null,"158.75/161.75mm Mono PERC Cell ",0.16500000000000001,0.14499999999999999,0.151,-2E-3,-1.3100000000000001E-2]
["CNBC",null,"2021-09-23","166mm Mono PERC Cell ",0.17,0.14000000000000001,0.14199999999999999,-1E-3,-7.0000000000000001E-3]
["New Roll-A-Rack System Enables Solar Panels On Ballasted Roofs ...",null,null,"182mm Mono PERC Cell ",0.185,0.14000000000000001,0.14599999999999999,2E-3,1.3899999999999999E-2]
["PR Newswire",null,"2021-09-23","210mm Mono PERC Cell ",0.17499999999999999,0.13,0.13900000000000001,0,0]
["Rajasthan leading state in country in solar energy production: CM",null,null,"China Poly Cell Per Watt ","Visit here for more detail Cell price information"]
["Outlook India",null,"2021-09-23","Non (TW or CN) Poly Cell Per Watt","Visit here for more detail Cell price information"]
["Gainesville Campus to reuse solar panels",null,null,"Unit: USD / Watt","more",null,"Last Update: 2021-09-22"]
["University of North Georgia",null,"2021-09-23","High Efficency Mono PERC Cell: The Prices are mainly represented to 9BB solar cells with 22.7%+ efficiency or 10+BB ones with 22.8%+ efficiency and less than 1.5% of CTM efficiency lost."]
["Blessing of the Solar Panels ¡V Episcopal News Service",null,null,"Solar PV Module Weekly Spot Price "]
["Episcopal News Service",null,"2021-09-23","Item ","High ","Low ","Average ","AvgChg ","AvgChg % "]
["Fox Chapel makes its mark with municipal solar energy",null,null,"Poly Solar Module ",0.28000000000000003,0.19,0.19600000000000001,0,0]
["Tribune-Review",null,"2021-09-23","Poly Module in China ",0.2,0.19,0.193,0,0]
["Toray Plastics (America) To Provide Rooftop Space For A Solar ...",null,null,"Poly PERC Module ",0.31,0.20499999999999999,0.21299999999999999,0,0]
["Nonwovens Industry",null,"2021-09-23","Mono PERC Module ",0.35,0.22,0.23400000000000001,0,0]
["Madison County approves new solar energy moratorium | Local ...",null,null,"158mm 405/410Wp PERC Module ",0.35,0.22,0.23300000000000001,0,0]
["The Herald Bulletin",null,"2021-09-23","166mm 440/445Wp PERC Module ",0.35499999999999998,0.22,0.23,0,0]
["How Solar Kits Work to Power Your Home",null,null,"182mm 535/540Wp PERC Module ",0.35,0.23,0.23899999999999999,0,0]
["Greener Ideal",null,"2021-09-23","210mm 590/595Wp PERC Module ",0.35,0.23,0.246,0,0]
["Solar Energy Market Outlook, Industry Demand and Supply, Forecast and Top Manufacturers Analysis Report",null,null,"Mono PERC Module in China ",0.24,0.12,0.22500000000000001,0,0]
["EIN News",null,"2021-09-23","ThinFilm Solar Module ",0.31,0.22,0.22500000000000001,0,0]
["Guide to Community Solar: What You Need to Know (2021)",null,null,"US Multi Solar Module","Visit here for more detail module price information"]
["EcoWatch",null,"2021-09-23","Bifacial Mono PERC Solar Module","Visit here for more detail module price information"]
["Last Update: 2021-Sep- 24 23:01 (GMT+8)",null,null,"India Poly Module","Visit here for more detail module price information"]
[null,null,null,"Unit: USD / Watt ","more",null,"Last Update: 2021-09-22"]
[null,null,null,"All Spot Prices are Tax excluded and updated on Wednesday "]
["Price Methodology","Terms of Use","Privacy Policy ","About Us ","Contact Us ","Site Map"]
["Copyright © 2021 PVinsights.com All rights reserved"]

{"sheet":"pvinsights 05 11 21","index":68,"n_rows":60,"n_cols":13,"rows_kept":60,"cut":false,"hidden":false,"merged":[[56,0,56,2],[57,0,57,2],[53,4,53,8],[54,4,54,8],[55,4,55,8],[56,4,56,5],[56,6,56,8],[57,3,57,8],[53,0,53,2],[54,0,54,1],[55,0,55,2],[3,0,4,2],[8,4,8,7],[9,4,9,7],[10,4,10,5],[10,6,10,8],[10,0,10,1],[23,4,23,8],[24,4,24,8],[47,0,47,2],[48,0,48,1],[25,4,25,5],[25,6,25,8],[37,4,37,8],[38,4,38,8],[39,4,39,5],[39,6,39,8],[40,0,40,1],[35,0,35,2],[36,0,36,1],[37,0,37,2],[38,0,38,1],[39,0,39,2],[49,0,49,2],[50,0,50,1],[51,0,51,2],[52,0,52,1],[41,0,41,2],[42,0,42,1],[43,0,43,2],[44,0,44,1],[45,0,45,2],[46,0,46,1],[30,0,30,1],[31,0,31,2],[32,0,32,1],[33,0,33,2],[34,0,34,1],[25,0,25,2],[26,0,26,1],[27,0,27,2],[28,0,28,1],[29,0,29,2],[20,0,20,1],[21,0,21,2],[22,0,22,1],[23,0,23,2],[24,0,24,1],[15,0,15,2],[16,0,16,1],[17,0,17,2],[18,0,18,1],[19,0,19,2],[11,0,11,2],[12,0,12,1],[13,0,13,2],[14,0,14,1],[5,0,5,2],[6,0,6,1],[7,0,7,2],[8,0,8,1],[9,0,9,2]]}
[null,"Login","Register","Member Center"]
[]
["Home","Why Solar","Retailer Price","Contract Price","Inverter Price","Weekly Snapshots","Price Download","Monthly Insights","Weekly Forecast","Price Forecast","Premier Insights","Premier Data","Advertising"]
["Latest Solar PV News",null,null,"PV PolySilicon Weekly Spot Price"]
[null,null,null,"Item ","High ","Low ","Average ","AvgChg ","AvgChg% "]
["Enough power for 10,000 homes: New energy project nears approval just north of Peoria",null,null,"PV Grade PolySilicon (9N/9N+) ",38,27.3,35.81,0,0]
["Peoria Journal Star",null,"2021-11-05","N Mono Grade PolySilicon in China (12N/12N+) ",38,37.35,37.61,0,0]
["Chinese solar panel maker unfazed by US block on its imports",null,null,"Mono Grade PolySilicon in China (11N/11N+) ",38,36.4,37.07,0,0]
["South China Morning Post",null,"2021-11-05","PV Grade PolySilicon in China (9N/9N+) ","Visit here for more Poly-Si price",null,null,null,"%"]
["US-UK-Botswana Energy Partnership: Commemorating Energy Day ...",null,null,"PV Grade PolySilicon Outside China (9N/9N+) ","Visit here for more Poly-Si price",null,null,null,"%"]
["Africanews",null,"2021-11-05","Unit: USD/Kg ","more",null,"Last Update: 2021-11-03"]
["Rays Power Infra plans to commission 500 MW of solar energy in ...",null,null,"Definition of N Mono Grade: Polysilicon chunk or Chip Polysiliocn with purity can be directly produced to N-Type Monocrystalline Ingots, mainly supplied by Wacker, Hemlock, and Tokuyama"]
["Construction Week Online India",null,"2021-11-05","Definition of Mono Grade: Polysilicon chunk or Chip Polysiliocn with purity can be directly produced to P-Type Monocrystalline Ingots, mainly supplied by Korean and Chinese Producers"]
["Delaware County approves two solar energy projects",null,null,"Definition of PV Grade: Polysilicon chunk with high purity can be directly produced to Solar PV Ingots / Bricks"]
["WISH-TV",null,"2021-11-05","PolySilicon Price In China: The Price is surveyed by RMB term with Tax and then shown in USD term without 13% of VAT after Apri 1, 2019, 16% of VAT after May 1, 2018, or 17% of VAT before May 1, 2018."]
["Solar energy is about to get a whole lot cheaper",null,null,"Solar PV Wafer Weekly Spot Price "]
["Freethink",null,"2021-11-05","Item ","High ","Low ","Average ","AvgChg ","AvgChg% "]
["Photon Energy to Develop 300 MW/3.6 GWh RayGen Solar Storage ...",null,null,"156 mm Multi Solar Wafer ",0.37,0.35,0.35199999999999998,-6.0000000000000001E-3,-1.6799999999999999E-2]
["Energy Industry Review",null,"2021-11-05","156 mm High Eff Multi Solar Wafer ",0.37,0.35,0.35599999999999998,-6.0000000000000001E-3,-1.66E-2]
["Bright future ahead: Jackson County set to get its first solar panel farm in 2024",null,null,"166mm Mono Solar Wafer ",0.81,0.76500000000000001,0.77400000000000002,-8.9999999999999993E-3,-1.15E-2]
["Jackson Newspapers",null,"2021-11-05","182mm Mono Solar Wafer ",0.97,0.93500000000000005,0.95099999999999996,0,0]
["US installed cost of solar, energy storage falling fastest in utility ...",null,null,"158.75 / 161.75mm Mono Wafer ",0.78500000000000003,0.76500000000000001,0.77300000000000002,0,0]
["Energy Storage News",null,"2021-11-05","161.7+/163.75mm Mono Wafer ",0.82,0.79500000000000004,0.8,0,0]
["French designer creates solar energy car that also powers your home",null,null,"210mm Mono Wafer","Visit here for more detail wafer price information"]
["The Connexion",null,"2021-11-05","225 mm Mono Wafer","Visit here for more detail"]
["A New Sunflower-Like Solar Panel Tracks the Sun for Maximum ...",null,null,"Unit: USD ","more",null,"Last Update: 2021-11-03"]
["Interesting Engineering",null,"2021-11-05","Wafer Prices In China: The Prices are surveyed by CNY term with Tax and then shown in USD term without 13% of VAT after April 1, 2019, 16% of VAT after May 1, 2018 and 17% of VAT before May 1, 2018."]
["Rogers council approves solar energy project",null,null,"Solar PV Cell Weekly Spot Price "]
["The Northwest Arkansas Democrat-Gazette",null,"2021-11-05","Item ","High ","Low ","Average ","AvgChg ","AvgChg % "]
["New Sharon voters approve measure to set limits on commercial ...",null,null,"Multi Cell Price ",0.13,0.105,0.107,-2E-3,-1.83E-2]
["Sun Journal",null,"2021-11-05","Poly PERC Cell ",0.14499999999999999,0.125,0.13100000000000001,-1E-3,-7.6E-3]
["Exclusive: What is ISRO`s `Solar Power Calculator` that is to be offered to the world?",null,null,"Mono PERC Cell ",0.17499999999999999,0.15,0.157,-1E-3,-6.3E-3]
["WION",null,"2021-11-05","China Mono PERC Cell ",0.16300000000000001,0.15,0.156,-1E-3,-6.4000000000000003E-3]
["NREL: Cost of solar, energy storage in US fell across all segments ...",null,null,"158.75/161.75mm Mono PERC Cell ",0.17499999999999999,0.155,0.158,-1E-3,-6.3E-3]
["PV Tech",null,"2021-11-04","166mm Mono PERC Cell ",0.17499999999999999,0.15,0.153,-1E-3,-6.4999999999999997E-3]
["Bunyola solar energy project will supply 12,000 homes",null,null,"182mm Mono PERC Cell ",0.2,0.155,0.159,-1E-3,-6.3E-3]
["Majorca Daily Bulletin",null,"2021-11-04","210mm Mono PERC Cell ",0.19,0.14499999999999999,0.151,-1E-3,-6.6E-3]
["Bees, sheep, crops: Solar developers tout multiple benefits",null,null,"China Poly Cell Per Watt ","Visit here for more detail Cell price information"]
["Taiwan News",null,"2021-11-04","Non (TW or CN) Poly Cell Per Watt","Visit here for more detail Cell price information"]
["Solar panels installed at Jefferson fire and EMS facility",null,null,"Unit: USD / Watt","more",null,"Last Update: 2021-11-03"]
["Daily Jefferson County Union",null,"2021-11-04","High Efficency Mono PERC Cell: The Prices are mainly represented to 9BB solar cells with 22.7%+ efficiency or 10+BB ones with 22.8%+ efficiency and less than 1.5% of CTM efficiency lost."]
["Solar Panels and Hot Weather: How Does Heat Affect Solar Systems?",null,null,"Solar PV Module Weekly Spot Price "]
["Energy Matters",null,"2021-11-04","Item ","High ","Low ","Average ","AvgChg ","AvgChg % "]
["Firm promotes solar energy deployment in rural areas",null,null,"Poly Solar Module ",0.32,0.21,0.22,-1E-3,-4.4999999999999997E-3]
["Punch Newspapers",null,"2021-11-04","Poly Module in China ",0.23,0.21,0.217,-1E-3,-4.5999999999999999E-3]
["Major solar energy, conservation projects planned at WSU",null,null,"Poly PERC Module ",0.31,0.23,0.23899999999999999,-1E-3,-4.1999999999999997E-3]
["Winona Post",null,"2021-11-04","Mono PERC Module ",0.35,0.245,0.25900000000000001,-1E-3,-3.8E-3]
["Guide to Solar Panel Cleaning Through the Seasons",null,null,"158mm 405/410Wp PERC Module ",0.35,0.255,0.26100000000000001,-1E-3,-3.8E-3]
["EcoWatch",null,"2021-11-04","166mm 440/445Wp PERC Module ",0.35499999999999998,0.245,0.25,-2E-3,-7.9000000000000008E-3]
["DOE Awards Nearly $40 Million for Grid Decarbonizing Solar ...",null,null,"182mm 535/540Wp PERC Module ",0.35,0.255,0.26300000000000001,0,0]
["Department of Energy",null,"2021-11-04","210mm 590/595Wp PERC Module ",0.35,0.25,0.26700000000000002,0,0]
["Founder Of China¡¦s Top Solar Panel Maker Rides Global Demand For Renewable Energy",null,null,"Mono PERC Module in China ",0.26500000000000001,0.245,0.25700000000000001,-1E-3,-3.8999999999999998E-3]
["Forbes",null,"2021-11-04","ThinFilm Solar Module ",0.31,0.24,0.24399999999999999,0,0]
["EcoWatch Solar Editorial Guidelines and Methodology",null,null,"US Multi Solar Module","Visit here for more detail module price information"]
["EcoWatch",null,"2021-11-04","Bifacial Mono PERC Solar Module","Visit here for more detail module price information"]
["Last Update: 2021-Nov- 05 23:00 (GMT+8)",null,null,"India Poly Module","Visit here for more detail module price information"]
[null,null,null,"Unit: USD / Watt ","more",null,"Last Update: 2021-11-03"]
[null,null,null,"All Spot Prices are Tax excluded and updated on Wednesday "]
["Price Methodology","Terms of Use","Privacy Policy ","About Us ","Contact Us ","Site Map"]
["Copyright © 2021 PVinsights.com All rights reserved"]

{"sheet":"pvinsights 12 12 21","index":69,"n_rows":58,"n_cols":13,"rows_kept":58,"cut":false,"hidden":false,"merged":[[9,0,9,2],[10,0,10,1],[11,0,11,2],[12,0,12,1],[13,0,13,2],[14,0,14,1],[15,0,15,2],[16,0,16,1],[17,0,17,2],[18,0,18,1],[19,0,19,2],[20,0,20,1],[21,0,21,2],[22,0,22,1],[23,0,23,2],[24,0,24,1],[25,0,25,2],[26,0,26,1],[27,0,27,2],[28,0,28,1],[29,0,29,2],[30,0,30,1],[31,0,31,2],[32,0,32,1],[33,0,33,2],[34,0,34,1],[35,0,35,2],[36,0,36,1],[37,0,37,2],[38,0,38,1],[46,0,46,1],[47,0,47,2],[48,0,48,1],[39,0,39,2],[40,0,40,1],[41,0,41,2],[42,0,42,1],[43,0,43,2],[54,0,54,1],[36,4,36,8],[37,4,37,5],[37,6,37,8],[51,4,51,8],[52,4,52,8],[53,4,53,8],[54,4,54,5],[54,6,54,8],[49,0,49,2],[50,0,50,1],[51,0,51,2],[52,0,52,1],[53,0,53,2],[44,0,44,1],[45,0,45,2],[55,3,55,8],[55,0,55,2],[3,0,4,2],[6,4,6,7],[7,4,7,7],[8,4,8,5],[8,6,8,8],[5,0,5,2],[6,0,6,1],[7,0,7,2],[8,0,8,1],[21,4,21,8],[22,4,22,8],[23,4,23,5],[23,6,23,8],[35,4,35,8]]}
[null,"Login","Register","Member Center"]
[]
["Home","Why Solar","Retailer Price","Contract Price","Inverter Price","Weekly Snapshots","Price Download","Monthly Insights","Weekly Forecast","Price Forecast","Premier Insights","Premier Data","Advertising"]
["Latest Solar PV News",null,null,"PV PolySilicon Weekly Spot Price"]
[null,null,null,"Item ","High ","Low ","Average ","AvgChg ","AvgChg% "]
["UAHT launches new solar energy program | Texarkana | ktbs.com",null,null,"PV Grade PolySilicon (9N/9N+) ",36.5,21.5,31.65,-0.35,-1.09E-2]
["KTBS",null,"2021-12-13","PV Grade PolySilicon in China (9N/9N+) ","Visit here for more Poly-Si price",null,null,null,"%"]
["My Node Runs On Home Solar: How Solar Energy Offers Protection From Government And Inflation Like Bitcoin",null,null,"PV Grade PolySilicon Outside China (9N/9N+) ","Visit here for more Poly-Si price",null,null,null,"%"]
["Bitcoin Magazine",null,"2021-12-13","Unit: USD/Kg ","more",null,"Last Update: 2021-12-08"]
["Sun to power justice in NSW courthouses | Department of ...",null,null,"Definition of N Mono Grade: Polysilicon chunk or Chip Polysiliocn with purity can be directly produced to N-Type Monocrystalline Ingots, mainly supplied by Wacker, Hemlock, and Tokuyama"]
["Department of Communities and Justice",null,"2021-12-13","Definition of Mono Grade: Polysilicon chunk or Chip Polysiliocn with purity can be directly produced to P-Type Monocrystalline Ingots, mainly supplied by Korean and Chinese Producers"]
["Why Tariffs On Chinese Solar Panels Failed",null,null,"Definition of PV Grade: Polysilicon chunk with high purity can be directly produced to Solar PV Ingots / Bricks"]
["Oil Price",null,"2021-12-13","PolySilicon Price In China: The Price is surveyed by RMB term with Tax and then shown in USD term without 13% of VAT after Apri 1, 2019, 16% of VAT after May 1, 2018, or 17% of VAT before May 1, 2018."]
["How many solar panels do I need? Does solar really save me money? Your questions answered",null,null,"Solar PV Wafer Weekly Spot Price "]
["IndyStar",null,"2021-12-13","Item ","High ","Low ","Average ","AvgChg ","AvgChg% "]
["¡¥We can do all this on solar energy¡¦: Dairy farmer Julian Biega will harness sun¡¦s energy for freshwater",null,null,"156 mm Multi Solar Wafer ",0.3,0.27,0.27900000000000003,-1.4E-2,-4.7800000000000002E-2]
["News.com.au",null,"2021-12-13","156 mm High Eff Multi Solar Wafer ",0.3,0.27500000000000002,0.28299999999999997,-1.4E-2,-4.7100000000000003E-2]
["US Solar Diplomacy Makes For Good Business For India",null,null,"166mm Mono Solar Wafer ",0.7,0.65500000000000003,0.68300000000000005,-2.4E-2,-3.39E-2]
["Outlook India",null,"2021-12-12","182mm Mono Solar Wafer ",0.83499999999999996,0.78,0.80800000000000005,-0.04,-4.7199999999999999E-2]
["Qatar ready to invest in solar energy sector",null,null,"158.75 / 161.75mm Mono Wafer ",0.7,0.65500000000000003,0.68200000000000005,-3.1E-2,-4.3499999999999997E-2]
["Pajhwok Afghan News",null,"2021-12-12","161.7+/163.75mm Mono Wafer ",0.72499999999999998,0.68,0.70499999999999996,-3.5000000000000003E-2,-4.7300000000000002E-2]
["Energy from the Sun: Collaborative Solar Facility Goes Online in ...",null,null,"210mm Mono Wafer","Visit here for more detail wafer price information"]
["Smith College",null,"2021-12-12","225 mm Mono Wafer","Visit here for more detail"]
["Development of solar farms growing in county",null,null,"Unit: USD ","more",null,"Last Update: 2021-12-08"]
["Monroe Evening News",null,"2021-12-12","Wafer Prices In China: The Prices are surveyed by CNY term with Tax and then shown in USD term without 13% of VAT after April 1, 2019, 16% of VAT after May 1, 2018 and 17% of VAT before May 1, 2018."]
["Solar energy comes to the classroom at McKinley STEMM Academy in west Toledo",null,null,"Solar PV Cell Weekly Spot Price "]
["WTOL",null,"2021-12-12","Item ","High ","Low ","Average ","AvgChg ","AvgChg % "]
["US Interior Secretary Haaland touts solar energy in desert visit",null,null,"Multi Cell Price ",0.125,9.5000000000000001E-2,9.7000000000000003E-2,-2E-3,-2.0199999999999999E-2]
["The Desert Sun",null,"2021-12-12","Poly PERC Cell ",0.14499999999999999,0.125,0.128,0,0]
["Impractical conditions lead to poor adoption of grid-connected rooftop solar energy in Maharashtra",null,null,"Mono PERC Cell ",0.17499999999999999,0.14000000000000001,0.14799999999999999,-2E-3,-1.3299999999999999E-2]
["Moneycontrol",null,"2021-12-12","China Mono PERC Cell ",0.16,0.14000000000000001,0.14699999999999999,-1E-3,-6.7999999999999996E-3]
["Holyrood urged to back solar energy sector",null,null,"158.75/161.75mm Mono PERC Cell ",0.17499999999999999,0.14499999999999999,0.15,-1E-3,-6.6E-3]
["Scottish Housing News",null,"2021-12-12","166mm Mono PERC Cell ",0.16500000000000001,0.14000000000000001,0.14299999999999999,-2E-3,-1.38E-2]
["Solar energy comes to the classroom at McKinley STEMM Academy ...",null,null,"182mm Mono PERC Cell ",0.185,0.14799999999999999,0.15,-3.0000000000000001E-3,-1.9599999999999999E-2]
["WTOL",null,"2021-12-12","210mm Mono PERC Cell ",0.17499999999999999,0.14000000000000001,0.14399999999999999,0,0]
["Bismarck Businesses Slowing Turning to Solar Power | Minnesota ...",null,null,"China Poly Cell Per Watt ","Visit here for more detail Cell price information"]
["USNews.com",null,"2021-12-12","Non (TW or CN) Poly Cell Per Watt","Visit here for more detail Cell price information"]
["Homeowner told to remove solar panels ¡V but next door has had them for decade",null,null,"Unit: USD / Watt","more",null,"Last Update: 2021-12-08"]
["The Guardian",null,"2021-12-11","High Efficency Mono PERC Cell: The Prices are mainly represented to 9BB solar cells with 22.7%+ efficiency or 10+BB ones with 22.8%+ efficiency and less than 1.5% of CTM efficiency lost."]
["Dated electric cabels switch off solar panels on sunny days",null,null,"Solar PV Module Weekly Spot Price ",null,null,{"$f":"G43*1000000","v":206000}]
["NL Times",null,"2021-12-11","Item ","High ","Low ","Average ","AvgChg ","AvgChg % "]
["Bismarck businesses slowing turning to solar power | State News ...",null,null,"Poly Solar Module ",0.32,0.2,0.21,-3.0000000000000001E-3,-1.41E-2]
["Titusville Herald",null,"2021-12-11","Poly Module in China ",0.22,0.2,0.20599999999999999,-4.0000000000000001E-3,-1.9E-2]
["Green Hydrogen Produced From Solar Energy and Electrolyzers",null,null,"Poly PERC Module ",0.31,0.22,0.22900000000000001,-3.0000000000000001E-3,-1.29E-2]
["Environment + Energy Leader",null,"2021-12-11","Mono PERC Module ",0.35,0.23499999999999999,0.25,-2E-3,-7.9000000000000008E-3]
["Weatherwatch: for solar panels, some like it not too hot",null,null,"158mm 405/410Wp PERC Module ",0.35,0.24299999999999999,0.252,-2E-3,-7.9000000000000008E-3]
["The Guardian",null,"2021-12-11","166mm 440/445Wp PERC Module ",0.35499999999999998,0.23499999999999999,0.24,-1E-3,-4.1000000000000003E-3]
["Virginia School District Solar Project to Offset Electricity Needs",null,null,"182mm 535/540Wp PERC Module ",0.35,0.245,0.253,-3.0000000000000001E-3,-1.17E-2]
["Environment + Energy Leader",null,"2021-12-11","210mm 590/595Wp PERC Module ",0.35,0.24,0.25600000000000001,-3.0000000000000001E-3,-1.1599999999999999E-2]
["Former coal mine in Martin County to become a solar energy facility",null,null,"Mono PERC Module in China ",0.26,0.23499999999999999,0.247,-3.0000000000000001E-3,-1.2E-2]
["WCHS",null,"2021-12-11","ThinFilm Solar Module ",0.31,0.23,0.23400000000000001,-3.0000000000000001E-3,-1.2699999999999999E-2]
["Green Technology Is Powering The Future But Storing Solar Energy Can Be Expensive",null,null,"US Multi Solar Module","Visit here for more detail module price information"]
["CBS Sacramento",null,"2021-12-11","Bifacial Mono PERC Solar Module","Visit here for more detail module price information"]
["Renewable energy company moves ahead with massive solar farm on Bill Gates-owned land",null,null,"India Poly Module","Visit here for more detail module price information"]
["Yahoo News",null,"2021-12-11","Unit: USD / Watt ","more",null,"Last Update: 2021-12-08"]
["Last Update: 2021-Dec- 13 07:01 (GMT+8)",null,null,"All Spot Prices are Tax excluded and updated on Wednesday "]
["Price Methodology","Terms of Use","Privacy Policy ","About Us ","Contact Us ","Site Map"]
["Copyright © 2021 PVinsights.com All rights reserved"]

{"sheet":"pvinsights 18 01 22","index":70,"n_rows":58,"n_cols":13,"rows_kept":58,"cut":false,"hidden":false,"merged":[[55,3,55,8],[55,0,55,2],[3,0,4,2],[6,4,6,7],[7,4,7,7],[8,4,8,5],[8,6,8,8],[5,0,5,2],[6,0,6,1],[7,0,7,2],[8,0,8,1],[21,4,21,8],[22,4,22,8],[23,4,23,5],[23,6,23,8],[35,4,35,8],[54,0,54,1],[36,4,36,8],[37,4,37,5],[37,6,37,8],[51,4,51,8],[52,4,52,8],[53,4,53,8],[54,4,54,5],[54,6,54,8],[49,0,49,2],[50,0,50,1],[51,0,51,2],[52,0,52,1],[53,0,53,2],[44,0,44,1],[45,0,45,2],[46,0,46,1],[47,0,47,2],[48,0,48,1],[39,0,39,2],[40,0,40,1],[41,0,41,2],[42,0,42,1],[43,0,43,2],[34,0,34,1],[35,0,35,2],[36,0,36,1],[37,0,37,2],[38,0,38,1],[29,0,29,2],[30,0,30,1],[31,0,31,2],[32,0,32,1],[33,0,33,2],[24,0,24,1],[25,0,25,2],[26,0,26,1],[27,0,27,2],[28,0,28,1],[19,0,19,2],[20,0,20,1],[21,0,21,2],[22,0,22,1],[23,0,23,2],[14,0,14,1],[15,0,15,2],[16,0,16,1],[17,0,17,2],[18,0,18,1],[9,0,9,2],[10,0,10,1],[11,0,11,2],[12,0,12,1],[13,0,13,2]]}
[null,"Login","Register","Member Center"]
[]
["Home","Why Solar","Retailer Price","Contract Price","Inverter Price","Weekly Snapshots","Price Download","Monthly Insights","Weekly Forecast","Price Forecast","Premier Insights","Premier Data","Advertising"]
["Latest Solar PV News",null,null,"PV PolySilicon Weekly Spot Price"]
[null,null,null,"Item ","High ","Low ","Average ","AvgChg ","AvgChg% "]
["California energy officials plan to slash incentives for rooftop solar",null,null,"PV Grade PolySilicon (9N/9N+) ",34.75,19.5,30.56,0.69,2.3099999999999999E-2]
["San Francisco Chronicle",null,"2022-01-19","PV Grade PolySilicon in China (9N/9N+) ","Visit here for more Poly-Si price",null,null,null,"%"]
["Solar panel-covered Sun Rock will be a renewable-energy ...",null,null,"PV Grade PolySilicon Outside China (9N/9N+) ","Visit here for more Poly-Si price",null,null,null,"%"]
["New Atlas",null,"2022-01-19","Unit: USD/Kg ","more",null,"Last Update: 2022-01-12"]
["Camp receives solar panels | Local | huntingdondailynews.com",null,null,"Definition of N Mono Grade: Polysilicon chunk or Chip Polysiliocn with purity can be directly produced to N-Type Monocrystalline Ingots, mainly supplied by Wacker, Hemlock, and Tokuyama"]
["Huntingdon Daily News",null,"2022-01-19","Definition of Mono Grade: Polysilicon chunk or Chip Polysiliocn with purity can be directly produced to P-Type Monocrystalline Ingots, mainly supplied by Korean and Chinese Producers"]
["India X Cleantech - January 2022",null,null,"Definition of PV Grade: Polysilicon chunk with high purity can be directly produced to Solar PV Ingots / Bricks"]
["CleanTechnica",null,"2022-01-19","PolySilicon Price In China: The Price is surveyed by RMB term with Tax and then shown in USD term without 13% of VAT after Apri 1, 2019, 16% of VAT after May 1, 2018, or 17% of VAT before May 1, 2018."]
["Camp receives solar panels | | bedfordgazette.com",null,null,"Solar PV Wafer Weekly Spot Price "]
["Bedford Gazette",null,"2022-01-19","Item ","High ","Low ","Average ","AvgChg ","AvgChg% "]
["Verde Solutions Partners With KOMAREK on Rooftop Solar Array for Its Manufacturing Plant",null,null,"156 mm Multi Solar Wafer ",0.3,0.27,0.27900000000000003,0,0]
["Yahoo Finance",null,"2022-01-19","156 mm High Eff Multi Solar Wafer ",0.3,0.27500000000000002,0.28299999999999997,0,0]
["Global Industry Analysts Predicts the World Floating Solar Panels ...",null,null,"166mm Mono Solar Wafer ",0.71499999999999997,0.69,0.70799999999999996,0,0]
["PR Newswire",null,"2022-01-19","182mm Mono Solar Wafer ",0.83499999999999996,0.8,0.81899999999999995,1.2999999999999999E-2,1.61E-2]
["In the Brazilian Amazon, solar energy brings light ¡X and new ...",null,null,"158.75 / 161.75mm Mono Wafer ",0.68,0.66500000000000004,0.67300000000000004,0,0]
["Mongabay",null,"2022-01-19","161.7+/163.75mm Mono Wafer ",0.71,0.69,0.69499999999999995,0,0]
["Planning to Switch to Solar Energy? Know This About Solar Panel ...",null,null,"210mm Mono Wafer","Visit here for more detail wafer price information"]
["Punekar News",null,"2022-01-18","225 mm Mono Wafer","Visit here for more detail"]
["NTPC invites bids to build 900-MW solar energy park in the Republic of Cuba",null,null,"Unit: USD ","more",null,"Last Update: 2022-01-12"]
["ETEnergyworld",null,"2022-01-18","Wafer Prices In China: The Prices are surveyed by CNY term with Tax and then shown in USD term without 13% of VAT after April 1, 2019, 16% of VAT after May 1, 2018 and 17% of VAT before May 1, 2018."]
["Guterres in contact with US, UK to support Indias solar energy target",null,null,"Solar PV Cell Weekly Spot Price "]
["Business Standard",null,"2022-01-18","Item ","High ","Low ","Average ","AvgChg ","AvgChg % "]
["¡¥Solar energy adoption vital to growth¡¦",null,null,"Multi Cell Price ",0.125,9.5000000000000001E-2,9.8000000000000004E-2,0,0]
["The Nation Newspaper",null,"2022-01-18","Poly PERC Cell ",0.14499999999999999,0.125,0.127,0,0]
["Indian Railways pushes rooftop solar to meet its energy needs",null,null,"Mono PERC Cell ",0.17,0.14000000000000001,0.14899999999999999,0,0]
["The New Indian Express",null,"2022-01-18","China Mono PERC Cell ",0.155,0.14000000000000001,0.14799999999999999,0,0]
["Energy Efficient, Transparent Solar Windows: You Really Ain¡¦t Seen Nothing Yet",null,null,"158.75/161.75mm Mono PERC Cell ",0.17,0.14000000000000001,0.15,0,0]
["CleanTechnica",null,"2022-01-18","166mm Mono PERC Cell ",0.16500000000000001,0.14499999999999999,0.14599999999999999,0,0]
["Eco Energy World enters US solar market ¡V pv magazine USA",null,null,"182mm Mono PERC Cell ",0.18,0.14499999999999999,0.14899999999999999,0,0]
["pv magazine USA",null,"2022-01-18","210mm Mono PERC Cell ",0.16,0.14000000000000001,0.14499999999999999,0,0]
["Flexible Solar Panels Market to Reach $914.07 Mn, Globally, by ...",null,null,"China Poly Cell Per Watt ","Visit here for more detail Cell price information"]
["PR Newswire",null,"2022-01-18","Non (TW or CN) Poly Cell Per Watt","Visit here for more detail Cell price information"]
["4 Ways How Can The Use of Solar Energy Reduce Earth Pollution?",null,null,"Unit: USD / Watt","more",null,"Last Update: 2022-01-12"]
["E/The Environmental Magazine",null,"2022-01-18","High Efficency Mono PERC Cell: The Prices are mainly represented to 9BB solar cells with 23.0%+ efficiency or 10+BB ones with 23.2%+ efficiency and less than 1.5% of CTM efficiency lost."]
["Solar-Powered EVs More Possible Than Ever, Thanks To TMDs & Graphene",null,null,"Solar PV Module Weekly Spot Price "]
["CleanTechnica",null,"2022-01-18","Item ","High ","Low ","Average ","AvgChg ","AvgChg % "]
["Panelists Discuss Making Money on Solar Grazing and Leasing",null,null,"Poly Solar Module ",0.32,0.19,0.20499999999999999,-1E-3,-4.8999999999999998E-3]
["Lancaster Farming",null,"2022-01-18","Poly Module in China ",0.22,0.2,0.20100000000000001,-1E-3,-5.0000000000000001E-3]
["Iberdrola acquires 800 MW of solar energy projects in the UK",null,null,"Poly PERC Module ",0.31,0.215,0.22500000000000001,-1E-3,-4.4000000000000003E-3]
["Power Engineering International",null,"2022-01-17","Mono PERC Module ",0.35,0.23,0.24399999999999999,-1E-3,-4.1000000000000003E-3]
["Opinion | Schwarzenegger: Solar Costs Could Rise if California Regulators Get Their Way",null,null,"158mm 410/415Wp PERC Module ",0.35,0.23499999999999999,0.246,-1E-3,-4.0000000000000001E-3]
["The New York Times",null,"2022-01-17","166mm 445/450Wp PERC Module ",0.35499999999999998,0.22800000000000001,0.23499999999999999,0,0]
["Solar energy in Nigeria has powerful impact on socioeconomic status -",null,null,"182mm 540/545Wp PERC Module ",0.35,0.23499999999999999,0.246,-1E-3,-4.0000000000000001E-3]
["ESI Africa",null,"2022-01-17","210mm 595/600Wp PERC Module ",0.35,0.23499999999999999,0.25,-1E-3,-4.0000000000000001E-3]
["Coming Up Soon, The Problem OF Managing Solar Waste",null,null,"Mono PERC Module in China ",0.25,0.23,0.24,-1E-3,-4.1000000000000003E-3]
["Saur Energy",null,"2022-01-17","ThinFilm Solar Module ",0.31,0.22,0.22800000000000001,-1E-3,-4.4000000000000003E-3]
["DroneBase adds piloted aircraft to drone solar power surveys",null,null,"US Multi Solar Module","Visit here for more detail module price information"]
["DroneDJ",null,"2022-01-17","Bifacial Mono PERC Solar Module","Visit here for more detail module price information"]
["Top 10 Best Solar Power Companies In India In 2022",null,null,"India Poly Module","Visit here for more detail module price information"]
["Inventiva",null,"2022-01-17","Unit: USD / Watt ","more",null,"Last Update: 2022-01-12"]
["Last Update: 2022-Jan- 19 07:00 (GMT+8)",null,null,"All Spot Prices are Tax excluded and updated on Wednesday "]
["Price Methodology","Terms of Use","Privacy Policy ","About Us ","Contact Us ","Site Map"]
["Copyright © 2022 PVinsights.com All rights reserved"]

{"sheet":"pvinsights 23 02 22","index":71,"n_rows":58,"n_cols":13,"rows_kept":58,"cut":false,"hidden":false,"merged":[[9,0,9,2],[10,0,10,1],[11,0,11,2],[12,0,12,1],[13,0,13,2],[14,0,14,1],[15,0,15,2],[16,0,16,1],[17,0,17,2],[18,0,18,1],[19,0,19,2],[20,0,20,1],[21,0,21,2],[22,0,22,1],[23,0,23,2],[24,0,24,1],[25,0,25,2],[26,0,26,1],[27,0,27,2],[28,0,28,1],[29,0,29,2],[30,0,30,1],[31,0,31,2],[32,0,32,1],[33,0,33,2],[34,0,34,1],[35,0,35,2],[36,0,36,1],[37,0,37,2],[38,0,38,1],[46,0,46,1],[47,0,47,2],[48,0,48,1],[39,0,39,2],[40,0,40,1],[41,0,41,2],[42,0,42,1],[43,0,43,2],[54,0,54,1],[36,4,36,8],[37,4,37,5],[37,6,37,8],[51,4,51,8],[52,4,52,8],[53,4,53,8],[54,4,54,5],[54,6,54,8],[49,0,49,2],[50,0,50,1],[51,0,51,2],[52,0,52,1],[53,0,53,2],[44,0,44,1],[45,0,45,2],[55,3,55,8],[55,0,55,2],[3,0,4,2],[6,4,6,7],[7,4,7,7],[8,4,8,5],[8,6,8,8],[5,0,5,2],[6,0,6,1],[7,0,7,2],[8,0,8,1],[21,4,21,8],[22,4,22,8],[23,4,23,5],[23,6,23,8],[35,4,35,8]]}
[null,"Login","Register","Member Center"]
[]
["Home","Why Solar","Retailer Price","Contract Price","Inverter Price","Weekly Snapshots","Price Download","Monthly Insights","Weekly Forecast","Price Forecast","Premier Insights","Premier Data","Advertising"]
["Latest Solar PV News",null,null,"PV PolySilicon Weekly Spot Price"]
[null,null,null,"Item ","High ","Low ","Average ","AvgChg ","AvgChg% "]
["Iranian city of Mashhad switches solar energy to power office buildings",null,null,"PV Grade PolySilicon (9N/9N+) ",36.6,22,33.049999999999997,0.35,1.0699999999999999E-2]
["Solar Magazine",null,"2022-02-23","PV Grade PolySilicon in China (9N/9N+) ","Visit here for more Poly-Si price",null,null,null,"%"]
["LG axes solar panel business in midst of rising material costs and supply contraints",null,null,"PV Grade PolySilicon Outside China (9N/9N+) ","Visit here for more Poly-Si price",null,null,null,"%"]
["ZDNet",null,"2022-02-23","Unit: USD/Kg ","more",null,"Last Update: 2022-02-23"]
["Exclusive: As demand for solar soars, Sunnova Energy nearly doubles its office footprint in Houston",null,null,"Definition of N Mono Grade: Polysilicon chunk or Chip Polysiliocn with purity can be directly produced to N-Type Monocrystalline Ingots, mainly supplied by Wacker, Hemlock, and Tokuyama"]
["Houston Chronicle",null,"2022-02-23","Definition of Mono Grade: Polysilicon chunk or Chip Polysiliocn with purity can be directly produced to P-Type Monocrystalline Ingots, mainly supplied by Korean and Chinese Producers"]
["How will an increase in polysilicon production affect the cost of solar ...",null,null,"Definition of PV Grade: Polysilicon chunk with high purity can be directly produced to Solar PV Ingots / Bricks"]
["Oxford Business Group",null,"2022-02-23","PolySilicon Price In China: The Price is surveyed by RMB term with Tax and then shown in USD term without 13% of VAT after Apri 1, 2019, 16% of VAT after May 1, 2018, or 17% of VAT before May 1, 2018."]
["Solar Energy Lamp Market by Covid-19 Impact, Competitive ...",null,null,"Solar PV Wafer Weekly Spot Price "]
["ZNews Africa",null,"2022-02-23","Item ","High ","Low ","Average ","AvgChg ","AvgChg% "]
["Invinity Gets UK Government Funding for Solar Energy Storage Project",null,null,"156 mm Multi Solar Wafer ",0.33,0.30499999999999999,0.317,5.0000000000000001E-3,1.6E-2]
["MarketWatch",null,"2022-02-23","156 mm High Eff Multi Solar Wafer ",0.33,0.31,0.32,4.0000000000000001E-3,1.2699999999999999E-2]
["PV Solar Energy Charge Controllers Market Size, Scope, Growth ...",null,null,"166mm Mono Solar Wafer ",0.75,0.72,0.74299999999999999,5.0000000000000001E-3,6.7999999999999996E-3]
["ZNews Africa",null,"2022-02-23","182mm Mono Solar Wafer ",0.92,0.88,0.90800000000000003,2.4E-2,2.7099999999999999E-2]
["Molten Salt Solar Energy Thermal Storage And Concentrated Solar ...",null,null,"158.75 / 161.75mm Mono Wafer ",0.745,0.71,0.73099999999999998,1.2999999999999999E-2,1.8100000000000002E-2]
["ZNews Africa",null,"2022-02-23","161.7+/163.75mm Mono Wafer ",0.78,0.74,0.75700000000000001,1.2E-2,1.61E-2]
["New energy co-op aims to make switching to solar more affordable ...",null,null,"210mm Mono Wafer","Visit here for more detail wafer price information"]
["WESA",null,"2022-02-23","225 mm Mono Wafer","Visit here for more detail"]
["Appalachian Power seeks more solar energy | Putnam News",null,null,"Unit: USD ","more",null,"Last Update: 2022-02-23"]
["herald-dispatch.com",null,"2022-02-23","Wafer Prices In China: The Prices are surveyed by CNY term with Tax and then shown in USD term without 13% of VAT after April 1, 2019, 16% of VAT after May 1, 2018 and 17% of VAT before May 1, 2018."]
["LG TO EXIT GLOBAL SOLAR PANEL BUSINESS",null,null,"Solar PV Cell Weekly Spot Price "]
["PR Newswire",null,"2022-02-23","Item ","High ","Low ","Average ","AvgChg ","AvgChg % "]
["8 Main Reasons Why People Decide To Install Solar Panels",null,null,"Multi Cell Price ",0.125,0.1,0.105,2E-3,1.9400000000000001E-2]
["Intelligent Living",null,"2022-02-23","Poly PERC Cell ",0.14499999999999999,0.13,0.13400000000000001,2E-3,1.52E-2]
["Solar Panel Cleaning: Is It Necessary?",null,null,"Mono PERC Cell ",0.17,0.15,0.156,3.0000000000000001E-3,1.9599999999999999E-2]
["Treehugger",null,"2022-02-23","China Mono PERC Cell ",0.16,0.15,0.155,3.0000000000000001E-3,1.9699999999999999E-2]
["Solar Energy Market is Going To Boom | Tata Power Solar Systems ...",null,null,"158.75/161.75mm Mono PERC Cell ",0.17499999999999999,0.155,0.161,3.0000000000000001E-3,1.9E-2]
["ZNews Africa",null,"2022-02-23","166mm Mono PERC Cell ",0.16500000000000001,0.15,0.153,2E-3,1.32E-2]
["Solar Energy Solutions Market 2022 SWOT Analysis by Major ...",null,null,"182mm Mono PERC Cell ",0.18,0.155,0.158,3.0000000000000001E-3,1.9400000000000001E-2]
["ZNews Africa",null,"2022-02-23","210mm Mono PERC Cell ",0.17,0.15,0.156,2E-3,1.2999999999999999E-2]
["Solar Energy Products Market 2022 SWOT Analysis by Major ...",null,null,"China Poly Cell Per Watt ","Visit here for more detail Cell price information"]
["ZNews Africa",null,"2022-02-23","Non (TW or CN) Poly Cell Per Watt","Visit here for more detail Cell price information"]
["Going solar: Waynesville seeks compromise on solar panel incentives",null,null,"Unit: USD / Watt","more",null,"Last Update: 2022-02-23"]
["The Mountaineer",null,"2022-02-23","High Efficency Mono PERC Cell: The Prices are mainly represented to 9BB solar cells with 23.0%+ efficiency or 10+BB ones with 23.2%+ efficiency and less than 1.5% of CTM efficiency lost."]
["Town of Mexico ZBA holds public hearing, discusses installation of ...",null,null,"Solar PV Module Weekly Spot Price "]
["Palladium Times",null,"2022-02-23","Item ","High ","Low ","Average ","AvgChg ","AvgChg % "]
["Press Releases",null,null,"Poly Solar Module ",0.32,0.19,0.20699999999999999,4.0000000000000001E-3,1.9699999999999999E-2]
["City of Houston",null,"2022-02-23","Poly Module in China ",0.22,0.2,0.20300000000000001,4.0000000000000001E-3,2.01E-2]
["Dutch partnership produces lightweight, flexible solar foil for ...",null,null,"Poly PERC Module ",0.31,0.215,0.22700000000000001,4.0000000000000001E-3,1.7899999999999999E-2]
["Innovation Origins",null,"2022-02-23","Mono PERC Module ",0.35,0.22500000000000001,0.246,4.0000000000000001E-3,1.6500000000000001E-2]
["Florida is finally realizing its potential as a solar energy pioneer ...",null,null,"158mm 410/415Wp PERC Module ",0.35,0.23,0.248,4.0000000000000001E-3,1.6400000000000001E-2]
["Sun Sentinel",null,"2022-02-23","166mm 445/450Wp PERC Module ",0.35499999999999998,0.22500000000000001,0.23300000000000001,1E-3,4.3E-3]
["First solar canal project is a win for water, energy, air and climate in California",null,null,"182mm 540/545Wp PERC Module ",0.35,0.23499999999999999,0.25,5.0000000000000001E-3,2.0400000000000001E-2]
["The Conversation",null,"2022-02-23","210mm 595/600Wp PERC Module ",0.35,0.23499999999999999,0.252,4.0000000000000001E-3,1.61E-2]
["Solar Energy Charge Controller Market Set to Witness Explosive ...",null,null,"Mono PERC Module in China ",0.255,0.22500000000000001,0.24099999999999999,4.0000000000000001E-3,1.6899999999999998E-2]
["ZNews Africa",null,"2022-02-23","ThinFilm Solar Module ",0.31,0.22,0.22800000000000001,2E-3,8.8000000000000005E-3]
["Heliogen prepping new solar energy factory in Long Beach - LA ...",null,null,"US Multi Solar Module","Visit here for more detail module price information"]
["The Business Journals",null,"2022-02-23","Bifacial Mono PERC Solar Module","Visit here for more detail module price information"]
["Innovative Project Is Growing Crops Beneath Solar Panels in Kenya",null,null,"India Poly Module","Visit here for more detail module price information"]
["EcoWatch",null,"2022-02-23","Unit: USD / Watt ","more",null,"Last Update: 2022-02-23"]
["Last Update: 2022-Feb- 23 23:00 (GMT+8)",null,null,"All Spot Prices are Tax excluded and updated on Wednesday "]
["Price Methodology","Terms of Use","Privacy Policy ","About Us ","Contact Us ","Site Map"]
["Copyright © 2022 PVinsights.com All rights reserved"]

{"sheet":"pvinsights 13 03 22","index":72,"n_rows":58,"n_cols":13,"rows_kept":58,"cut":false,"hidden":false,"merged":[[55,3,55,8],[55,0,55,2],[3,0,4,2],[6,4,6,7],[7,4,7,7],[8,4,8,5],[8,6,8,8],[5,0,5,2],[6,0,6,1],[7,0,7,2],[8,0,8,1],[21,4,21,8],[22,4,22,8],[23,4,23,5],[23,6,23,8],[35,4,35,8],[54,0,54,1],[36,4,36,8],[37,4,37,5],[37,6,37,8],[51,4,51,8],[52,4,52,8],[53,4,53,8],[54,4,54,5],[54,6,54,8],[49,0,49,2],[50,0,50,1],[51,0,51,2],[52,0,52,1],[53,0,53,2],[44,0,44,1],[45,0,45,2],[46,0,46,1],[47,0,47,2],[48,0,48,1],[39,0,39,2],[40,0,40,1],[41,0,41,2],[42,0,42,1],[43,0,43,2],[34,0,34,1],[35,0,35,2],[36,0,36,1],[37,0,37,2],[38,0,38,1],[29,0,29,2],[30,0,30,1],[31,0,31,2],[32,0,32,1],[33,0,33,2],[24,0,24,1],[25,0,25,2],[26,0,26,1],[27,0,27,2],[28,0,28,1],[19,0,19,2],[20,0,20,1],[21,0,21,2],[22,0,22,1],[23,0,23,2],[14,0,14,1],[15,0,15,2],[16,0,16,1],[17,0,17,2],[18,0,18,1],[9,0,9,2],[10,0,10,1],[11,0,11,2],[12,0,12,1],[13,0,13,2]]}
[null,"Login","Register","Member Center"]
[]
["Home","Why Solar","Retailer Price","Contract Price","Inverter Price","Weekly Snapshots","Price Download","Monthly Insights","Weekly Forecast","Price Forecast","Premier Insights","Premier Data","Advertising"]
["Latest Solar PV News",null,null,"PV PolySilicon Weekly Spot Price"]
[null,null,null,"Item ","High ","Low ","Average ","AvgChg ","AvgChg% "]
["It¡¦s A New Dawn For Concentrating Solar Power",null,null,"PV Grade PolySilicon (9N/9N+) ",36.700000000000003,22.2,33.07,-0.13,-3.8999999999999998E-3]
["CleanTechnica",null,"2022-03-14","PV Grade PolySilicon in China (9N/9N+) ","Visit here for more Poly-Si price",null,null,null,"%"]
["Sheridan County to Amend Rules for Solar Energy Facilities",null,null,"PV Grade PolySilicon Outside China (9N/9N+) ","Visit here for more Poly-Si price",null,null,null,"%"]
["Sheridan Media",null,"2022-03-14","Unit: USD/Kg ","more",null,"Last Update: 2022-03-09"]
["Report: Supply chain challenges boosted cost of solar energy in 2021",null,null,"Definition of N Mono Grade: Polysilicon chunk or Chip Polysiliocn with purity can be directly produced to N-Type Monocrystalline Ingots, mainly supplied by Wacker, Hemlock, and Tokuyama"]
["UPI",null,"2022-03-14","Definition of Mono Grade: Polysilicon chunk or Chip Polysiliocn with purity can be directly produced to P-Type Monocrystalline Ingots, mainly supplied by Korean and Chinese Producers"]
["WFP launches solar energy solution for youth project with University ...",null,null,"Definition of PV Grade: Polysilicon chunk with high purity can be directly produced to Solar PV Ingots / Bricks"]
["ReliefWeb",null,"2022-03-13","PolySilicon Price In China: The Price is surveyed by RMB term with Tax and then shown in USD term without 13% of VAT after Apri 1, 2019, 16% of VAT after May 1, 2018, or 17% of VAT before May 1, 2018."]
["German firm inks MOU with MERDCI to co-produce solar panels",null,null,"Solar PV Wafer Weekly Spot Price "]
["Tehran Times",null,"2022-03-13","Item ","High ","Low ","Average ","AvgChg ","AvgChg% "]
["Genesee County Planning Board recommends disapproval of solar ...",null,null,"156 mm Multi Solar Wafer ",0.33,0.30499999999999999,0.317,0,0]
["The Daily News",null,"2022-03-13","156 mm High Eff Multi Solar Wafer ",0.33,0.31,0.32,0,0]
["The future of energy: 33000 solar panels on 55 acres in Granite Falls",null,null,"166mm Mono Solar Wafer ",0.76,0.73,0.753,6.0000000000000001E-3,8.0000000000000002E-3]
["Hickory Daily Record",null,"2022-03-12","182mm Mono Solar Wafer ",0.94499999999999995,0.91,0.93700000000000006,2.5000000000000001E-2,2.7400000000000001E-2]
["Switching a gas boiler for heat pump and solar panels could cut energy bills by £460 a year, analysis reveals",null,null,"158.75 / 161.75mm Mono Wafer ",0.745,0.73499999999999999,0.74099999999999999,0,0]
["iNews",null,"2022-03-12","161.7+/163.75mm Mono Wafer ",0.78,0.76500000000000001,0.76800000000000002,0,0]
["Instant plug-in solar panels as a solution to high energy bills?",null,null,"210mm Mono Wafer","Visit here for more detail wafer price information"]
["Innovation Origins",null,"2022-03-12","225 mm Mono Wafer","Visit here for more detail"]
["How to clean solar panels without water",null,null,"Unit: USD ","more",null,"Last Update: 2022-03-09"]
["ScienceDaily",null,"2022-03-12","Wafer Prices In China: The Prices are surveyed by CNY term with Tax and then shown in USD term without 13% of VAT after April 1, 2019, 16% of VAT after May 1, 2018 and 17% of VAT before May 1, 2018."]
["Solar Energy Program Helps Arizona Pets In Need",null,null,"Solar PV Cell Weekly Spot Price "]
["Facility Executive Magazine",null,"2022-03-12","Item ","High ","Low ","Average ","AvgChg ","AvgChg % "]
["Energy Secretary Granholm talks solar manufacturing and investment in Michigan",null,null,"Multi Cell Price ",0.125,0.1,0.105,0,0]
["WEYI",null,"2022-03-12","Poly PERC Cell ",0.14499999999999999,0.13,0.13400000000000001,0,0]
["World Energy Harvesting System Market Research Report 2022 ...",null,null,"Mono PERC Cell ",0.17,0.15,0.158,0,0]
["Business Wire",null,"2022-03-12","China Mono PERC Cell ",0.16300000000000001,0.15,0.158,0,0]
["Solar panels: a ray of hope as UK energy prices go through the roof",null,null,"158.75/161.75mm Mono PERC Cell ",0.17499999999999999,0.155,0.16300000000000001,0,0]
["The Guardian",null,"2022-03-12","166mm Mono PERC Cell ",0.16500000000000001,0.15,0.153,0,0]
["Bosnia and Herzegovina plans four more large-scale solar power ...",null,null,"182mm Mono PERC Cell ",0.18,0.155,0.158,0,0]
["Balkan Green Energy News",null,"2022-03-12","210mm Mono PERC Cell ",0.17,0.155,0.161,1E-3,6.3E-3]
["solar panels charge the new and spacious ford camper, making it ...",null,null,"China Poly Cell Per Watt ","Visit here for more detail Cell price information"]
["Designboom",null,"2022-03-12","Non (TW or CN) Poly Cell Per Watt","Visit here for more detail Cell price information"]
["Catawba College to Host Public Panel on Renewable Energy March ...",null,null,"Unit: USD / Watt","more",null,"Last Update: 2022-03-09"]
["Catawba College",null,"2022-03-12","High Efficency Mono PERC Cell: The Prices are mainly represented to 9BB solar cells with 23.0%+ efficiency or 10+BB ones with 23.2%+ efficiency and less than 1.5% of CTM efficiency lost."]
["World Energy Harvesting System Market Research Report 2022 - Focus on Solar Energy, Thermal Energy, RF Energy, & Pie",null,null,"Solar PV Module Weekly Spot Price "]
["Yahoo Finance",null,"2022-03-12","Item ","High ","Low ","Average ","AvgChg ","AvgChg % "]
["How to clean solar panels without water | MIT News | Massachusetts ...",null,null,"Poly Solar Module ",0.32,0.19,0.20699999999999999,0,0]
["MIT News",null,"2022-03-12","Poly Module in China ",0.22,0.2,0.20300000000000001,0,0]
["Cagayan sitio to use solar energy",null,null,"Poly PERC Module ",0.31,0.215,0.22700000000000001,0,0]
["The Manila Times",null,"2022-03-12","Mono PERC Module ",0.35,0.22500000000000001,0.246,0,0]
["Solar Panels Built From Waste Crops Can Make Energy Without ...",null,null,"158mm 410/415Wp PERC Module ",0.35,0.23,0.248,0,0]
["Good News Network",null,"2022-03-12","166mm 445/450Wp PERC Module ",0.35499999999999998,0.22500000000000001,0.23300000000000001,0,0]
["Repsol and Telefonica join forces to sell and install solar energy panels in Spain",null,null,"182mm 540/545Wp PERC Module ",0.35,0.23499999999999999,0.25,0,0]
["The Olive Press",null,"2022-03-12","210mm 595/600Wp PERC Module ",0.35,0.23499999999999999,0.252,0,0]
["Floating solar farm puts Thailand on track towards carbon neutrality",null,null,"Mono PERC Module in China ",0.255,0.22500000000000001,0.24099999999999999,0,0]
["Euronews",null,"2022-03-12","ThinFilm Solar Module ",0.31,0.22,0.22800000000000001,0,0]
["Insights to the Indian Renewable Energy Market to 2027 - Featuring ...",null,null,"US Multi Solar Module","Visit here for more detail module price information"]
["Business Wire",null,"2022-03-12","Bifacial Mono PERC Solar Module","Visit here for more detail module price information"]
["County Planning Board recommends disapproval of solar energy ...",null,null,"India Poly Module","Visit here for more detail module price information"]
["The Daily News",null,"2022-03-12","Unit: USD / Watt ","more",null,"Last Update: 2022-03-09"]
["Last Update: 2022-Mar- 14 07:02 (GMT+8)",null,null,"All Spot Prices are Tax excluded and updated on Wednesday "]
["Price Methodology","Terms of Use","Privacy Policy ","About Us ","Contact Us ","Site Map"]
["Copyright © 2022 PVinsights.com All rights reserved"]

{"sheet":"pvinsights 13 04 22","index":73,"n_rows":58,"n_cols":13,"rows_kept":58,"cut":false,"hidden":false,"merged":[[9,0,9,2],[10,0,10,1],[11,0,11,2],[12,0,12,1],[13,0,13,2],[14,0,14,1],[15,0,15,2],[16,0,16,1],[17,0,17,2],[18,0,18,1],[19,0,19,2],[20,0,20,1],[21,0,21,2],[22,0,22,1],[23,0,23,2],[24,0,24,1],[25,0,25,2],[26,0,26,1],[27,0,27,2],[28,0,28,1],[29,0,29,2],[30,0,30,1],[31,0,31,2],[32,0,32,1],[33,0,33,2],[34,0,34,1],[35,0,35,2],[36,0,36,1],[37,0,37,2],[38,0,38,1],[46,0,46,1],[47,0,47,2],[48,0,48,1],[39,0,39,2],[40,0,40,1],[41,0,41,2],[42,0,42,1],[43,0,43,2],[54,0,54,1],[36,4,36,8],[37,4,37,5],[37,6,37,8],[51,4,51,8],[52,4,52,8],[53,4,53,8],[54,4,54,5],[54,6,54,8],[49,0,49,2],[50,0,50,1],[51,0,51,2],[52,0,52,1],[53,0,53,2],[44,0,44,1],[45,0,45,2],[55,3,55,8],[55,0,55,2],[3,0,4,2],[6,4,6,7],[7,4,7,7],[8,4,8,5],[8,6,8,8],[5,0,5,2],[6,0,6,1],[7,0,7,2],[8,0,8,1],[21,4,21,8],[22,4,22,8],[23,4,23,5],[23,6,23,8],[35,4,35,8]]}
[null,"Login","Register","Member Center"]
[]
["Home","Why Solar","Retailer Price","Contract Price","Inverter Price","Weekly Snapshots","Price Download","Monthly Insights","Weekly Forecast","Price Forecast","Premier Insights","Premier Data","Advertising"]
["Latest Solar PV News",null,null,"PV PolySilicon Weekly Spot Price"]
[null,null,null,"Item ","High ","Low ","Average ","AvgChg ","AvgChg% "]
["AuREUS Repurposes Food Waste Into Solar Panels",null,null,"PV Grade PolySilicon (9N/9N+) ",36.450000000000003,22.1,32.869999999999997,0,0]
["Saur Energy",null,"2022-04-13","PV Grade PolySilicon in China (9N/9N+) ","Visit here for more Poly-Si price",null,null,null,"%"]
["Solar energy to bring electricity to underserved communities in ...",null,null,"PV Grade PolySilicon Outside China (9N/9N+) ","Visit here for more Poly-Si price",null,null,null,"%"]
["ESI Africa",null,"2022-04-13","Unit: USD/Kg ","more",null,"Last Update: 2022-04-13"]
["A new energy storage system can store solar power for nearly two ...",null,null,"Definition of N Mono Grade: Polysilicon chunk or Chip Polysiliocn with purity can be directly produced to N-Type Monocrystalline Ingots, mainly supplied by Wacker, Hemlock, and Tokuyama"]
["Interesting Engineering",null,"2022-04-13","Definition of Mono Grade: Polysilicon chunk or Chip Polysiliocn with purity can be directly produced to P-Type Monocrystalline Ingots, mainly supplied by Korean and Chinese Producers"]
["North central Rly generates 124 lac units of energy using solar power in FY 2021-22",null,null,"Definition of PV Grade: Polysilicon chunk with high purity can be directly produced to Solar PV Ingots / Bricks"]
["The Statesman",null,"2022-04-13","PolySilicon Price In China: The Price is surveyed by RMB term with Tax and then shown in USD term without 13% of VAT after Apri 1, 2019, 16% of VAT after May 1, 2018, or 17% of VAT before May 1, 2018."]
["Ideas We Should Steal: Raising School Funds through Solar Power",null,null,"Solar PV Wafer Weekly Spot Price "]
["The Philadelphia Citizen",null,"2022-04-13","Item ","High ","Low ","Average ","AvgChg ","AvgChg% "]
["FPL brightens Manatee County grid with solar power",null,null,"156 mm Multi Solar Wafer ",0.33,0.30499999999999999,0.314,0,0]
["Your Observer",null,"2022-04-13","156 mm High Eff Multi Solar Wafer ",0.33,0.31,0.317,0,0]
["India may miss its 300 GW solar energy target for 2030: Report",null,null,"166mm Mono Solar Wafer ",0.76,0.73,0.749,0,0]
["Hindustan Times",null,"2022-04-13","182mm Mono Solar Wafer ",0.94499999999999995,0.91,0.93100000000000005,0,0]
["¡§They very clearly set a precedent:¡¨ Massive solar energy plant to be ...",null,null,"158.75 / 161.75mm Mono Wafer ",0.745,0.73499999999999999,0.73599999999999999,0,0]
["NBC15",null,"2022-04-13","161.7+/163.75mm Mono Wafer ",0.78,0.755,0.76300000000000001,0,0]
["Greece Opens Largest Bifacial Solar Panel Farm in Europe",null,null,"210mm Mono Wafer","Visit here for more detail wafer price information"]
["Earth.Org",null,"2022-04-13","225 mm Mono Wafer","Visit here for more detail"]
["Scientists figure out how to store solar energy for 18 years",null,null,"Unit: USD ","more",null,"Last Update: 2022-04-13"]
["The Independent",null,"2022-04-13","Wafer Prices In China: The Prices are surveyed by CNY term with Tax and then shown in USD term without 13% of VAT after April 1, 2019, 16% of VAT after May 1, 2018 and 17% of VAT before May 1, 2018."]
["Volta Solar announces NIS 40 million funding round",null,null,"Solar PV Cell Weekly Spot Price "]
["The Jerusalem Post",null,"2022-04-13","Item ","High ","Low ","Average ","AvgChg ","AvgChg % "]
["Carilion New River Valley Medical Center¡¦s solar panel field generates energy, revenue in big ways",null,null,"Multi Cell Price ",0.125,0.1,0.105,0,0]
["WSLS",null,"2022-04-13","Poly PERC Cell ",0.14499999999999999,0.13,0.13300000000000001,0,0]
["Solar Energy Production Increased by 20 Percent in 2021",null,null,"Mono PERC Cell ",0.17,0.15,0.157,0,0]
["Solar Industry",null,"2022-04-13","China Mono PERC Cell ",0.16,0.15,0.157,0,0]
["Tesla to provide solar energy for Bitcoin mining",null,null,"158.75/161.75mm Mono PERC Cell ",0.17499999999999999,0.155,0.16200000000000001,0,0]
["The Paypers",null,"2022-04-13","166mm Mono PERC Cell ",0.16500000000000001,0.15,0.152,0,0]
["Michigan universities might be developing the next big thing: transparent solar panels",null,null,"182mm Mono PERC Cell ",0.18,0.155,0.159,1E-3,6.3E-3]
["Detroit News",null,"2022-04-13","210mm Mono PERC Cell ",0.17,0.155,0.159,-1E-3,-6.3E-3]
["Solar energy can now be stored for up to 18 years, say scientists",null,null,"China Poly Cell Per Watt ","Visit here for more detail Cell price information"]
["Euronews",null,"2022-04-13","Non (TW or CN) Poly Cell Per Watt","Visit here for more detail Cell price information"]
["Quest Investment creates rooftop solar energy subsidiary | News ...",null,null,"Unit: USD / Watt","more",null,"Last Update: 2022-04-13"]
["IPE Real Assets",null,"2022-04-13","High Efficency Mono PERC Cell: The Prices are mainly represented to 9BB solar cells with 23.0%+ efficiency or 10+BB ones with 23.2%+ efficiency and less than 1.5% of CTM efficiency lost."]
["POWERHOME SOLAR rebrands and refocuses as Pink Energy",null,null,"Solar PV Module Weekly Spot Price "]
["Solar Builder",null,"2022-04-13","Item ","High ","Low ","Average ","AvgChg ","AvgChg % "]
["Solar Overtakes Wind Energy For First Time In Global Rush For Renewables",null,null,"Poly Solar Module ",0.35,0.19,0.20599999999999999,0,0]
["Forbes",null,"2022-04-12","Poly Module in China ",0.22,0.2,0.20100000000000001,0,0]
["Egypt can cover all electricity needs from solar energy in 10 years ...",null,null,"Poly PERC Module ",0.38,0.21,0.22500000000000001,0,0]
["Egypt Today",null,"2022-04-12","Mono PERC Module ",0.38,0.22500000000000001,0.24399999999999999,0,0]
["Liquid system stores solar energy for years and releases it on demand",null,null,"158mm 410/415Wp PERC Module ",0.38,0.23,0.246,0,0]
["New Atlas",null,"2022-04-12","166mm 445/450Wp PERC Module ",0.38500000000000001,0.22500000000000001,0.23200000000000001,0,0]
["Dorset Council installs solar panels to cut carbon emissions and ...",null,null,"182mm 540/545Wp PERC Module ",0.38,0.23499999999999999,0.248,0,0]
["Dorset Council news",null,"2022-04-12","210mm 595/600Wp PERC Module ",0.38,0.23499999999999999,0.249,0,0]
["Training solar energy¡¦s future workforce",null,null,"Mono PERC Module in China ",0.255,0.22500000000000001,0.23899999999999999,0,0]
["Corridor Business Journal",null,"2022-04-12","ThinFilm Solar Module ",0.31,0.22,0.22700000000000001,0,0]
["Centrica partners with Push Energy for grid-scale solar energy",null,null,"US Multi Solar Module","Visit here for more detail module price information"]
["Energy Live News",null,"2022-04-12","Bifacial Mono PERC Solar Module","Visit here for more detail module price information"]
["Indian start-ups have a solution for city-dwellers who can¡¦t install solar panels on their rooftops",null,null,"India Poly Module","Visit here for more detail module price information"]
["Scroll.in",null,"2022-04-12","Unit: USD / Watt ","more",null,"Last Update: 2022-04-13"]
["Last Update: 2022-Apr- 13 20:00 (GMT+8)",null,null,"All Spot Prices are Tax excluded and updated on Wednesday "]
["Price Methodology","Terms of Use","Privacy Policy ","About Us ","Contact Us ","Site Map"]
["Copyright © 2022 PVinsights.com All rights reserved"]

{"sheet":"pvinsights 08 05 22","index":74,"n_rows":58,"n_cols":13,"rows_kept":58,"cut":false,"hidden":false,"merged":[[55,3,55,8],[55,0,55,2],[3,0,4,2],[6,4,6,7],[7,4,7,7],[8,4,8,5],[8,6,8,8],[5,0,5,2],[6,0,6,1],[7,0,7,2],[8,0,8,1],[21,4,21,8],[22,4,22,8],[23,4,23,5],[23,6,23,8],[35,4,35,8],[54,0,54,1],[36,4,36,8],[37,4,37,5],[37,6,37,8],[51,4,51,8],[52,4,52,8],[53,4,53,8],[54,4,54,5],[54,6,54,8],[49,0,49,2],[50,0,50,1],[51,0,51,2],[52,0,52,1],[53,0,53,2],[44,0,44,1],[45,0,45,2],[46,0,46,1],[47,0,47,2],[48,0,48,1],[39,0,39,2],[40,0,40,1],[41,0,41,2],[42,0,42,1],[43,0,43,2],[34,0,34,1],[35,0,35,2],[36,0,36,1],[37,0,37,2],[38,0,38,1],[29,0,29,2],[30,0,30,1],[31,0,31,2],[32,0,32,1],[33,0,33,2],[24,0,24,1],[25,0,25,2],[26,0,26,1],[27,0,27,2],[28,0,28,1],[19,0,19,2],[20,0,20,1],[21,0,21,2],[22,0,22,1],[23,0,23,2],[14,0,14,1],[15,0,15,2],[16,0,16,1],[17,0,17,2],[18,0,18,1],[9,0,9,2],[10,0,10,1],[11,0,11,2],[12,0,12,1],[13,0,13,2]]}
[null,"Login","Register","Member Center"]
[]
["Home","Why Solar","Retailer Price","Contract Price","Inverter Price","Weekly Snapshots","Price Download","Monthly Insights","Weekly Forecast","Price Forecast","Premier Insights","Premier Data","Advertising"]
["Latest Solar PV News",null,null,"PV PolySilicon Weekly Spot Price"]
[null,null,null,"Item ","High ","Low ","Average ","AvgChg ","AvgChg% "]
["White House Officials Reportedly Worried That Commerce¡¦s Solar Panel Investigation Is Imperiling Clean Power Agenda",null,null,"PV Grade PolySilicon (9N/9N+) ",35.65,21.6,32.119999999999997,0,0]
["Forbes",null,"2022-05-08","PV Grade PolySilicon in China (9N/9N+) ","Visit here for more Poly-Si price",null,null,null,"%"]
["Solar power for a greener energy mix",null,null,"PV Grade PolySilicon Outside China (9N/9N+) ","Visit here for more Poly-Si price",null,null,null,"%"]
["The Straits Times",null,"2022-05-08","Unit: USD/Kg ","more",null,"Last Update: 2022-05-04"]
["THE IMMINENT SOLAR REVOLUTION",null,null,"Definition of N Mono Grade: Polysilicon chunk or Chip Polysiliocn with purity can be directly produced to N-Type Monocrystalline Ingots, mainly supplied by Wacker, Hemlock, and Tokuyama"]
["Dawn",null,"2022-05-08","Definition of Mono Grade: Polysilicon chunk or Chip Polysiliocn with purity can be directly produced to P-Type Monocrystalline Ingots, mainly supplied by Korean and Chinese Producers"]
["How Auxin, a small San Jose firm, paralyzed the US solar industry",null,null,"Definition of PV Grade: Polysilicon chunk with high purity can be directly produced to Solar PV Ingots / Bricks"]
["The Washington Post",null,"2022-05-08","PolySilicon Price In China: The Price is surveyed by RMB term with Tax and then shown in USD term without 13% of VAT after Apri 1, 2019, 16% of VAT after May 1, 2018, or 17% of VAT before May 1, 2018."]
["EU countries call for 1 000 gigawatts of solar energy by 2030",null,null,"Solar PV Wafer Weekly Spot Price "]
["Moneyweb",null,"2022-05-08","Item ","High ","Low ","Average ","AvgChg ","AvgChg% "]
["Greece Opens Largest Bifacial Solar Panel Farm in Europe",null,null,"156 mm Multi Solar Wafer ",0.32,0.3,0.307,0,0]
["Earth.Org",null,"2022-05-08","156 mm High Eff Multi Solar Wafer ",0.32,0.30499999999999999,0.311,0,0]
["Researchers develop solar energy storage and transport technology without need for solar panels",null,null,"166mm Mono Solar Wafer ",0.745,0.72,0.73599999999999999,0,0]
["The Indian Express",null,"2022-05-08","182mm Mono Solar Wafer ",0.92500000000000004,0.9,0.91400000000000003,0,0]
["New coalition to host solar energy seminar May 10 at Belle Isle ...",null,null,"158.75 / 161.75mm Mono Wafer ",0.73,0.72,0.72499999999999998,0,0]
["City of Oklahoma City",null,"2022-05-07","161.7+/163.75mm Mono Wafer ",0.76500000000000001,0.745,0.751,0,0]
["Rooftop solar energy panels to be set up in all CAPF establishments",null,null,"210mm Mono Wafer","Visit here for more detail wafer price information"]
["The Economic Times",null,"2022-05-07","225 mm Mono Wafer","Visit here for more detail"]
["Solar PV biodiversity best practice guidance published by Solar Energy UK",null,null,"Unit: USD ","more",null,"Last Update: 2022-05-04"]
["Solar Power Portal",null,"2022-05-07","Wafer Prices In China: The Prices are surveyed by CNY term with Tax and then shown in USD term without 13% of VAT after April 1, 2019, 16% of VAT after May 1, 2018 and 17% of VAT before May 1, 2018."]
["Solar crisis hits Maine as investigation into Chinese panel ...",null,null,"Solar PV Cell Weekly Spot Price "]
["Maine Public",null,"2022-05-07","Item ","High ","Low ","Average ","AvgChg ","AvgChg % "]
["Republic Bank boosting transition to solar energy",null,null,"Multi Cell Price ",0.125,0.1,0.10299999999999999,0,0]
["Barbados Today",null,"2022-05-07","Poly PERC Cell ",0.14499999999999999,0.125,0.13100000000000001,0,0]
["2022 Karl Böer solar awards",null,null,"Mono PERC Cell ",0.17,0.15,0.156,0,0]
["University of Delaware",null,"2022-05-07","China Mono PERC Cell ",0.16500000000000001,0.15,0.156,0,0]
["Investigation into solar tariffs could threaten US 2035 clean energy ...",null,null,"158.75/161.75mm Mono PERC Cell ",0.17499999999999999,0.155,0.161,0,0]
["Utility Dive",null,"2022-05-07","166mm Mono PERC Cell ",0.16500000000000001,0.15,0.152,0,0]
["Solar panel threshold: Ag committee will ask finance minister to ...",null,null,"182mm Mono PERC Cell ",0.18,0.15,0.157,0,0]
["Agriland",null,"2022-05-07","210mm Mono PERC Cell ",0.17,0.15,0.156,0,0]
["This Arctic town wants to make renewable energy work at the top of ...",null,null,"China Poly Cell Per Watt ","Visit here for more detail Cell price information"]
["Nature",null,"2022-05-07","Non (TW or CN) Poly Cell Per Watt","Visit here for more detail Cell price information"]
["Expert: With solar feed-in tariffs, T&TEC will pay you for energy ...",null,null,"Unit: USD / Watt","more",null,"Last Update: 2022-05-04"]
["Loop Trinidad & Tobago News",null,"2022-05-07","High Efficency Mono PERC Cell: The Prices are mainly represented to 9BB solar cells with 23.0%+ efficiency or 10+BB ones with 23.2%+ efficiency and less than 1.5% of CTM efficiency lost."]
["WP Zoning Ordinance Amendments Proposed to Regulate Solar ...",null,null,"Solar PV Module Weekly Spot Price "]
["The Examiner News",null,"2022-05-07","Item ","High ","Low ","Average ","AvgChg ","AvgChg % "]
["Northern Territory government scraps its premium solar panel scheme, with thousands to miss out on savings",null,null,"Poly Solar Module ",0.35,0.19,0.20499999999999999,0,0]
["ABC",null,"2022-05-06","Poly Module in China ",0.21,0.19,0.2,0,0]
["AES Bulgaria to look into developing solar, energy storage projects",null,null,"Poly PERC Module ",0.38,0.21,0.224,0,0]
["Balkan Green Energy News",null,"2022-05-06","Mono PERC Module ",0.38,0.22500000000000001,0.24199999999999999,0,0]
["Ghana: Solar Energy Complements Electricity - Suker Power Md",null,null,"158mm 410/415Wp PERC Module ",0.38,0.23,0.246,0,0]
["allAfrica.com",null,"2022-05-06","166mm 445/450Wp PERC Module ",0.38500000000000001,0.22500000000000001,0.23200000000000001,0,0]
["Solar energy suppliers see increase in customers",null,null,"182mm 540/545Wp PERC Module ",0.38,0.23499999999999999,0.245,0,0]
["WTWO",null,"2022-05-06","210mm 595/600Wp PERC Module ",0.38,0.23499999999999999,0.247,0,0]
["Solar energy projects are grinding to a halt in the US amid investigation into parts from China",null,null,"Mono PERC Module in China ",0.255,0.22500000000000001,0.23699999999999999,0,0]
["CNN",null,"2022-05-06","ThinFilm Solar Module ",0.31,0.22,0.22600000000000001,0,0]
["Solar energy can now be stored for up to 18 years, say scientists",null,null,"US Multi Solar Module","Visit here for more detail module price information"]
["Euronews",null,"2022-05-06","Bifacial Mono PERC Solar Module","Visit here for more detail module price information"]
["Solar panel fires: How common are they, how you can prevent them",null,null,"India Poly Module","Visit here for more detail module price information"]
["KIRO 7",null,"2022-05-06","Unit: USD / Watt ","more",null,"Last Update: 2022-05-04"]
["Last Update: 2022-May- 08 23:01 (GMT+8)",null,null,"All Spot Prices are Tax excluded and updated on Wednesday "]
["Price Methodology","Terms of Use","Privacy Policy ","About Us ","Contact Us ","Site Map"]
["Copyright © 2022 PVinsights.com All rights reserved"]

{"sheet":"pvinsights 06 06 22","index":75,"n_rows":58,"n_cols":13,"rows_kept":58,"cut":false,"hidden":false,"merged":[[9,0,9,2],[10,0,10,1],[11,0,11,2],[12,0,12,1],[13,0,13,2],[14,0,14,1],[15,0,15,2],[16,0,16,1],[17,0,17,2],[18,0,18,1],[19,0,19,2],[20,0,20,1],[21,0,21,2],[22,0,22,1],[23,0,23,2],[24,0,24,1],[25,0,25,2],[26,0,26,1],[27,0,27,2],[28,0,28,1],[29,0,29,2],[30,0,30,1],[31,0,31,2],[32,0,32,1],[33,0,33,2],[34,0,34,1],[35,0,35,2],[36,0,36,1],[37,0,37,2],[38,0,38,1],[46,0,46,1],[47,0,47,2],[48,0,48,1],[39,0,39,2],[40,0,40,1],[41,0,41,2],[42,0,42,1],[43,0,43,2],[54,0,54,1],[36,4,36,8],[37,4,37,5],[37,6,37,8],[51,4,51,8],[52,4,52,8],[53,4,53,8],[54,4,54,5],[54,6,54,8],[49,0,49,2],[50,0,50,1],[51,0,51,2],[52,0,52,1],[53,0,53,2],[44,0,44,1],[45,0,45,2],[55,3,55,8],[55,0,55,2],[3,0,4,2],[6,4,6,7],[7,4,7,7],[8,4,8,5],[8,6,8,8],[5,0,5,2],[6,0,6,1],[7,0,7,2],[8,0,8,1],[21,4,21,8],[22,4,22,8],[23,4,23,5],[23,6,23,8],[35,4,35,8]]}
[null,"Login","Register","Member Center"]
[]
["Home","Why Solar","Retailer Price","Contract Price","Inverter Price","Weekly Snapshots","Price Download","Monthly Insights","Weekly Forecast","Price Forecast","Premier Insights","Premier Data","Advertising"]
["Latest Solar PV News",null,null,"PV PolySilicon Weekly Spot Price"]
[null,null,null,"Item ","High ","Low ","Average ","AvgChg ","AvgChg% "]
["Exclusive-Biden to use executive action to spur solar projects hit by probe -sources",null,null,"PV Grade PolySilicon (9N/9N+) ",35.4,21.8,32.28,0,0]
["WHTC",null,"2022-06-06","PV Grade PolySilicon in China (9N/9N+) ","Visit here for more Poly-Si price",null,null,null,"%"]
["Biden Plans Solar Manufacturing Push to End Project Slowdown",null,null,"PV Grade PolySilicon Outside China (9N/9N+) ","Visit here for more Poly-Si price",null,null,null,"%"]
["Yahoo Finance",null,"2022-06-06","Unit: USD/Kg ","more",null,"Last Update: 2022-06-01"]
["President SAARC CCI urges govt to focus on construction of more dams",null,null,"Definition of N Mono Grade: Polysilicon chunk or Chip Polysiliocn with purity can be directly produced to N-Type Monocrystalline Ingots, mainly supplied by Wacker, Hemlock, and Tokuyama"]
["Daily Times",null,"2022-06-06","Definition of Mono Grade: Polysilicon chunk or Chip Polysiliocn with purity can be directly produced to P-Type Monocrystalline Ingots, mainly supplied by Korean and Chinese Producers"]
["Labor needs to double the pace of its renewable energy rollout to meet 2030 emissions target. Can it be done?",null,null,"Definition of PV Grade: Polysilicon chunk with high purity can be directly produced to Solar PV Ingots / Bricks"]
["The Guardian",null,"2022-06-06","PolySilicon Price In China: The Price is surveyed by RMB term with Tax and then shown in USD term without 13% of VAT after Apri 1, 2019, 16% of VAT after May 1, 2018, or 17% of VAT before May 1, 2018."]
["Sources: Hit by probe, Biden to waive tariffs on solar panels from Malaysia, other SE Asian countries for 24 months | Ma",null,null,"Solar PV Wafer Weekly Spot Price "]
["Malay Mail",null,"2022-06-06","Item ","High ","Low ","Average ","AvgChg ","AvgChg% "]
["¡§Hugely innovative¡¨ community battery launched in Melbourne",null,null,"156 mm Multi Solar Wafer ",0.315,0.3,0.30499999999999999,0,0]
["One Step Off The Grid",null,"2022-06-06","156 mm High Eff Multi Solar Wafer ",0.315,0.30499999999999999,0.308,0,0]
["China to Add 108 GW of Solar by the End of 2022: NEA",null,null,"166mm Mono Solar Wafer ",0.75,0.72499999999999998,0.73899999999999999,0,0]
["Mercom India",null,"2022-06-06","182mm Mono Solar Wafer ",0.90500000000000003,0.88,0.89700000000000002,0,0]
["US readies big plan to boost solar panel manufacturing",null,null,"158.75 / 161.75mm Mono Wafer ",0.73,0.71499999999999997,0.71899999999999997,0,0]
["MyBroadband",null,"2022-06-06","161.7+/163.75mm Mono Wafer ",0.76500000000000001,0.74,0.746,0,0]
["BREAKING: Biden Admin set to pause new solar tariffs for two years",null,null,"210mm Mono Wafer","Visit here for more detail wafer price information"]
["pv magazine USA",null,"2022-06-06","225 mm Mono Wafer","Visit here for more detail"]
["e-Zinc, Toyota Tsusho to develop pilot zinc-air battery project",null,null,"Unit: USD ","more",null,"Last Update: 2022-06-01"]
["Saur Energy International",null,"2022-06-06","Wafer Prices In China: The Prices are surveyed by CNY term with Tax and then shown in USD term without 13% of VAT after April 1, 2019, 16% of VAT after May 1, 2018 and 17% of VAT before May 1, 2018."]
["Queensland solar farms dominate utility scale solar in May",null,null,"Solar PV Cell Weekly Spot Price "]
["pv magazine Australia",null,"2022-06-06","Item ","High ","Low ","Average ","AvgChg ","AvgChg % "]
["President Biden to order domestic production of solar panels, other clean energy projects",null,null,"Multi Cell Price ",0.125,0.1,0.10299999999999999,0,0]
["Forexlive",null,"2022-06-06","Poly PERC Cell ",0.14499999999999999,0.125,0.13100000000000001,0,0]
["Biden to waive tariffs for 24 months on solar panels hit by probe: Sources",null,null,"Mono PERC Cell ",0.17,0.14499999999999999,0.156,1E-3,6.4999999999999997E-3]
["The Straits Times",null,"2022-06-06","China Mono PERC Cell ",0.16,0.14499999999999999,0.156,2E-3,1.2999999999999999E-2]
["Sunshine state hosts best performing solar farms in May, but can¡¦t stop record prices",null,null,"158.75/161.75mm Mono PERC Cell ",0.17499999999999999,0.15,0.16,1E-3,6.3E-3]
["Renew Economy",null,"2022-06-06","166mm Mono PERC Cell ",0.16500000000000001,0.14499999999999999,0.151,0,0]
["Solar Energy Lamp Market Size 2022 Booming Across the Globe by Share, Growth Size, Scope, Key Segments and ...",null,null,"182mm Mono PERC Cell ",0.18,0.15,0.158,1E-3,6.4000000000000003E-3]
["Industrial IT",null,"2022-06-06","210mm Mono PERC Cell ",0.17,0.15,0.153,1E-3,6.6E-3]
["Jubaili Bros, Huawei donate 10KW solar system to Glorious Hand Foundation",null,null,"China Poly Cell Per Watt ","Visit here for more detail Cell price information"]
["MyJoyOnline.com",null,"2022-06-06","Non (TW or CN) Poly Cell Per Watt","Visit here for more detail Cell price information"]
["Tariff Fight Paralyzing US Solar Threatens American Steelmakers",null,null,"Unit: USD / Watt","more",null,"Last Update: 2022-06-01"]
["Yahoo Finance",null,"2022-06-06","High Efficency Mono PERC Cell: The Prices are mainly represented to 9BB solar cells with 23.0%+ efficiency or 10+BB ones with 23.2%+ efficiency and less than 1.5% of CTM efficiency lost."]
["Myths that Solar Owners Tell Themselves ¡V Energy Institute Blog",null,null,"Solar PV Module Weekly Spot Price "]
["Energy Institute Blog",null,"2022-06-06","Item ","High ","Low ","Average ","AvgChg ","AvgChg % "]
["White House Set to Pause New Tariffs on Solar Imports for Two Years",null,null,"Poly Solar Module ",0.35,0.2,0.21199999999999999,0,0]
["The Wall Street Journal",null,"2022-06-06","Poly Module in China ",0.22,0.2,0.20899999999999999,0,0]
["Energy prices are rising fast, so would solar panels in a Ballarat winter really reduce your bills?",null,null,"Poly PERC Module ",0.38,0.22,0.23100000000000001,0,0]
["ABC",null,"2022-06-06","Mono PERC Module ",0.38,0.23499999999999999,0.249,0,0]
["Reaching beyond efficiency limits ¡V pv magazine Australia",null,null,"158mm 410/415Wp PERC Module ",0.38,0.24,0.253,0,0]
["pv magazine Australia",null,"2022-06-06","166mm 445/450Wp PERC Module ",0.38500000000000001,0.23499999999999999,0.24299999999999999,0,0]
["Free Solar Energy & Electric Vehicle Exhibition at UNM",null,null,"182mm 550/595Wp PERC Module ",0.38,0.24,0.251,0,0]
["Rio Rancho Observer",null,"2022-06-06","210mm 600/660Wp PERC Module ",0.38,0.24,0.252,0,0]
["Ain¡¦t no Sunshine",null,null,"Mono PERC Module in China ",0.26500000000000001,0.23499999999999999,0.247,0,0]
["Bangalore Mirror",null,"2022-06-06","ThinFilm Solar Module ",0.31,0.22,0.23200000000000001,0,0]
["Car dealerships of the future could sell home solar and battery packs",null,null,"US Multi Solar Module","Visit here for more detail module price information"]
["WhichCar",null,"2022-06-06","Bifacial Mono PERC Solar Module","Visit here for more detail module price information"]
["Victorians warming to benefits of solar",null,null,"India Poly Module","Visit here for more detail module price information"]
["The Age",null,"2022-06-06","Unit: USD / Watt ","more",null,"Last Update: 2022-06-01"]
["Last Update: 2022-Jun- 06 14:00 (GMT+8)",null,null,"All Spot Prices are Tax excluded and updated on Wednesday "]
["Price Methodology","Terms of Use","Privacy Policy ","About Us ","Contact Us ","Site Map"]
["Copyright © 2022 PVinsights.com All rights reserved"]

{"sheet":"pvinsights 26 06 22","index":76,"n_rows":58,"n_cols":13,"rows_kept":58,"cut":false,"hidden":false,"merged":[[55,3,55,8],[55,0,55,2],[3,0,4,2],[6,4,6,7],[7,4,7,7],[8,4,8,5],[8,6,8,8],[5,0,5,2],[6,0,6,1],[7,0,7,2],[8,0,8,1],[21,4,21,8],[22,4,22,8],[23,4,23,5],[23,6,23,8],[35,4,35,8],[54,0,54,1],[36,4,36,8],[37,4,37,5],[37,6,37,8],[51,4,51,8],[52,4,52,8],[53,4,53,8],[54,4,54,5],[54,6,54,8],[49,0,49,2],[50,0,50,1],[51,0,51,2],[52,0,52,1],[53,0,53,2],[44,0,44,1],[45,0,45,2],[46,0,46,1],[47,0,47,2],[48,0,48,1],[39,0,39,2],[40,0,40,1],[41,0,41,2],[42,0,42,1],[43,0,43,2],[34,0,34,1],[35,0,35,2],[36,0,36,1],[37,0,37,2],[38,0,38,1],[29,0,29,2],[30,0,30,1],[31,0,31,2],[32,0,32,1],[33,0,33,2],[24,0,24,1],[25,0,25,2],[26,0,26,1],[27,0,27,2],[28,0,28,1],[19,0,19,2],[20,0,20,1],[21,0,21,2],[22,0,22,1],[23,0,23,2],[14,0,14,1],[15,0,15,2],[16,0,16,1],[17,0,17,2],[18,0,18,1],[9,0,9,2],[10,0,10,1],[11,0,11,2],[12,0,12,1],[13,0,13,2]]}
[null,"Login","Register","Member Center"]
[]
["Home","Why Solar","Retailer Price","Contract Price","Inverter Price","Weekly Snapshots","Price Download","Monthly Insights","Weekly Forecast","Price Forecast","Premier Insights","Premier Data","Advertising"]
["Latest Solar PV News",null,null,"PV PolySilicon Weekly Spot Price"]
[null,null,null,"Item ","High ","Low ","Average ","AvgChg ","AvgChg% "]
["Install Solar Landscape Lights",null,null,"PV Grade PolySilicon (9N/9N+) ",36.35,22.4,33.15,0.59,1.8100000000000002E-2]
["The Epoch Times",null,"2022-06-27","PV Grade PolySilicon in China (9N/9N+) ","Visit here for more Poly-Si price",null,null,null,"%"]
["Two Limestone County businesses now operating on solar power",null,null,"PV Grade PolySilicon Outside China (9N/9N+) ","Visit here for more Poly-Si price",null,null,null,"%"]
["Yahoo News",null,"2022-06-27","Unit: USD/Kg ","more",null,"Last Update: 2022-06-22"]
["San Antonio solar panel manufacturer says US must do more to compete with China - San Antonio Express-News",null,null,"Definition of N Mono Grade: Polysilicon chunk or Chip Polysiliocn with purity can be directly produced to N-Type Monocrystalline Ingots, mainly supplied by Wacker, Hemlock, and Tokuyama"]
["Inferse.com",null,"2022-06-27","Definition of Mono Grade: Polysilicon chunk or Chip Polysiliocn with purity can be directly produced to P-Type Monocrystalline Ingots, mainly supplied by Korean and Chinese Producers"]
["More than 400,000 solar-powered umbrellas sold at Costco recalled for fire risk",null,null,"Definition of PV Grade: Polysilicon chunk with high purity can be directly produced to Solar PV Ingots / Bricks"]
["10TV",null,"2022-06-27","PolySilicon Price In China: The Price is surveyed by RMB term with Tax and then shown in USD term without 13% of VAT after Apri 1, 2019, 16% of VAT after May 1, 2018, or 17% of VAT before May 1, 2018."]
["Got $500? 2 Insanely Cheap Energy Stocks Yielding 5.5%",null,null,"Solar PV Wafer Weekly Spot Price "]
["Yahoo Finance",null,"2022-06-27","Item ","High ","Low ","Average ","AvgChg ","AvgChg% "]
["This Fold-Out, Solar-Powered Camping Trailer Sounds Just About Perfect",null,null,"156 mm Multi Solar Wafer ",0.315,0.3,0.30499999999999999,0,0]
["Gear Patrol",null,"2022-06-27","156 mm High Eff Multi Solar Wafer ",0.315,0.30499999999999999,0.308,0,0]
["Wimbledon¡¦s deposit return scheme and $100,000 for solar access in Africa: The sustainability success stories of the we",null,null,"166mm Mono Solar Wafer ",0.75,0.72499999999999998,0.73699999999999999,0,0]
["Edie.net",null,"2022-06-27","182mm Mono Solar Wafer ",0.90500000000000003,0.88,0.89400000000000002,0,0]
["SOLAR PH CORNERS 70%: DOE bids incentives for RE projects",null,null,"158.75 / 161.75mm Mono Wafer ",0.73,0.70499999999999996,0.71399999999999997,0,0]
["Malaya Business Insight",null,"2022-06-27","161.7+/163.75mm Mono Wafer ",0.76500000000000001,0.73,0.73899999999999999,0,0]
["About 400000 outdoor umbrellas sold at Costco recalled for overheating, fire risk",null,null,"210mm Mono Wafer","Visit here for more detail wafer price information"]
["USA Today",null,"2022-06-27","225 mm Mono Wafer","Visit here for more detail"]
["Solar systems executive to chair ABQ chamber board",null,null,"Unit: USD ","more",null,"Last Update: 2022-06-22"]
["Albuquerque Journal",null,"2022-06-26","Wafer Prices In China: The Prices are surveyed by CNY term with Tax and then shown in USD term without 13% of VAT after April 1, 2019, 16% of VAT after May 1, 2018 and 17% of VAT before May 1, 2018."]
["Tata Power Renewables Commissions 120 MW Solar Project In Gujarat",null,null,"Solar PV Cell Weekly Spot Price "]
["BQ Prime",null,"2022-06-26","Item ","High ","Low ","Average ","AvgChg ","AvgChg % "]
["Coates and Eastrea earmarked 65 acre solar farm",null,null,"Multi Cell Price ",0.125,0.1,0.10299999999999999,0,0]
["Wisbech Standard",null,"2022-06-26","Poly PERC Cell ",0.14499999999999999,0.125,0.13100000000000001,0,0]
["Meet the Srinagar engineer who turned his 1988 Nissan Micra into a solar-powered EV",null,null,"Mono PERC Cell ",0.17,0.14499999999999999,0.156,0,0]
["Moneycontrol",null,"2022-06-26","China Mono PERC Cell ",0.16,0.14499999999999999,0.156,0,0]
["Norfolk solar project largest in state, relies on community input",null,null,"158.75/161.75mm Mono PERC Cell ",0.17499999999999999,0.15,0.16,0,0]
["Kearney Hub",null,"2022-06-26","166mm Mono PERC Cell ",0.16500000000000001,0.14499999999999999,0.151,0,0]
["Conflicts escalate amid surge in WA solar farm proposals",null,null,"182mm Mono PERC Cell ",0.18,0.15,0.158,0,0]
["Wenatchee World",null,"2022-06-26","210mm Mono PERC Cell ",0.17,0.15,0.152,0,0]
["$500k boost for pay-as-you-go solar freezer",null,null,"China Poly Cell Per Watt ","Visit here for more detail Cell price information"]
["Cooling Post",null,"2022-06-26","Non (TW or CN) Poly Cell Per Watt","Visit here for more detail Cell price information"]
["Solar patio umbrellas sold at Costco recalled after multiple fires",null,null,"Unit: USD / Watt","more",null,"Last Update: 2022-06-22"]
["CNN",null,"2022-06-26","High Efficency Mono PERC Cell: The Prices are mainly represented to 9BB solar cells with 23.0%+ efficiency or 10+BB ones with 23.2%+ efficiency and less than 1.5% of CTM efficiency lost."]
["Aussies feel duped by low returns on solar panels",null,null,"Solar PV Module Weekly Spot Price "]
["9Now",null,"2022-06-26","Item ","High ","Low ","Average ","AvgChg ","AvgChg % "]
["Solar Electricity Is Essential For Human Survival",null,null,"Poly Solar Module ",0.35,0.2,0.21099999999999999,0,0]
["Telegraph Star",null,"2022-06-26","Poly Module in China ",0.22,0.2,0.20799999999999999,0,0]
["Solar umbrellas sold at Costco recalled after multiple fires",null,null,"Poly PERC Module ",0.38,0.215,0.23,0,0]
["FOX 7 Austin",null,"2022-06-26","Mono PERC Module ",0.38,0.23499999999999999,0.248,0,0]
["New, improved amenities on Pulau Ubin including micro-grid to harness solar energy to power more households | Video",null,null,"158mm 410/415Wp PERC Module ",0.38,0.24,0.252,0,0]
["CNA",null,"2022-06-26","166mm 445/450Wp PERC Module ",0.38500000000000001,0.23300000000000001,0.24199999999999999,0,0]
["With new warehouse, Gautam Solar makes solar modules easily available",null,null,"182mm 550/595Wp PERC Module ",0.38,0.24,0.25,0,0]
["APN News",null,"2022-06-26","210mm 600/660Wp PERC Module ",0.38,0.24,0.25,0,0]
["Soak up the sun and harness its power with solar panels from Statewide Solar",null,null,"Mono PERC Module in China ",0.26500000000000001,0.23499999999999999,0.246,0,0]
["YouTube",null,"2022-06-26","ThinFilm Solar Module ",0.31,0.22,0.23100000000000001,0,0]
["US Solar partners with T-Mobile to create solar power producing systems in seven MN counties - Minneapolis / St. Paul ..",null,null,"US Multi Solar Module","Visit here for more detail module price information"]
["The Business Journals",null,"2022-06-26","Bifacial Mono PERC Solar Module","Visit here for more detail module price information"]
["Cutlers Green solar farm delayed again as Uttlesford District Council still unhappy with detail",null,null,"India Poly Module","Visit here for more detail module price information"]
["Essex Live",null,"2022-06-25","Unit: USD / Watt ","more",null,"Last Update: 2022-06-22"]
["Last Update: 2022-Jun- 27 07:00 (GMT+8)",null,null,"All Spot Prices are Tax excluded and updated on Wednesday "]
["Price Methodology","Terms of Use","Privacy Policy ","About Us ","Contact Us ","Site Map"]
["Copyright © 2022 PVinsights.com All rights reserved"]

{"sheet":"pvinsights 24 08 22","index":77,"n_rows":60,"n_cols":13,"rows_kept":60,"cut":false,"hidden":false,"merged":[[56,0,56,2],[57,0,57,2],[53,4,53,8],[54,4,54,8],[55,4,55,8],[56,4,56,5],[56,6,56,8],[57,3,57,9],[53,0,53,2],[54,0,54,1],[55,0,55,2],[3,0,4,2],[8,4,8,7],[9,4,9,7],[10,3,10,5],[10,7,10,9],[23,4,23,8],[24,4,24,8],[47,0,47,2],[48,0,48,1],[25,4,25,5],[25,6,25,8],[37,4,37,8],[38,4,38,8],[39,4,39,5],[39,6,39,8],[40,0,40,1],[49,0,49,2],[50,0,50,1],[51,0,51,2],[52,0,52,1],[41,0,41,2],[42,0,42,1],[43,0,43,2],[44,0,44,1],[45,0,45,2],[46,0,46,1],[35,0,35,2],[36,0,36,1],[37,0,37,2],[38,0,38,1],[39,0,39,2],[30,0,30,1],[31,0,31,2],[32,0,32,1],[33,0,33,2],[34,0,34,1],[25,0,25,2],[26,0,26,1],[27,0,27,2],[28,0,28,1],[29,0,29,2],[20,0,20,1],[21,0,21,2],[22,0,22,1],[23,0,23,2],[24,0,24,1],[15,0,15,2],[16,0,16,1],[17,0,17,2],[18,0,18,1],[19,0,19,2],[10,0,10,1],[11,0,11,2],[12,0,12,1],[13,0,13,2],[14,0,14,1],[5,0,5,2],[6,0,6,1],[7,0,7,2],[8,0,8,1],[9,0,9,2]]}
[null,"Login","Register","Member Center"]
[]
["Home","Why Solar","Retailer Price","Contract Price","Inverter Price","Weekly Snapshots","Price Download","Monthly Insights","Weekly Forecast","Price Forecast","Premier Insights","Premier Data","Advertising"]
["Latest Solar PV News",null,null,"PV PolySilicon Weekly Spot Price"]
[null,null,null,"Item ","High ","Low ","Average ","AvgChg ","AvgChg% ","AvgCNY "]
["Solar Panels might help high electricity bills, Lubbock experts say",null,null,"PV Grade PolySilicon (9N/9N+) ",41.7,27.5,38.130000000000003,-0.19,-5.0000000000000001E-3,293]
["KLBK",null,"2022-08-24","N Mono PolySilicon in China (12N/12N+) ",41.7,40.65,41.06,-0.24,-5.7999999999999996E-3,315.5]
["Genpact & Climate Vault Join Hand to Accelerate the Transition to Co2Free",null,null,"N Mono PolySilicon Out of China (12N/12N+) ",41.7,41.15,41.41,-0.28000000000000003,-6.7000000000000002E-3,318.2]
["Saur Energy International",null,"2022-08-24","PV Grade PolySilicon in China (9N/9N+) ","Visit here for more Poly-Si price",null,null,null,"%"]
["NHPC, BEL ink pact to set up solar equipment manufacturing facility",null,null,"PV Grade PolySilicon Outside China (9N/9N+) ","Visit here for more Poly-Si price",null,null,null,"%"]
["ETEnergyworld.com",null,"2022-08-24","Unit: USD/Kg, USD/CNY : 6.800, China VAT : 13%",null,null,"more","Last Update: 2022-08-24"]
["Great Solar Business: Rooftop solar safety | RenewEconomy",null,null,"Definition of N Mono Grade: Polysilicon chunk or Chip Polysiliocn with purity can be directly produced to N-Type Monocrystalline Ingots, mainly supplied by Wacker, Hemlock, and Tokuyama"]
["Renew Economy",null,"2022-08-24","Definition of Mono Grade: Polysilicon chunk or Chip Polysiliocn with purity can be directly produced to P-Type Monocrystalline Ingots, mainly supplied by Korean and Chinese Producers"]
["Habitat for Humanity sheds light on solar panel installation",null,null,"Definition of PV Grade: Polysilicon chunk with high purity can be directly produced to Solar PV Ingots / Bricks"]
["News and Sentinel",null,"2022-08-24","PolySilicon Price In China: The Price is surveyed by RMB term with Tax and then shown in USD term without 13% of VAT after Apri 1, 2019, 16% of VAT after May 1, 2018, or 17% of VAT before May 1, 2018."]
["Trail-blazing community solar and battery project prepares to power up",null,null,"Solar PV Wafer Weekly Spot Price "]
["One Step Off The Grid",null,"2022-08-24","Item ","High ","Low ","Average ","AvgChg ","AvgChg% "]
["Japan and South Korea set solar records ¡V pv magazine International",null,null,"156 mm Multi Solar Wafer ",0.38,0.35,0.35599999999999998,-3.0000000000000001E-3,-8.3999999999999995E-3]
["PV Magazine",null,"2022-08-24","156 mm High Eff Multi Solar Wafer ",0.38,0.35499999999999998,0.36,-3.0000000000000001E-3,-8.3000000000000001E-3]
["REC Silicon and Mississippi Silicon agreement bolsters U.S. solar supply chain",null,null,"166mm Mono Solar Wafer ",0.83,0.8,0.81299999999999994,-6.0000000000000001E-3,-7.3000000000000001E-3]
["PV Magazine",null,"2022-08-24","182mm Mono Solar Wafer ",0.995,0.96499999999999997,0.97799999999999998,-8.0000000000000002E-3,-8.0999999999999996E-3]
["Solar farms make our future brighter -- Cory Neeley",null,null,"158.75 / 161.75mm Mono Wafer ",0.8,0.78,0.78400000000000003,-6.0000000000000001E-3,-7.6E-3]
["Madison.com",null,"2022-08-24","161.7+/163.75mm Mono Wafer ",0.84,0.80500000000000005,0.81299999999999994,-6.0000000000000001E-3,-7.3000000000000001E-3]
["Project Finance Brief: Sonnedix Completes Acquisition of 118 MW Solar Projects",null,null,"210mm Mono Wafer","Visit here for more detail wafer price information"]
["Mercom India",null,"2022-08-24","225 mm Mono Wafer","Visit here for more detail"]
["As Germany struggles in energy crisis, more turn to solar to help power homes",null,null,"Unit: USD ","more",null,"Last Update: 2022-08-24"]
["WUWF",null,"2022-08-24","Wafer Prices In China: The Prices are surveyed by CNY term with Tax and then shown in USD term without 13% of VAT after April 1, 2019, 16% of VAT after May 1, 2018 and 17% of VAT before May 1, 2018."]
["How Can We Increase the Use of Renewable Energy?",null,null,"Solar PV Cell Weekly Spot Price "]
["Blue and Green Tomorrow",null,"2022-08-24","Item ","High ","Low ","Average ","AvgChg ","AvgChg % "]
["Panasonic launches new warranty package for solar and battery storage",null,null,"Multi Cell Price ",0.14000000000000001,0.11,0.11799999999999999,0,0]
["pv magazine USA",null,"2022-08-24","Poly PERC Cell ",0.155,0.14000000000000001,0.14399999999999999,0,0]
["Why Solar Energy Stocks Have a Ton of Growth Potential",null,null,"Mono PERC Cell ",0.19,0.16500000000000001,0.16900000000000001,1E-3,6.0000000000000001E-3]
["The Motley Fool",null,"2022-08-24","China Mono PERC Cell ",0.17499999999999999,0.16500000000000001,0.16900000000000001,1E-3,6.0000000000000001E-3]
["As Germany struggles in energy crisis, more turn to solar to help power homes | NPR",null,null,"158.75/161.75mm Mono PERC Cell ",0.19500000000000001,0.17499999999999999,0.17899999999999999,0,0]
["KCRW",null,"2022-08-24","166mm Mono PERC Cell ",0.17499999999999999,0.16500000000000001,0.16700000000000001,0,0]
["As Germany struggles in energy crisis, more turn to solar to help power homes ¡V Nation & World News",null,null,"182mm Mono PERC Cell ",0.19,0.16500000000000001,0.17,1E-3,5.8999999999999999E-3]
["WUFT",null,"2022-08-24","210mm Mono PERC Cell ",0.18,0.16500000000000001,0.16800000000000001,0,0]
["Chamber of Commerce holds ribbon cutting for solar panel project",null,null,"China Poly Cell Per Watt ","Visit here for more detail Cell price information"]
["WTAP",null,"2022-08-24","Non (TW or CN) Poly Cell Per Watt","Visit here for more detail Cell price information"]
["PGT Solar Solutions Is Spreading The Word About Changes To T...",null,null,"Unit: USD / Watt","more",null,"Last Update: 2022-08-24"]
["menafn",null,"2022-08-24","High Efficency Mono PERC Cell: The Prices are mainly represented to 9BB solar cells with 23.0%+ efficiency or 10+BB ones with 23.2%+ efficiency and less than 1.5% of CTM efficiency lost."]
["Lara Crigger Talks Clean Energy on TD Ameritrade",null,null,"Solar PV Module Weekly Spot Price "]
["ETF Database",null,"2022-08-24","Item ","High ","Low ","Average ","AvgChg ","AvgChg % "]
["Bolt, Orion-E to build solar plants in Brazil for about $630 million",null,null,"Poly Solar Module ",0.35,0.2,0.219,-1E-3,-4.4999999999999997E-3]
["WTVB",null,"2022-08-24","Poly Module in China ",0.23,0.21,0.217,-1E-3,-4.5999999999999999E-3]
["Edmonton building largest rooftop solar array",null,null,"Poly PERC Module ",0.38,0.22,0.23599999999999999,-2E-3,-8.3999999999999995E-3]
["REMI Network",null,"2022-08-24","Mono PERC Module ",0.38,0.24,0.254,-2E-3,-7.7999999999999996E-3]
["The Best Solar Lanterns for 2022",null,null,"158mm 410/415Wp PERC Module ",0.38,0.245,0.25800000000000001,-2E-3,-7.7000000000000002E-3]
["Bob Vila",null,"2022-08-24","166mm 445/450Wp PERC Module ",0.38500000000000001,0.23799999999999999,0.248,-2E-3,-8.0000000000000002E-3]
["G Capital commences operation of 309.28 KWp solar PV plant in Penang",null,null,"182mm 550/595Wp PERC Module ",0.38,0.245,0.255,-2E-3,-7.7999999999999996E-3]
["The Edge Markets",null,"2022-08-24","210mm 600/660Wp PERC Module ",0.38,0.24,0.254,-2E-3,-7.7999999999999996E-3]
["Qatar Announces New Solar Mega-projects - I24NEWS",null,null,"Mono PERC Module in China ",0.27,0.24,0.253,-2E-3,-7.7999999999999996E-3]
["i24NEWS",null,"2022-08-24","ThinFilm Solar Module ",0.31,0.23,0.23899999999999999,-1E-3,-4.1999999999999997E-3]
["Solar Panels on Southwest Virginia Schools Signal a Diversifying Economy",null,null,"US Multi Solar Module","Visit here for more detail module price information"]
["Appalachian Voices",null,"2022-08-24","Bifacial Mono PERC Solar Module","Visit here for more detail module price information"]
["Last Update: 2022-Aug- 24 14:00 (GMT+8)",null,null,"India Poly Module","Visit here for more detail module price information"]
[null,null,null,"Unit: USD / Watt ","more",null,"Last Update: 2022-08-24"]
[null,null,null,"All Spot Prices are Tax excluded and updated on Wednesday "]
["Price Methodology","Terms of Use","Privacy Policy ","About Us ","Contact Us ","Site Map"]
["Copyright © 2022 PVinsights.com All rights reserved"]

{"sheet":"pvinsights 17 09 22","index":78,"n_rows":60,"n_cols":13,"rows_kept":60,"cut":false,"hidden":false,"merged":[[5,0,5,2],[6,0,6,1],[7,0,7,2],[8,0,8,1],[9,0,9,2],[10,0,10,1],[11,0,11,2],[12,0,12,1],[13,0,13,2],[14,0,14,1],[15,0,15,2],[16,0,16,1],[17,0,17,2],[18,0,18,1],[19,0,19,2],[20,0,20,1],[21,0,21,2],[22,0,22,1],[23,0,23,2],[24,0,24,1],[25,0,25,2],[26,0,26,1],[27,0,27,2],[28,0,28,1],[29,0,29,2],[30,0,30,1],[31,0,31,2],[32,0,32,1],[33,0,33,2],[34,0,34,1],[35,0,35,2],[36,0,36,1],[37,0,37,2],[38,0,38,1],[39,0,39,2],[40,0,40,1],[49,0,49,2],[50,0,50,1],[51,0,51,2],[52,0,52,1],[41,0,41,2],[42,0,42,1],[43,0,43,2],[44,0,44,1],[45,0,45,2],[46,0,46,1],[55,0,55,2],[3,0,4,2],[8,4,8,7],[9,4,9,7],[10,3,10,5],[10,7,10,9],[23,4,23,8],[24,4,24,8],[47,0,47,2],[48,0,48,1],[25,4,25,5],[25,6,25,8],[37,4,37,8],[38,4,38,8],[39,4,39,5],[39,6,39,8],[56,0,56,2],[57,0,57,2],[53,4,53,8],[54,4,54,8],[55,4,55,8],[56,4,56,5],[56,6,56,8],[57,3,57,9],[53,0,53,2],[54,0,54,1]]}
[null,"Login","Register","Member Center"]
[]
["Home","Why Solar","Retailer Price","Contract Price","Inverter Price","Weekly Snapshots","Price Download","Monthly Insights","Weekly Forecast","Price Forecast","Premier Insights","Premier Data","Advertising"]
["Latest Solar PV News",null,null,"PV PolySilicon Weekly Spot Price"]
[null,null,null,"Item ","High ","Low ","Average ","AvgChg ","AvgChg% ","AvgCNY "]
["US ratifies International Solar Alliance Agreement",null,null,"PV Grade PolySilicon (9N/9N+) ",40.200000000000003,27.2,37.07,-0.32,-8.6E-3,290.5]
["The News Mill",null,"2022-09-17","N Mono PolySilicon in China (12N/12N+) ",40.200000000000003,39.6,39.78,-0.28999999999999998,-7.1999999999999998E-3,311.7]
["Is Utah Are rooftop solar panels being blocked? Robert Gehrke There are many benefits to using electrical power ...",null,null,"N Mono PolySilicon Out of China (12N/12N+) ",40.200000000000003,40,40.15,-0.3,-7.4000000000000003E-3,314.60000000000002]
["HuntDailyNews.in",null,"2022-09-17","PV Grade PolySilicon in China (9N/9N+) ","Visit here for more Poly-Si price",null,null,null,"%"]
["Enhanced FarmGen Solar Pv Programme offers farm families even more opportunities to save",null,null,"PV Grade PolySilicon Outside China (9N/9N+) ","Visit here for more Poly-Si price",null,null,null,"%"]
["Kilkenny People",null,"2022-09-17","Unit: USD/Kg, USD/CNY : 6.935, China VAT : 13%",null,null,"more","Last Update: 2022-09-14"]
["State regulators renew backing of solar program",null,null,"Definition of N Mono Grade: Polysilicon chunk or Chip Polysiliocn with purity can be directly produced to N-Type Monocrystalline Ingots, mainly supplied by Wacker, Hemlock, and Tokuyama"]
["The West Volusia Beacon",null,"2022-09-17","Definition of Mono Grade: Polysilicon chunk or Chip Polysiliocn with purity can be directly produced to P-Type Monocrystalline Ingots, mainly supplied by Korean and Chinese Producers"]
["Yale University: New materials for the semiconductor industry",null,null,"Definition of PV Grade: Polysilicon chunk with high purity can be directly produced to Solar PV Ingots / Bricks"]
["India Education Diary",null,"2022-09-17","PolySilicon Price In China: The Price is surveyed by RMB term with Tax and then shown in USD term without 13% of VAT after Apri 1, 2019, 16% of VAT after May 1, 2018, or 17% of VAT before May 1, 2018."]
["Fresh plans submitted for 200-acre solar farm in south Warwickshire",null,null,"Solar PV Wafer Weekly Spot Price "]
["Stratford Herald",null,"2022-09-17","Item ","High ","Low ","Average ","AvgChg ","AvgChg% "]
["Shell¡¦s New CEO Led Its Renewables Division. Will This Make a Difference?",null,null,"156 mm Multi Solar Wafer ",0.375,0.34499999999999997,0.34799999999999998,-1E-3,-2.8999999999999998E-3]
["EcoWatch",null,"2022-09-17","156 mm High Eff Multi Solar Wafer ",0.375,0.34499999999999997,0.35199999999999998,-1E-3,-2.8E-3]
["Davao Oriental gov¡¦t to invest in solar power| SUNSTAR",null,null,"166mm Mono Solar Wafer ",0.82,0.78,0.79600000000000004,-2E-3,-2.5000000000000001E-3]
["SUNSTAR",null,"2022-09-17","182mm Mono Solar Wafer ",0.98499999999999999,0.94499999999999995,0.95799999999999996,-1E-3,-1E-3]
["Powering Energy Independence",null,null,"158.75 / 161.75mm Mono Wafer ",0.79,0.76500000000000001,0.76900000000000002,-1E-3,-1.2999999999999999E-3]
["CleanTechnica",null,"2022-09-17","161.7+/163.75mm Mono Wafer ",0.82499999999999996,0.79,0.79500000000000004,-1E-3,-1.2999999999999999E-3]
["Making a small income from solar power in the home",null,null,"210mm Mono Wafer","Visit here for more detail wafer price information"]
["RTE",null,"2022-09-17","225 mm Mono Wafer","Visit here for more detail"]
["First look at planned new solar facility | News Sun | kpcnews.com",null,null,"Unit: USD ","more",null,"Last Update: 2022-09-14"]
["KPCNews",null,"2022-09-17","Wafer Prices In China: The Prices are surveyed by CNY term with Tax and then shown in USD term without 13% of VAT after April 1, 2019, 16% of VAT after May 1, 2018 and 17% of VAT before May 1, 2018."]
["Leading English newspaper in Jammu and Kashmir",null,null,"Solar PV Cell Weekly Spot Price "]
["Rising Kashmir",null,"2022-09-17","Item ","High ","Low ","Average ","AvgChg ","AvgChg % "]
["Letter: Energy solutions",null,null,"Multi Cell Price ",0.14000000000000001,0.11,0.11600000000000001,0,0]
["Hampshire Chronicle",null,"2022-09-17","Poly PERC Cell ",0.155,0.14000000000000001,0.14299999999999999,0,0]
["US climate goals are achievable ¡X if we can get the permits",null,null,"Mono PERC Cell ",0.185,0.16,0.16600000000000001,0,0]
["The Hill",null,"2022-09-17","China Mono PERC Cell ",0.17299999999999999,0.16,0.16600000000000001,0,0]
["Solar Partnerships ¡¥Brighten¡¦ Outlook for Mortgage Loan Companies",null,null,"158.75/161.75mm Mono PERC Cell ",0.19,0.17,0.17399999999999999,0,0]
["Grit Daily",null,"2022-09-17","166mm Mono PERC Cell ",0.17,0.16,0.16400000000000001,0,0]
["How the World Could Save $12 Trillion by 2050",null,null,"182mm Mono PERC Cell ",0.185,0.16500000000000001,0.16700000000000001,0,0]
["Impakter",null,"2022-09-17","210mm Mono PERC Cell ",0.18,0.16,0.16600000000000001,0,0]
["Turning the EV dream into reality in the Upper Midwest",null,null,"China Poly Cell Per Watt ","Visit here for more detail Cell price information"]
["Mitchell Daily Republic",null,"2022-09-17","Non (TW or CN) Poly Cell Per Watt","Visit here for more detail Cell price information"]
["Energy Department Recognizes Inclusive Solar Outreach Award Winners",null,null,"Unit: USD / Watt","more",null,"Last Update: 2022-09-14"]
["Department of Energy",null,"2022-09-17","High Efficency Mono PERC Cell: The Prices are mainly represented to 9BB solar cells with 23.0%+ efficiency or 10+BB ones with 23.2%+ efficiency and less than 1.5% of CTM efficiency lost."]
["California cities and counties now required to switch to instant, online residential solar permitting by 2024",null,null,"Solar PV Module Weekly Spot Price "]
["Solar Power World",null,"2022-09-17","Item ","High ","Low ","Average ","AvgChg ","AvgChg % "]
["DFCCIL, SECI holds discussions to setup solar energy projects",null,null,"Poly Solar Module ",0.35,0.2,0.214,-1E-3,-4.7000000000000002E-3]
["Millennium Post",null,"2022-09-17","Poly Module in China ",0.23,0.2,0.21199999999999999,-1E-3,-4.7000000000000002E-3]
["Schools across the nation are switching to solar energy",null,null,"Poly PERC Module ",0.38,0.215,0.23,-1E-3,-4.3E-3]
["WHSV",null,"2022-09-17","Mono PERC Module ",0.38,0.23499999999999999,0.246,-1E-3,-4.0000000000000001E-3]
["Best of Inland Empire 2022: Best Solar / Alternative Energy Company",null,null,"158mm 410/415Wp PERC Module ",0.38,0.24,0.25,-1E-3,-4.0000000000000001E-3]
["The Press-Enterprise",null,"2022-09-17","166mm 445/450Wp PERC Module ",0.38500000000000001,0.23499999999999999,0.24099999999999999,-1E-3,-4.1000000000000003E-3]
["In Tripura, solar replacing traditional power, says minister",null,null,"182mm 550/595Wp PERC Module ",0.38,0.23499999999999999,0.247,-1E-3,-4.0000000000000001E-3]
["EastMojo",null,"2022-09-17","210mm 600/660Wp PERC Module ",0.38,0.23499999999999999,0.246,-1E-3,-4.0000000000000001E-3]
["Slashing Commercial Emissions through Microgrids as a Service",null,null,"Mono PERC Module in China ",0.26,0.23499999999999999,0.246,0,0]
["CleanTechnica",null,"2022-09-17","ThinFilm Solar Module ",0.31,0.23,0.23599999999999999,0,0]
["Giant Solar Farm Project in Eastern Kansas is Pitting Neighbor Against Neighbor",null,null,"US Multi Solar Module","Visit here for more detail module price information"]
["Kansas Public Radio",null,"2022-09-17","Bifacial Mono PERC Solar Module","Visit here for more detail module price information"]
["Last Update: 2022-Sep- 17 20:03 (GMT+8)",null,null,"India Poly Module","Visit here for more detail module price information"]
[null,null,null,"Unit: USD / Watt ","more",null,"Last Update: 2022-09-14"]
[null,null,null,"All Spot Prices are Tax excluded and updated on Wednesday "]
["Price Methodology","Terms of Use","Privacy Policy ","About Us ","Contact Us ","Site Map"]
["Copyright © 2022 PVinsights.com All rights reserved"]